-- Data for Name: clients; Type: TABLE DATA; Schema: public; Owner: postgres
--

COPY public.clients (id, full_name, email, phone, created_at) FROM stdin;
\.


--
-- Data for Name: conversation_events; Type: TABLE DATA; Schema: public; Owner: postgres
--

COPY public.conversation_events (id, conversation_id, actor_type, actor_id, event_type, metadata, created_at) FROM stdin;
1	1	system	\N	created	{"booking_code": "HV-TRANSPARENT-001"}	2026-01-03 17:47:17.069618+03
2	1	system	\N	created	{"booking_code": "HV-TRANSPARENT-001"}	2026-01-03 17:47:17.072735+03
3	1	host	310	flagged	{"reason": "Pre-arrival double check"}	2026-01-03 17:47:17.069618+03
4	1	host	310	flagged	{"reason": "Pre-arrival double check"}	2026-01-03 17:47:17.072735+03
5	1	system	\N	created	{"booking_code": "HV-TRANSPARENT-001"}	2026-01-03 17:47:17.074647+03
8	1	host	310	flagged	{"reason": "Pre-arrival double check"}	2026-01-03 17:47:17.074647+03
6	1	system	\N	created	{"booking_code": "HV-TRANSPARENT-001"}	2026-01-03 17:47:17.075083+03
9	1	host	310	flagged	{"reason": "Pre-arrival double check"}	2026-01-03 17:47:17.075083+03
7	1	system	\N	created	{"booking_code": "HV-TRANSPARENT-001"}	2026-01-03 17:47:17.075939+03
10	1	host	310	flagged	{"reason": "Pre-arrival double check"}	2026-01-03 17:47:17.075939+03
11	3	system	\N	created	{"booking_code": "HVL-I531R9"}	2026-01-10 01:44:02.585278+03
12	6	system	\N	created	{"booking_code": "HVL-J55ZHF"}	2026-01-10 18:26:40.427806+03
13	9	system	\N	created	{"booking_code": "HV-DEMO-REJECTED-MKAOFJND"}	2026-01-12 09:56:51.666997+03
14	10	system	\N	created	{"booking_code": "HV-DEMO-REFUNDED-MKAOFJND"}	2026-01-12 09:56:51.725773+03
15	11	system	\N	created	{"booking_code": "HVL-O4L0OX"}	2026-01-12 09:56:51.733554+03
16	12	system	\N	created	{"booking_code": "HV-DEMO-REQUEST-MKAOFJND"}	2026-01-12 09:56:51.738346+03
17	13	system	\N	created	{"booking_code": "HV-DEMO-APPROVED-MKAOFJND"}	2026-01-12 09:56:51.745287+03
18	14	system	\N	created	{"booking_code": "HVL-NCLAJJ"}	2026-01-12 09:56:51.752684+03
19	15	system	\N	created	{"booking_code": "HVL-Q6OT1D"}	2026-01-12 09:56:51.759312+03
20	16	system	\N	created	{"booking_code": "HVL-7DU3XG"}	2026-01-12 09:56:51.767268+03
21	17	system	\N	created	{"booking_code": "HVL-KRVPFV"}	2026-01-29 21:24:26.109431+03
22	18	system	\N	created	{"booking_code": "HVL-ML66JH"}	2026-01-29 21:24:26.493004+03
23	19	system	\N	created	{"booking_code": "HVL-493A8C"}	2026-01-29 21:24:26.50019+03
24	6	guest	4	message_sent	{"preview": "sdsbhmdbsmjdna,j"}	2026-01-29 21:24:41.462292+03
\.


--
-- Data for Name: conversations; Type: TABLE DATA; Schema: public; Owner: postgres
--

COPY public.conversations (id, booking_id, host_id, customer_id, created_at, updated_at, property_id, guest_id, last_message_at, last_message_preview, host_unread_count, guest_unread_count, admin_flagged, host_muted, guest_muted) FROM stdin;
1	14	310	\N	2026-01-03 17:47:17.034482+03	2026-01-09 14:49:09.628774+03	128	4	2026-01-03 17:46:17.048+03	Looking forward to hosting you! Please share arrival time.	0	0	t	f	f
3	15	256	\N	2026-01-10 01:44:02.411138+03	2026-01-10 01:44:02.411138+03	74	4	\N	\N	0	0	f	f	f
9	22	310	\N	2026-01-12 09:56:51.65262+03	2026-01-12 09:56:51.65262+03	128	4	\N	\N	0	0	f	f	f
10	23	310	\N	2026-01-12 09:56:51.723641+03	2026-01-12 09:56:51.723641+03	128	4	\N	\N	0	0	f	f	f
11	19	266	\N	2026-01-12 09:56:51.731284+03	2026-01-12 09:56:51.731284+03	84	4	\N	\N	0	0	f	f	f
12	20	310	\N	2026-01-12 09:56:51.736559+03	2026-01-12 09:56:51.736559+03	128	4	\N	\N	0	0	f	f	f
13	21	310	\N	2026-01-12 09:56:51.741513+03	2026-01-12 09:56:51.741513+03	128	4	\N	\N	0	0	f	f	f
14	24	266	\N	2026-01-12 09:56:51.750274+03	2026-01-12 09:56:51.750274+03	84	4	\N	\N	0	0	f	f	f
15	25	266	\N	2026-01-12 09:56:51.757339+03	2026-01-12 09:56:51.757339+03	84	4	\N	\N	0	0	f	f	f
16	26	266	\N	2026-01-12 09:56:51.765864+03	2026-01-12 09:56:51.765864+03	84	4	\N	\N	0	0	f	f	f
19	33	268	\N	2026-01-29 21:24:26.497071+03	2026-01-29 21:24:26.497071+03	86	4	\N	\N	0	0	f	f	f
18	28	266	\N	2026-01-29 21:24:26.48984+03	2026-01-29 21:24:29.102537+03	84	4	\N	\N	0	0	f	f	f
17	27	266	\N	2026-01-29 21:24:25.705018+03	2026-01-29 21:24:30.230458+03	84	4	\N	\N	0	0	f	f	f
6	18	310	\N	2026-01-10 18:26:40.345496+03	2026-01-29 21:24:41.560336+03	128	4	2026-01-29 21:24:41.462292+03	sdsbhmdbsmjdna,j	1	0	f	f	f
\.


--
-- Data for Name: countries; Type: TABLE DATA; Schema: public; Owner: postgres
--

COPY public.countries (id, name, code, created_at, updated_at) FROM stdin;
2	United States	US	2025-12-29 05:51:17.946219+03	2025-12-29 05:51:17.946219+03
3	United Kingdom	GB	2025-12-29 05:51:17.946219+03	2025-12-29 05:51:17.946219+03
4	Canada	CA	2025-12-29 05:51:17.946219+03	2025-12-29 05:51:17.946219+03
5	Australia	AU	2025-12-29 05:51:17.946219+03	2025-12-29 05:51:17.946219+03
6	Germany	DE	2025-12-29 05:51:17.946219+03	2025-12-29 05:51:17.946219+03
7	France	FR	2025-12-29 05:51:17.946219+03	2025-12-29 05:51:17.946219+03
8	Italy	IT	2025-12-29 05:51:17.946219+03	2025-12-29 05:51:17.946219+03
9	Spain	ES	2025-12-29 05:51:17.946219+03	2025-12-29 05:51:17.946219+03
10	Brazil	BR	2025-12-29 05:51:17.946219+03	2025-12-29 05:51:17.946219+03
11	Mexico	MX	2025-12-29 05:51:17.946219+03	2025-12-29 05:51:17.946219+03
12	Japan	JP	2025-12-29 05:51:17.946219+03	2025-12-29 05:51:17.946219+03
13	China	CN	2025-12-29 05:51:17.946219+03	2025-12-29 05:51:17.946219+03
14	Singapore	SG	2025-12-29 05:51:17.946219+03	2025-12-29 05:51:17.946219+03
15	United Arab Emirates	AE	2025-12-29 05:51:17.946219+03	2025-12-29 05:51:17.946219+03
16	South Africa	ZA	2025-12-29 05:51:17.946219+03	2025-12-29 05:51:17.946219+03
17	Kenya	KE	2025-12-29 05:51:17.946219+03	2025-12-29 05:51:17.946219+03
18	Indonesia	ID	2025-12-29 05:51:17.946219+03	2025-12-29 05:51:17.946219+03
19	Thailand	TH	2025-12-29 05:51:17.946219+03	2025-12-29 05:51:17.946219+03
20	Turkey	TR	2025-12-29 05:51:17.946219+03	2025-12-29 05:51:17.946219+03
21	British Indian Ocean Territory	IO	2025-12-30 21:47:17.508114+03	2025-12-30 21:47:17.508114+03
1	India	IN	2025-12-29 05:51:17.946219+03	2025-12-29 05:51:17.946219+03
\.


--
-- Data for Name: coupon_property_scope; Type: TABLE DATA; Schema: public; Owner: postgres
--

COPY public.coupon_property_scope (id, coupon_id, property_id, city, state, country) FROM stdin;
\.


--
-- Data for Name: coupons; Type: TABLE DATA; Schema: public; Owner: postgres
--

COPY public.coupons (id, code, discount_amount, discount_percent, valid_from, valid_to, active, created_at, title, description, "discountType", "discountValue", "minSpend", "maxDiscount", currency, "usageLimit", "usageCount", "startsAt", "endsAt", "isActive", "appliesToCabs", "appliesToPackages", "vehicleCategoryId", "transportPackageId", "createdAt", "updatedAt") FROM stdin;
1	CABS10	\N	\N	\N	\N	t	2026-01-30 19:36:26.059023+03	10% off on cabs	\N	PERCENT	10.00	1500.00	500.00	INR	\N	0	\N	\N	t	t	f	\N	\N	2026-01-30 16:36:26.057	2026-02-01 18:52:18.126
2	OUTSTATION200	\N	\N	\N	\N	t	2026-01-30 19:36:26.134482+03	Flat INR 200 off	\N	FLAT	200.00	2000.00	\N	INR	\N	0	\N	\N	t	t	f	\N	\N	2026-01-30 16:36:26.133	2026-02-01 18:52:18.13
3	PACKAGE5	\N	\N	\N	\N	t	2026-01-30 19:36:26.137412+03	5% off on packages	\N	PERCENT	5.00	5000.00	\N	INR	\N	0	\N	\N	t	f	t	\N	7c3cb683-a1b8-4d5c-9902-310d57e42054	2026-01-30 16:36:26.136	2026-02-01 18:52:18.133
4	SEDAN8	\N	\N	\N	\N	t	2026-01-30 19:36:26.139957+03	Sedan special 8% off	\N	PERCENT	8.00	1800.00	\N	INR	\N	0	\N	\N	t	t	f	2fc930a9-cb52-4813-b0a9-5dff78121d1c	\N	2026-01-30 16:36:26.139	2026-02-01 18:52:18.136
\.


--
-- Data for Name: customer_reviews; Type: TABLE DATA; Schema: public; Owner: postgres
--

COPY public.customer_reviews (id, customer_id, booking_id, rating, comment, status, created_at, updated_at) FROM stdin;
\.


--
-- Data for Name: daily_rate_overrides; Type: TABLE DATA; Schema: public; Owner: postgres
--

COPY public.daily_rate_overrides (id, property_id, rate_plan_id, date, nightly_rate, min_nights, note) FROM stdin;
\.


--
-- Data for Name: enquiry_leads; Type: TABLE DATA; Schema: public; Owner: postgres
--

COPY public.enquiry_leads (id, "enquiryType", status, "fullName", phone, email, pax, "travelDate", budget, notes, consent, "vehicleId", "transportPackageId", "transportPackageVariantId", "createdAt", "updatedAt", "enquiryDate", "tripStartDate", "tripEndDate", "tripType", "pickupLocationId", "dropLocationId", "pickupDate", "pickupTime", "returnDate", passengers, "routeId", "lastFollowUpAt", "nextFollowUpAt", "assignedToAdminId", "customerName", "estimatedTotal", "pricingBreakdownJson", source, stage, "bookingType") FROM stdin;
\.


--
-- Data for Name: faqs; Type: TABLE DATA; Schema: public; Owner: postgres
--

COPY public.faqs (id, question, answer, status, sort_order, created_at, updated_at) FROM stdin;
\.


--
-- Data for Name: fees; Type: TABLE DATA; Schema: public; Owner: postgres
--

COPY public.fees (id, property_id, name, fee_type, amount, taxable, created_at) FROM stdin;
\.


--
-- Data for Name: footer_configs; Type: TABLE DATA; Schema: public; Owner: postgres
--

COPY public.footer_configs (id, sections, contact, socials, "copyrightText", "createdAt", "updatedAt", "newsletterHeading", "newsletterSubheading", "newsletterButtonLabel", "newsletterPlaceholder", "newsletterEyebrow", places) FROM stdin;
main	[{"links": [{"url": "/about", "label": "About"}, {"url": "/careers", "label": "Careers"}], "title": "Company"}, {"links": [{"url": "/help", "label": "Help center"}, {"url": "/contact", "label": "Contact"}], "title": "Support"}]	{"email": "support@homevilas.com", "phone": "+91-00000-00000", "address": "Homevilas, India"}	{"x": "", "youtube": "", "facebook": "", "linkedin": "", "instagram": ""}	© Homevilas	2026-02-01 14:06:26.116	2026-02-01 18:52:18.22	Get the latest curated journeys	Insider access to new packages, seasonal offers, and private retreats.	Subscribe	Enter your email	GET THE LATEST CURATED JOURNEYS	\N
\.


--
-- Data for Name: guest_trips; Type: TABLE DATA; Schema: public; Owner: postgres
--

COPY public.guest_trips (id, title, caption, location, "tripDate", "imageUrl", "sortOrder", "isActive", "createdAt", "updatedAt") FROM stdin;
d5c85303-59a8-493d-bece-470673e14f03	Golden Triangle Getaway	Delhi - Agra - Jaipur	North India	2025-10-10	https://picsum.photos/seed/cabs-guest-1/1200/900	1	t	2026-02-01 14:53:27.002	2026-02-01 14:53:27.002
8acda290-712e-439f-80f5-1f5eeecf05f3	Goa Coastal Trails	Beach + heritage drives	Goa	2025-11-18	https://picsum.photos/seed/cabs-guest-2/1200/900	2	t	2026-02-01 14:53:27.002	2026-02-01 14:53:27.002
3819dfb7-60c1-42d4-9b9d-849759e65055	Mumbai to Lonavala	Weekend escapes with friends	Maharashtra	2025-12-05	https://picsum.photos/seed/cabs-guest-3/1200/900	3	t	2026-02-01 14:53:27.002	2026-02-01 14:53:27.002
0903c2e5-3989-451d-89bb-70b7a65158e5	Rajasthan Royal Circuit	Jaipur - Jodhpur - Udaipur	Rajasthan	2025-12-18	https://picsum.photos/seed/cabs-guest-4/1200/900	4	t	2026-02-01 16:11:37.486	2026-02-01 16:11:37.486
2a208a33-71cf-40e0-b058-c8684903b82a	Himalayan Drive	Chandigarh - Shimla	Himachal	2026-01-06	https://picsum.photos/seed/cabs-guest-5/1200/900	5	t	2026-02-01 16:11:37.486	2026-02-01 16:11:37.486
efb6f63a-2f0e-4b50-9b8e-5ecf11a34b48	Punjab Heritage Trail	Delhi - Amritsar	Punjab	2026-01-15	https://picsum.photos/seed/cabs-guest-6/1200/900	6	t	2026-02-01 16:11:37.486	2026-02-01 16:11:37.486
c838b1b4-fabd-4537-939b-2b3c05d2cb06	Konkan Coastal Escape	Mumbai - Goa	Konkan	2026-01-24	https://picsum.photos/seed/cabs-guest-7/1200/900	7	t	2026-02-01 16:11:37.486	2026-02-01 16:11:37.486
9de23e9e-5421-4101-b49a-ffb2481b0da1	Weekend in Pune	Mumbai - Pune	Maharashtra	2026-02-02	https://picsum.photos/seed/cabs-guest-8/1200/900	8	t	2026-02-01 16:11:37.486	2026-02-01 16:11:37.486
af45ccb8-0a9b-40d8-b9fa-5400b3d146d4	Temple Circuit	Delhi - Mathura - Vrindavan	Uttar Pradesh	2026-02-12	https://picsum.photos/seed/cabs-guest-9/1200/900	9	t	2026-02-01 16:11:37.486	2026-02-01 16:11:37.486
ace89487-b096-4702-b173-d1b82a16c1dc	Agra Sunrise Run	Early morning Taj tour	Agra	2026-02-18	https://picsum.photos/seed/cabs-guest-10/1200/900	10	t	2026-02-01 16:11:37.486	2026-02-01 16:11:37.486
\.


--
-- Data for Name: host_bank_accounts; Type: TABLE DATA; Schema: public; Owner: postgres
--

COPY public.host_bank_accounts (id, host_id, account_holder_name, bank_name, account_number_masked, account_number_encrypted, ifsc, status, rejection_reason, created_at, updated_at) FROM stdin;
1	310	santosh singh	HDFC Bank	****8423	{"alg":"aes-256-gcm","iv":"v1BNKhI/Q/6GkOsr","tag":"qBcq3M4GCymx2AkqoT9QTA==","data":"+ORxWpvAr8opL30x3sR46Y48"}	hdfc25614b	VERIFIED	\N	2026-01-12 02:57:35.399816+03	2026-01-29 21:37:43.59709+03
\.


--
-- Data for Name: host_earnings_ledger; Type: TABLE DATA; Schema: public; Owner: postgres
--

COPY public.host_earnings_ledger (id, host_id, property_id, booking_id, gross_amount, commission_amount, fees_amount, tax_amount, net_amount, payout_status, payout_id, created_at, updated_at, currency, platform_commission, taxes, fees, refunds, adjustments, net_earnings, earning_status, available_at) FROM stdin;
1	310	128	13	15000.00	1500.00	0.00	500.00	13000.00	pending	1	2026-01-01 20:03:29.997881+03	2026-01-01 20:03:29.997881+03	INR	0.00	0.00	0.00	0.00	0.00	0.00	pending	\N
2	310	128	14	42000.00	0.00	0.00	0.00	0.00	pending	8	2026-01-03 11:56:14.224518+03	2026-01-03 11:56:14.224518+03	INR	4200.00	4500.00	1500.00	0.00	0.00	37800.00	available	2026-01-13 00:00:00+03
4	310	128	34	18000.00	0.00	0.00	0.00	0.00	pending	\N	2026-01-20 17:51:06.79663+03	2026-01-20 17:51:06.79663+03	INR	1800.00	1200.00	800.00	0.00	0.00	14200.00	available	2026-01-23 00:00:00+03
\.


--
-- Data for Name: host_kyc; Type: TABLE DATA; Schema: public; Owner: postgres
--

COPY public.host_kyc (id, host_id, status, notes, created_at, updated_at) FROM stdin;
\.


--
-- Data for Name: host_kyc_documents; Type: TABLE DATA; Schema: public; Owner: postgres
--

COPY public.host_kyc_documents (id, host_id, document_type, document_number, file_url, status, reviewer_admin_id, review_notes, created_at, updated_at, doc_type, doc_number, admin_comment, uploaded_at, reviewed_at) FROM stdin;
2	308	ID_FRONT	profile	/uploads/hosts/308/kyc/1767555742208-754134-1466-11.jpg	PENDING	\N	\N	2026-01-04 22:42:22.291622+03	2026-01-04 22:42:22.291622+03	ID_FRONT	profile	\N	2026-01-04 22:42:22.291622+03	\N
3	310	ID_FRONT	img	/uploads/hosts/310/kyc/1768172930063-518684-2420-7.jpg	PENDING	\N	\N	2026-01-12 02:08:50.193836+03	2026-01-12 02:08:50.193836+03	ID_FRONT	img	\N	2026-01-12 02:08:50.193836+03	\N
\.


--
-- Data for Name: host_kyc_submissions; Type: TABLE DATA; Schema: public; Owner: postgres
--

COPY public.host_kyc_submissions (id, host_id, id_type, id_number, id_front_file, id_back_file, selfie_file, address_proof_file, bank_proof_file, status, rejection_reason, submitted_at, reviewed_at, created_at, updated_at) FROM stdin;
\.


--
-- Data for Name: host_payout_accounts; Type: TABLE DATA; Schema: public; Owner: postgres
--

COPY public.host_payout_accounts (id, host_id, method, account_name, account_number_or_mobile, bank_name, ifsc_swift, country, is_default, created_at, updated_at, payout_method, account_number, branch, currency, mobile_money_provider, mobile_money_number, paypal_email, is_verified, verification_status, rejection_reason) FROM stdin;
1378	310	BANK	Demo Host	1234567890	Demo Bank	DEMO0001	India	t	2026-01-20 17:51:06.520472+03	2026-01-20 17:51:06.520472+03	bank	1234567890	\N	INR	\N	\N	\N	t	verified	\N
\.


--
-- Data for Name: host_payout_events; Type: TABLE DATA; Schema: public; Owner: postgres
--

COPY public.host_payout_events (id, payout_id, actor_type, actor_id, event_type, metadata, created_at) FROM stdin;
1	7	admin	1	status_changed	{"to": "paid", "from": "pending"}	2026-01-11 23:26:36.383241+03
\.


--
-- Data for Name: host_stripe_accounts; Type: TABLE DATA; Schema: public; Owner: postgres
--

COPY public.host_stripe_accounts (id, host_id, stripe_account_id, charges_enabled, payouts_enabled, created_at) FROM stdin;
\.


--
-- Data for Name: invoices; Type: TABLE DATA; Schema: public; Owner: postgres
--

COPY public.invoices (id, invoice_number, invoice_type, booking_id, guest_id, host_id, currency, issued_at, status, billed_to_json, issued_by_json, stay_details_json, payment_info_json, line_items_json, totals_json, payout_info_json, notes, pdf_file_name, pdf_file_path, pdf_url, created_at, updated_at) FROM stdin;
1	HV-GST-2025-000003	GUEST_RECEIPT	33	4	268	INR	2026-01-19 20:37:11.912+03	ISSUED	{"name": "jeetu", "email": "jeetu@gmail.com", "gstin": "", "phone": "8897254611", "address": ""}	{"name": "Homevilas Luxury Stays & Tours", "email": "support@homevilas.com", "gstin": "", "phone": "+91-00000-00000", "address": "Homevilas, India", "logoPath": "/public/homevilas-logo.png"}	{"guests": 2, "nights": 2, "checkIn": "2026-02-23T21:00:00.000Z", "checkOut": "2026-02-25T21:00:00.000Z", "bookingCode": "HVL-493A8C", "propertyName": "Mumbai Luxury Villa 13", "propertyAddress": "Bandra, Mumbai, Maharashtra, Bandra, Mumbai, Maharashtra, India", "propertyLocation": "Mumbai, Maharashtra, India"}	{"paidAt": "2026-01-19T16:44:05.849Z", "status": "paid", "provider": "razorpay", "transactionId": "DUMMY-1768841045687"}	[{"amount": 25000, "quantity": 2, "unitPrice": 12500, "description": "Accommodation (2 nights)"}, {"amount": 3000, "quantity": 1, "unitPrice": 3000, "description": "Taxes"}]	{"discount": 0, "subtotal": 25000, "taxTotal": 3000, "amountPaid": 28000, "balanceDue": 0, "grandTotal": 28000}	{}	\N	HV-GST-2025-000003.pdf	F:\\homevilasProject\\homev\\homev\\backend\\uploads\\invoices\\HV-GST-2025-000003.pdf	/uploads/invoices/HV-GST-2025-000003.pdf	2026-01-19 20:37:11.919005+03	2026-01-20 00:42:38.963157+03
2	HV-HST-2025-000001	HOST_SETTLEMENT	33	4	268	INR	2026-01-19 20:37:21.773+03	ISSUED	{"name": "Kabir Iyer", "email": "demo.host.13@homevilas.test", "gstin": "", "phone": "9811000012", "address": ""}	{"name": "Homevilas Luxury Stays & Tours", "email": "support@homevilas.com", "gstin": "", "phone": "+91-00000-00000", "address": "Homevilas, India", "logoPath": "/public/homevilas-logo.png"}	{"guests": 2, "nights": 2, "checkIn": "2026-02-23T21:00:00.000Z", "checkOut": "2026-02-25T21:00:00.000Z", "bookingCode": "HVL-493A8C", "propertyName": "Mumbai Luxury Villa 13", "propertyAddress": "Bandra, Mumbai, Maharashtra, Bandra, Mumbai, Maharashtra, India", "propertyLocation": "Mumbai, Maharashtra, India"}	{"paidAt": "2026-01-19T16:44:05.849Z", "status": "paid", "provider": "razorpay", "transactionId": "DUMMY-1768841045687"}	[{"amount": 25000, "quantity": 1, "unitPrice": 25000, "description": "Gross booking value"}, {"amount": -3612.5, "quantity": 1, "unitPrice": -3612.5, "description": "Homevilas commission"}, {"amount": -500, "quantity": 1, "unitPrice": -500, "description": "Gateway fee"}]	{"discount": 0, "subtotal": 25000, "taxTotal": 0, "amountPaid": 20887.5, "balanceDue": 0, "grandTotal": 20887.5}	{"tds": 0, "payoutRef": "", "commission": 3612.5, "gatewayFee": 500, "netPayable": 20887.5, "payoutStatus": "not_ready", "grossBeforeTax": 25000}	\N	HV-HST-2025-000001.pdf	F:\\homevilasProject\\homev\\homev\\backend\\uploads\\invoices\\HV-HST-2025-000001.pdf	/uploads/invoices/HV-HST-2025-000001.pdf	2026-01-19 20:37:21.776598+03	2026-01-20 00:42:53.193951+03
3	HV-COM-2025-000001	HV_TO_HOST_COMMISSION	33	4	268	INR	2026-01-19 20:37:24.072+03	ISSUED	{"name": "Kabir Iyer", "email": "demo.host.13@homevilas.test", "gstin": "", "phone": "9811000012", "address": ""}	{"name": "Homevilas Luxury Stays & Tours", "email": "support@homevilas.com", "gstin": "", "phone": "+91-00000-00000", "address": "Homevilas, India", "logoPath": "/public/homevilas-logo.png"}	{"guests": 2, "nights": 2, "checkIn": "2026-02-23T21:00:00.000Z", "checkOut": "2026-02-25T21:00:00.000Z", "bookingCode": "HVL-493A8C", "propertyName": "Mumbai Luxury Villa 13", "propertyAddress": "Bandra, Mumbai, Maharashtra, Bandra, Mumbai, Maharashtra, India", "propertyLocation": "Mumbai, Maharashtra, India"}	{"paidAt": "2026-01-19T16:44:05.849Z", "status": "paid", "provider": "razorpay", "transactionId": "DUMMY-1768841045687"}	[{"amount": 3612.5, "taxRate": 18, "quantity": 1, "taxAmount": 650.25, "unitPrice": 3612.5, "description": "Platform service fee"}, {"amount": 650.25, "quantity": 1, "unitPrice": 650.25, "description": "GST (18%)"}]	{"discount": 0, "subtotal": 3612.5, "taxTotal": 650.25, "amountPaid": 0, "balanceDue": 4262.75, "grandTotal": 4262.75}	{}	Platform service fee for booking HVL-493A8C	HV-COM-2025-000001.pdf	F:\\homevilasProject\\homev\\homev\\backend\\uploads\\invoices\\HV-COM-2025-000001.pdf	/uploads/invoices/HV-COM-2025-000001.pdf	2026-01-19 20:37:24.076914+03	2026-01-20 00:43:06.576643+03
\.


--
-- Data for Name: knex_migrations; Type: TABLE DATA; Schema: public; Owner: postgres
--

COPY public.knex_migrations (id, name, batch, migration_time) FROM stdin;
16	20251208_init_schema.js	1	2025-12-12 19:58:14.149+03
17	20251208_add_booking_notes.js	2	2025-12-12 19:58:37.766+03
18	20251212_bookings_module.js	3	2025-12-12 21:37:02.549+03
19	20251212_admin_modules.js	4	2025-12-12 22:20:40.46+03
20	20251213_v1_properties.js	5	2025-12-13 23:48:12.552+03
21	20251213_v1_properties_patch.js	6	2025-12-13 23:55:14.235+03
22	20251214_fix_reviews_property_id.js	7	2025-12-14 02:34:08.401+03
23	20251217_geo_properties.js	8	2025-12-18 01:33:19.897+03
24	20251218_channel_manager.js	8	2025-12-18 01:33:20.963+03
25	20251218_property_trending.js	9	2025-12-18 02:18:58.315+03
26	20251219_customer_auth.js	10	2025-12-18 15:20:43.96+03
27	20251219_add_customer_to_bookings.js	11	2025-12-18 15:58:32.003+03
28	20251219_host_module.js	12	2025-12-18 16:22:16.012+03
29	20251219_host_sessions.js	13	2025-12-18 16:55:11.71+03
30	20251219_pricing_engine.js	14	2025-12-20 00:33:41.25+03
31	20251220_booking_flow.js	15	2025-12-20 15:56:34.453+03
32	20251221_admin_rbac.js	16	2025-12-20 16:31:55.192+03
33	20251221_fix_booking_status_checks.js	17	2025-12-21 01:34:28.277+03
34	20251221_property_admin_masters.js	18	2025-12-21 23:04:40.51+03
35	20251222_property_host_enhancements.js	19	2025-12-22 01:01:43.001+03
36	20251228_property_luxury_flag.js	20	2025-12-28 02:28:56.055+03
37	20251228_availability_calendar.js	21	2025-12-28 22:01:04.01+03
38	20251230_add_star_rating_to_properties.js	22	2025-12-29 03:17:56.432+03
39	20251230_add_property_policy_fields.js	23	2025-12-29 03:26:20.648+03
40	20251230_locations_master.js	24	2025-12-29 05:51:20.427+03
41	20251231_property_gallery_media.js	25	2025-12-30 23:04:29.891+03
42	20260102_property_image_dimensions.js	26	2025-12-31 14:01:40.729+03
43	20260107_availability_v2.js	27	2025-12-31 19:22:16.453+03
44	20260111_host_full_stack.js	28	2026-01-01 19:58:42.754+03
45	20260111_add_allow_same_day_booking.js	29	2026-01-01 20:03:29.712+03
46	20260115_property_discounts.js	30	2026-01-01 21:21:22.353+03
47	20260116_calendar_pricing_overhaul.js	31	2026-01-02 22:58:04.845+03
48	20260117_booking_management_v3.js	32	2026-01-03 00:45:26.323+03
49	20260122_cancellations_refunds_module.js	33	2026-01-03 11:12:37.226+03
50	20260125_earnings_payouts_module.js	34	2026-01-03 11:55:11.643+03
51	20260126_reviews_module.js	35	2026-01-03 14:08:33.175+03
52	20260129_messaging_module.js	36	2026-01-03 17:47:16.405+03
53	20260130_pricing_deals_module.js	36	2026-01-03 17:47:16.791+03
54	20260131_deals_media_and_validation.js	37	2026-01-03 19:25:35.033+03
55	20260201_pricing_rules_overhaul.js	38	2026-01-03 20:23:17.871+03
56	20260205_host_profile_module.js	39	2026-01-04 22:31:02.559+03
57	20260206_host_kyc_columns_patch.js	39	2026-01-04 22:31:02.612+03
58	20260207_host_kyc_backfill.js	40	2026-01-04 22:37:49.366+03
59	20260210_support_module.js	41	2026-01-04 22:57:08.645+03
60	20260212_reports_module.js	42	2026-01-04 23:51:20.655+03
61	20260220_reporting_clients.js	43	2026-01-05 00:41:09.221+03
62	20260306_pricing_deals_upgrade.js	44	2026-01-05 01:27:42.682+03
63	20260301_guest_profile_fields.js	45	2026-01-08 20:12:25.15+03
64	20260302_message_reads.js	46	2026-01-08 23:02:20.489+03
65	20260302_wishlists.js	47	2026-01-08 23:17:48.434+03
66	20260310_guest_support_tickets.js	48	2026-01-09 17:28:29.522+03
67	20260311_host_bank_accounts.js	49	2026-01-09 23:58:44.318+03
68	20260312_payment_settings.js	50	2026-01-10 00:18:05.861+03
69	20260320_refund_management.js	51	2026-01-10 16:12:50.674+03
70	20260321_finance_scheduling.js	52	2026-01-10 17:25:55.365+03
71	20260322_core_marketplace.js	53	2026-01-11 20:06:56.843+03
72	20260323_finance_ledger.js	54	2026-01-11 22:27:13.667+03
73	20260324_payment_settings_singleton.js	55	2026-01-12 01:02:39.623+03
74	20260326_payout_management.js	56	2026-01-12 05:19:11.492+03
75	20260327_finance_refunds.js	57	2026-01-12 06:08:32.328+03
76	20260327_payment_status_enum.js	57	2026-01-12 06:08:32.369+03
77	20260328_finance_processing_tokens.js	58	2026-01-12 07:13:59.005+03
78	20260401_stripe_connect.js	59	2026-01-12 08:17:51.295+03
79	20260405_finance_hardening.js	60	2026-01-13 16:18:12.546+03
80	20260410_invoices_module.js	61	2026-01-19 15:17:20.624+03
81	20260415_property_room_types.js	62	2026-01-20 15:02:49.973+03
82	20260121_property_room_images.js	63	2026-01-20 22:36:54.033+03
83	20260121_property_booking_mode.js	64	2026-01-20 23:09:40.182+03
84	20260308_promo_code_properties.js	65	2026-01-21 01:17:02.083+03
85	20260420_property_about_home_tabs.js	66	2026-01-21 21:23:30.188+03
86	20260316_add_house_rules_sections.js	67	2026-01-22 01:29:43.536+03
87	20260215_travel_packages_module.js	68	2026-01-27 16:54:00.108+03
88	20260128_travel_packages_listing_config.js	69	2026-01-28 20:57:06.57+03
89	20260128_travel_package_enquiries.js	70	2026-01-28 22:21:58.857+03
90	20260128_travel_package_enquiries_read.js	71	2026-01-29 01:52:06.963+03
91	20260421_faqs_module.js	72	2026-02-02 02:20:20.005+03
92	20260422_banner_types.js	73	2026-02-02 19:37:39.127+03
\.


--
-- Data for Name: knex_migrations_lock; Type: TABLE DATA; Schema: public; Owner: postgres
--

COPY public.knex_migrations_lock (index, is_locked) FROM stdin;
1	0
\.


--
-- Data for Name: landing_modules; Type: TABLE DATA; Schema: public; Owner: postgres
--

COPY public.landing_modules (id, module_type, title, config_json, sort_order, visible_from, visible_to, is_active, created_at, updated_at) FROM stdin;
\.


--
-- Data for Name: ledger_accounts; Type: TABLE DATA; Schema: public; Owner: postgres
--

COPY public.ledger_accounts (id, code, name, owner_type, owner_id, currency, created_at) FROM stdin;
1	PLATFORM_CASH_INR	Platform Cash (INR)	PLATFORM	\N	INR	2026-01-11 22:45:51.939468+03
2	PLATFORM_FEES_INR	Platform Fees (INR)	PLATFORM	\N	INR	2026-01-11 22:45:51.944367+03
3	PLATFORM_GATEWAY_FEES_INR	Platform Gateway Fees (INR)	PLATFORM	\N	INR	2026-01-11 22:45:51.946102+03
4	PLATFORM_REFUNDS_PAYABLE_INR	Platform Refunds Payable (INR)	PLATFORM	\N	INR	2026-01-11 22:45:51.947757+03
5	PLATFORM_PAYOUTS_OUT_INR	Platform Payouts Out (INR)	PLATFORM	\N	INR	2026-01-11 22:45:51.94953+03
6	HOST_PAYABLE_3_INR	Host Payable 3 (INR)	HOST	3	INR	2026-01-11 22:45:51.95333+03
7	HOST_PAYABLE_4_INR	Host Payable 4 (INR)	HOST	4	INR	2026-01-11 22:45:51.955172+03
8	HOST_PAYABLE_256_INR	Host Payable 256 (INR)	HOST	256	INR	2026-01-11 22:45:51.956816+03
9	HOST_PAYABLE_257_INR	Host Payable 257 (INR)	HOST	257	INR	2026-01-11 22:45:51.958218+03
10	HOST_PAYABLE_258_INR	Host Payable 258 (INR)	HOST	258	INR	2026-01-11 22:45:51.959587+03
11	HOST_PAYABLE_259_INR	Host Payable 259 (INR)	HOST	259	INR	2026-01-11 22:45:51.961031+03
12	HOST_PAYABLE_260_INR	Host Payable 260 (INR)	HOST	260	INR	2026-01-11 22:45:51.962593+03
13	HOST_PAYABLE_261_INR	Host Payable 261 (INR)	HOST	261	INR	2026-01-11 22:45:51.964235+03
14	HOST_PAYABLE_262_INR	Host Payable 262 (INR)	HOST	262	INR	2026-01-11 22:45:51.965675+03
15	HOST_PAYABLE_263_INR	Host Payable 263 (INR)	HOST	263	INR	2026-01-11 22:45:51.967482+03
16	HOST_PAYABLE_264_INR	Host Payable 264 (INR)	HOST	264	INR	2026-01-11 22:45:51.969075+03
17	HOST_PAYABLE_265_INR	Host Payable 265 (INR)	HOST	265	INR	2026-01-11 22:45:51.970867+03
18	HOST_PAYABLE_266_INR	Host Payable 266 (INR)	HOST	266	INR	2026-01-11 22:45:51.972776+03
19	HOST_PAYABLE_267_INR	Host Payable 267 (INR)	HOST	267	INR	2026-01-11 22:45:51.974257+03
20	HOST_PAYABLE_268_INR	Host Payable 268 (INR)	HOST	268	INR	2026-01-11 22:45:51.975761+03
21	HOST_PAYABLE_269_INR	Host Payable 269 (INR)	HOST	269	INR	2026-01-11 22:45:51.977141+03
22	HOST_PAYABLE_270_INR	Host Payable 270 (INR)	HOST	270	INR	2026-01-11 22:45:51.978542+03
23	HOST_PAYABLE_271_INR	Host Payable 271 (INR)	HOST	271	INR	2026-01-11 22:45:51.979943+03
24	HOST_PAYABLE_272_INR	Host Payable 272 (INR)	HOST	272	INR	2026-01-11 22:45:51.981384+03
25	HOST_PAYABLE_273_INR	Host Payable 273 (INR)	HOST	273	INR	2026-01-11 22:45:51.983273+03
26	HOST_PAYABLE_274_INR	Host Payable 274 (INR)	HOST	274	INR	2026-01-11 22:45:51.985015+03
27	HOST_PAYABLE_275_INR	Host Payable 275 (INR)	HOST	275	INR	2026-01-11 22:45:51.986613+03
28	HOST_PAYABLE_276_INR	Host Payable 276 (INR)	HOST	276	INR	2026-01-11 22:45:51.988525+03
29	HOST_PAYABLE_277_INR	Host Payable 277 (INR)	HOST	277	INR	2026-01-11 22:45:51.99015+03
30	HOST_PAYABLE_278_INR	Host Payable 278 (INR)	HOST	278	INR	2026-01-11 22:45:51.991709+03
31	HOST_PAYABLE_279_INR	Host Payable 279 (INR)	HOST	279	INR	2026-01-11 22:45:51.993317+03
32	HOST_PAYABLE_280_INR	Host Payable 280 (INR)	HOST	280	INR	2026-01-11 22:45:51.99474+03
33	HOST_PAYABLE_281_INR	Host Payable 281 (INR)	HOST	281	INR	2026-01-11 22:45:51.996111+03
34	HOST_PAYABLE_282_INR	Host Payable 282 (INR)	HOST	282	INR	2026-01-11 22:45:51.997589+03
35	HOST_PAYABLE_283_INR	Host Payable 283 (INR)	HOST	283	INR	2026-01-11 22:45:51.999141+03
36	HOST_PAYABLE_284_INR	Host Payable 284 (INR)	HOST	284	INR	2026-01-11 22:45:52.000795+03
37	HOST_PAYABLE_285_INR	Host Payable 285 (INR)	HOST	285	INR	2026-01-11 22:45:52.002537+03
38	HOST_PAYABLE_286_INR	Host Payable 286 (INR)	HOST	286	INR	2026-01-11 22:45:52.004432+03
39	HOST_PAYABLE_287_INR	Host Payable 287 (INR)	HOST	287	INR	2026-01-11 22:45:52.006041+03
40	HOST_PAYABLE_288_INR	Host Payable 288 (INR)	HOST	288	INR	2026-01-11 22:45:52.007471+03
41	HOST_PAYABLE_289_INR	Host Payable 289 (INR)	HOST	289	INR	2026-01-11 22:45:52.009015+03
42	HOST_PAYABLE_290_INR	Host Payable 290 (INR)	HOST	290	INR	2026-01-11 22:45:52.010754+03
43	HOST_PAYABLE_291_INR	Host Payable 291 (INR)	HOST	291	INR	2026-01-11 22:45:52.012393+03
44	HOST_PAYABLE_292_INR	Host Payable 292 (INR)	HOST	292	INR	2026-01-11 22:45:52.014189+03
45	HOST_PAYABLE_293_INR	Host Payable 293 (INR)	HOST	293	INR	2026-01-11 22:45:52.015679+03
46	HOST_PAYABLE_294_INR	Host Payable 294 (INR)	HOST	294	INR	2026-01-11 22:45:52.017496+03
47	HOST_PAYABLE_295_INR	Host Payable 295 (INR)	HOST	295	INR	2026-01-11 22:45:52.019368+03
48	HOST_PAYABLE_296_INR	Host Payable 296 (INR)	HOST	296	INR	2026-01-11 22:45:52.021211+03
49	HOST_PAYABLE_297_INR	Host Payable 297 (INR)	HOST	297	INR	2026-01-11 22:45:52.022908+03
50	HOST_PAYABLE_298_INR	Host Payable 298 (INR)	HOST	298	INR	2026-01-11 22:45:52.024378+03
51	HOST_PAYABLE_299_INR	Host Payable 299 (INR)	HOST	299	INR	2026-01-11 22:45:52.02568+03
52	HOST_PAYABLE_300_INR	Host Payable 300 (INR)	HOST	300	INR	2026-01-11 22:45:52.026986+03
53	HOST_PAYABLE_301_INR	Host Payable 301 (INR)	HOST	301	INR	2026-01-11 22:45:52.028362+03
54	HOST_PAYABLE_302_INR	Host Payable 302 (INR)	HOST	302	INR	2026-01-11 22:45:52.029794+03
55	HOST_PAYABLE_303_INR	Host Payable 303 (INR)	HOST	303	INR	2026-01-11 22:45:52.031129+03
56	HOST_PAYABLE_304_INR	Host Payable 304 (INR)	HOST	304	INR	2026-01-11 22:45:52.032464+03
57	HOST_PAYABLE_305_INR	Host Payable 305 (INR)	HOST	305	INR	2026-01-11 22:45:52.034031+03
58	HOST_PAYABLE_306_INR	Host Payable 306 (INR)	HOST	306	INR	2026-01-11 22:45:52.035385+03
59	HOST_PAYABLE_307_INR	Host Payable 307 (INR)	HOST	307	INR	2026-01-11 22:45:52.036931+03
60	HOST_PAYABLE_308_INR	Host Payable 308 (INR)	HOST	308	INR	2026-01-11 22:45:52.038565+03
61	HOST_PAYABLE_309_INR	Host Payable 309 (INR)	HOST	309	INR	2026-01-11 22:45:52.039979+03
62	HOST_PAYABLE_310_INR	Host Payable 310 (INR)	HOST	310	INR	2026-01-11 22:45:52.041368+03
\.


--
-- Data for Name: ledger_entries; Type: TABLE DATA; Schema: public; Owner: postgres
--

COPY public.ledger_entries (id, reference_type, reference_id, debit_account_id, credit_account_id, amount, currency, memo, created_at) FROM stdin;
1	REFUND	3	4	1	10000	INR	Refund RF-MKALYBBO-H4WU	2026-01-12 06:33:11.668762+03
\.


--
-- Data for Name: length_of_stay_discounts; Type: TABLE DATA; Schema: public; Owner: postgres
--

COPY public.length_of_stay_discounts (id, property_id, rate_plan_id, min_nights, discount_type, discount_value, stackable, created_at) FROM stdin;
\.


--
-- Data for Name: location_nodes; Type: TABLE DATA; Schema: public; Owner: postgres
--

COPY public.location_nodes (id, type, name, code, parent_id, is_active, sort_order, meta, created_at, updated_at) FROM stdin;
\.


--
-- Data for Name: locations; Type: TABLE DATA; Schema: public; Owner: postgres
--

COPY public.locations (id, name, slug, city, state, country, timezone, latitude, longitude, "isActive", "createdAt", "updatedAt", "imageUrl") FROM stdin;
e69ae0e3-74d7-445c-a0ce-5f9f0d441a3e	Delhi	delhi	Delhi	Delhi	India	\N	28.613900	77.209000	t	2026-01-30 16:32:13.625	2026-02-01 18:52:17.644	https://picsum.photos/seed/oxitaxi-delhi/900/700
234cda87-2417-4840-81cd-5716cfb59955	Agra	agra	Agra	Uttar Pradesh	India	\N	27.176700	78.008100	t	2026-01-30 16:32:13.665	2026-02-01 18:52:17.648	https://picsum.photos/seed/oxitaxi-agra/900/700
675947cc-1b7c-4a07-9447-9f70ce92e6c7	Jaipur	jaipur	Jaipur	Rajasthan	India	\N	26.912400	75.787300	t	2026-01-30 16:32:13.667	2026-02-01 18:52:17.651	https://picsum.photos/seed/oxitaxi-jaipur/900/700
f8cd5786-35a4-4d9a-941e-b5ed7c8042d2	Chandigarh	chandigarh	Chandigarh	Chandigarh	India	\N	30.733300	76.779400	t	2026-01-30 16:32:13.668	2026-02-01 18:52:17.654	https://picsum.photos/seed/oxitaxi-chandigarh/900/700
b967211f-b985-41ae-a1a6-505f268b1c19	Amritsar	amritsar	Amritsar	Punjab	India	\N	31.634000	74.872300	t	2026-01-30 16:32:13.67	2026-02-01 18:52:17.656	https://picsum.photos/seed/oxitaxi-amritsar/900/700
b83e98ac-6aae-493c-b7ad-4f95ad917e01	Mumbai	mumbai	Mumbai	Maharashtra	India	\N	19.076000	72.877700	t	2026-01-30 16:32:13.672	2026-02-01 18:52:17.658	https://picsum.photos/seed/oxitaxi-mumbai/900/700
041ecc2c-f671-4197-a094-f8abd3206f6d	Pune	pune	Pune	Maharashtra	India	\N	18.520400	73.856700	t	2026-01-30 16:32:13.674	2026-02-01 18:52:17.66	https://picsum.photos/seed/oxitaxi-pune/900/700
83ce1bb5-1a37-492e-8e48-c2e380ddf8f4	Goa	goa	Panaji	Goa	India	\N	15.490900	73.827800	t	2026-01-30 16:32:13.676	2026-02-01 18:52:17.662	https://picsum.photos/seed/oxitaxi-goa/900/700
\.


--
-- Data for Name: message_reads; Type: TABLE DATA; Schema: public; Owner: postgres
--

COPY public.message_reads (message_id, user_id, read_at) FROM stdin;
20	4	2026-01-09 13:17:08.846107+03
25	4	2026-01-09 13:17:08.846107+03
11	4	2026-01-09 13:17:08.846107+03
17	4	2026-01-09 13:17:08.846107+03
12	4	2026-01-09 13:17:08.846107+03
10	4	2026-01-09 13:17:08.846107+03
18	4	2026-01-09 13:17:08.846107+03
2	4	2026-01-09 13:17:08.846107+03
15	4	2026-01-09 13:17:08.846107+03
13	4	2026-01-09 13:17:08.846107+03
21	4	2026-01-09 13:17:08.846107+03
5	4	2026-01-09 13:17:08.846107+03
19	4	2026-01-09 13:17:08.846107+03
24	4	2026-01-09 13:17:08.846107+03
8	4	2026-01-09 13:17:08.846107+03
6	4	2026-01-09 13:17:08.846107+03
16	4	2026-01-09 13:17:08.846107+03
4	4	2026-01-09 13:17:08.846107+03
23	4	2026-01-09 13:17:08.846107+03
1	4	2026-01-09 13:17:08.846107+03
22	4	2026-01-09 13:17:08.846107+03
3	4	2026-01-09 13:17:08.846107+03
14	4	2026-01-09 13:17:08.846107+03
9	4	2026-01-09 13:17:08.846107+03
7	4	2026-01-09 13:17:08.846107+03
26	4	2026-01-29 21:24:41.523153+03
\.


--
-- Data for Name: messages; Type: TABLE DATA; Schema: public; Owner: postgres
--

COPY public.messages (id, conversation_id, sender_type, sender_id, body, read_at, created_at, delivered_at, read_by_host_at, read_by_guest_at, attachment_url, is_deleted) FROM stdin;
1	1	guest	4	Hi! Can we check in early if the room is ready?	\N	2026-01-03 17:42:17.043+03	2026-01-03 17:42:17.043+03	2026-01-08 19:36:31.37498+03	2026-01-03 17:42:17.043+03	\N	f
5	1	guest	4	Hi! Can we check in early if the room is ready?	\N	2026-01-03 17:42:17.048+03	2026-01-03 17:42:17.048+03	2026-01-08 19:36:31.37498+03	2026-01-03 17:42:17.048+03	\N	f
9	1	guest	4	Great, also is parking available for 2 cars?	\N	2026-01-03 17:44:17.048+03	2026-01-03 17:44:17.048+03	2026-01-08 19:36:31.37498+03	2026-01-03 17:44:17.048+03	\N	f
12	1	guest	4	Great, also is parking available for 2 cars?	\N	2026-01-03 17:44:17.043+03	2026-01-03 17:44:17.043+03	2026-01-08 19:36:31.37498+03	2026-01-03 17:44:17.043+03	\N	f
6	1	host	310	Hello! Early check-in is possible after 12pm. We will do our best.	\N	2026-01-03 17:43:17.043+03	2026-01-03 17:43:17.043+03	2026-01-03 17:43:17.043+03	2026-01-09 13:17:08.907063+03	\N	f
7	1	host	310	Hello! Early check-in is possible after 12pm. We will do our best.	\N	2026-01-03 17:43:17.048+03	2026-01-03 17:43:17.048+03	2026-01-03 17:43:17.048+03	2026-01-09 13:17:08.907063+03	\N	f
14	1	host	310	Yes, we have space for 2 cars inside the gate.	\N	2026-01-03 17:45:17.048+03	2026-01-03 17:45:17.048+03	2026-01-03 17:45:17.048+03	2026-01-09 13:17:08.907063+03	\N	f
16	1	host	310	Looking forward to hosting you! Please share arrival time.	\N	2026-01-03 17:46:17.048+03	2026-01-03 17:46:17.048+03	2026-01-03 17:46:17.048+03	2026-01-09 13:17:08.907063+03	\N	f
18	1	host	310	Yes, we have space for 2 cars inside the gate.	\N	2026-01-03 17:45:17.043+03	2026-01-03 17:45:17.043+03	2026-01-03 17:45:17.043+03	2026-01-09 13:17:08.907063+03	\N	f
22	1	host	310	Looking forward to hosting you! Please share arrival time.	\N	2026-01-03 17:46:17.043+03	2026-01-03 17:46:17.043+03	2026-01-03 17:46:17.043+03	2026-01-09 13:17:08.907063+03	\N	f
3	1	guest	4	Hi! Can we check in early if the room is ready?	\N	2026-01-03 17:42:17.044+03	2026-01-03 17:42:17.044+03	2026-01-08 19:36:31.37498+03	2026-01-03 17:42:17.044+03	\N	f
13	1	guest	4	Great, also is parking available for 2 cars?	\N	2026-01-03 17:44:17.044+03	2026-01-03 17:44:17.044+03	2026-01-08 19:36:31.37498+03	2026-01-03 17:44:17.044+03	\N	f
8	1	host	310	Hello! Early check-in is possible after 12pm. We will do our best.	\N	2026-01-03 17:43:17.044+03	2026-01-03 17:43:17.044+03	2026-01-03 17:43:17.044+03	2026-01-09 13:17:08.907063+03	\N	f
20	1	host	310	Yes, we have space for 2 cars inside the gate.	\N	2026-01-03 17:45:17.044+03	2026-01-03 17:45:17.044+03	2026-01-03 17:45:17.044+03	2026-01-09 13:17:08.907063+03	\N	f
23	1	host	310	Looking forward to hosting you! Please share arrival time.	\N	2026-01-03 17:46:17.044+03	2026-01-03 17:46:17.044+03	2026-01-03 17:46:17.044+03	2026-01-09 13:17:08.907063+03	\N	f
2	1	guest	4	Hi! Can we check in early if the room is ready?	\N	2026-01-03 17:42:17.048+03	2026-01-03 17:42:17.048+03	2026-01-08 19:36:31.37498+03	2026-01-03 17:42:17.048+03	\N	f
15	1	guest	4	Great, also is parking available for 2 cars?	\N	2026-01-03 17:44:17.048+03	2026-01-03 17:44:17.048+03	2026-01-08 19:36:31.37498+03	2026-01-03 17:44:17.048+03	\N	f
11	1	host	310	Hello! Early check-in is possible after 12pm. We will do our best.	\N	2026-01-03 17:43:17.048+03	2026-01-03 17:43:17.048+03	2026-01-03 17:43:17.048+03	2026-01-09 13:17:08.907063+03	\N	f
21	1	host	310	Yes, we have space for 2 cars inside the gate.	\N	2026-01-03 17:45:17.048+03	2026-01-03 17:45:17.048+03	2026-01-03 17:45:17.048+03	2026-01-09 13:17:08.907063+03	\N	f
25	1	host	310	Looking forward to hosting you! Please share arrival time.	\N	2026-01-03 17:46:17.048+03	2026-01-03 17:46:17.048+03	2026-01-03 17:46:17.048+03	2026-01-09 13:17:08.907063+03	\N	f
4	1	guest	4	Hi! Can we check in early if the room is ready?	\N	2026-01-03 17:42:17.052+03	2026-01-03 17:42:17.052+03	2026-01-08 19:36:31.37498+03	2026-01-03 17:42:17.052+03	\N	f
17	1	guest	4	Great, also is parking available for 2 cars?	\N	2026-01-03 17:44:17.052+03	2026-01-03 17:44:17.052+03	2026-01-08 19:36:31.37498+03	2026-01-03 17:44:17.052+03	\N	f
10	1	host	310	Hello! Early check-in is possible after 12pm. We will do our best.	\N	2026-01-03 17:43:17.052+03	2026-01-03 17:43:17.052+03	2026-01-03 17:43:17.052+03	2026-01-09 13:17:08.907063+03	\N	f
19	1	host	310	Yes, we have space for 2 cars inside the gate.	\N	2026-01-03 17:45:17.052+03	2026-01-03 17:45:17.052+03	2026-01-03 17:45:17.052+03	2026-01-09 13:17:08.907063+03	\N	f
24	1	host	310	Looking forward to hosting you! Please share arrival time.	\N	2026-01-03 17:46:17.052+03	2026-01-03 17:46:17.052+03	2026-01-03 17:46:17.052+03	2026-01-09 13:17:08.907063+03	\N	f
26	6	guest	4	sdsbhmdbsmjdna,j	\N	2026-01-29 21:24:41.462292+03	2026-01-29 21:24:41.462292+03	\N	2026-01-29 21:24:41.462292+03	\N	f
\.


--
-- Data for Name: notification_templates; Type: TABLE DATA; Schema: public; Owner: postgres
--

COPY public.notification_templates (id, channel, name, subject, body, created_at, updated_at) FROM stdin;
\.


--
-- Data for Name: occupancy_pricing_rules; Type: TABLE DATA; Schema: public; Owner: postgres
--

COPY public.occupancy_pricing_rules (id, property_id, rate_plan_id, base_guests, per_extra_guest_fee, max_guests, created_at) FROM stdin;
\.


--
-- Data for Name: payment_settings; Type: TABLE DATA; Schema: public; Owner: postgres
--

COPY public.payment_settings (id, currency, platform_fee_bps, payout_trigger, payout_delay_hours, min_payout_amount, auto_refund_enabled, updated_at, singleton_id) FROM stdin;
1	INR	1250	AFTER_CHECKIN	12	5000	t	2026-01-10 00:38:47.773161+03	singleton
\.


--
-- Data for Name: payouts; Type: TABLE DATA; Schema: public; Owner: postgres
--

COPY public.payouts (id, host_id, amount, currency, period_start, period_end, status, admin_approved_by, admin_notes, paid_at, created_at, updated_at, booking_id, failure_reason) FROM stdin;
1	310	12000.00	INR	2026-01-02	2026-01-02	PENDING	\N	Seed payout	\N	2026-01-01 20:03:29.960945+03	2026-01-01 20:03:29.960945+03	\N	\N
2	310	12000.00	INR	2026-01-03	2026-01-03	PENDING	\N	Seed payout	\N	2026-01-02 03:22:12.797141+03	2026-01-02 03:22:12.797141+03	\N	\N
3	310	37800.00	INR	2026-01-10	2026-01-13	PENDING	\N	Seed payout linked to booking HV-TRANSPARENT-001	\N	2026-01-03 00:59:58.246514+03	2026-01-03 00:59:58.246514+03	14	\N
4	310	12000.00	INR	2026-01-04	2026-01-04	PENDING	\N	Seed payout	\N	2026-01-03 11:12:37.390999+03	2026-01-03 11:12:37.390999+03	\N	\N
5	310	12000.00	INR	2026-01-04	2026-01-04	PENDING	\N	Seed payout	\N	2026-01-03 11:12:37.391333+03	2026-01-03 11:12:37.391333+03	\N	\N
6	310	12000.00	INR	2026-01-04	2026-01-04	PENDING	\N	Seed payout	\N	2026-01-03 11:12:37.392554+03	2026-01-03 11:12:37.392554+03	\N	\N
7	310	12000.00	INR	2026-01-04	2026-01-04	PENDING	\N	Seed payout	\N	2026-01-03 11:12:37.392793+03	2026-01-03 11:12:37.392793+03	\N	\N
8	310	12000.00	INR	2026-01-04	2026-01-04	PENDING	\N	Seed payout	\N	2026-01-03 11:12:37.393421+03	2026-01-03 11:12:37.393421+03	\N	\N
\.


--
-- Data for Name: platform_ledger_entries; Type: TABLE DATA; Schema: public; Owner: postgres
--

COPY public.platform_ledger_entries (id, account, amount, currency, reference_type, reference_id, metadata, created_at) FROM stdin;
1	PLATFORM_CASH_INR	-1000.00	INR	refund	1	{"type": "GUEST_REFUND", "booking_id": 14, "payment_id": 1, "refund_ref": "RF-MK8DKOC9-3NXI"}	2026-01-10 17:03:06.063627+03
2	PLATFORM_REFUNDS_INR	1000.00	INR	refund	1	{"type": "GUEST_REFUND", "booking_id": 14, "payment_id": 1, "refund_ref": "RF-MK8DKOC9-3NXI"}	2026-01-10 17:03:06.063627+03
\.


--
-- Data for Name: policy_templates; Type: TABLE DATA; Schema: public; Owner: postgres
--

COPY public.policy_templates (id, name, slug, policy_type, summary, content, is_default, is_active, sort_order, created_at, updated_at) FROM stdin;
\.


--
-- Data for Name: popular_route_groups; Type: TABLE DATA; Schema: public; Owner: postgres
--

COPY public.popular_route_groups (id, "fromLocationId", title, "isActive", "sortOrder", "createdAt", "updatedAt") FROM stdin;
610e80df-e384-46eb-b92c-af6ddea987f0	e69ae0e3-74d7-445c-a0ce-5f9f0d441a3e	Cabs From Delhi To	t	1	2026-02-01 14:53:55.055	2026-02-01 18:52:18.241
5e9a40e5-492a-4394-862e-882b4392584b	b83e98ac-6aae-493c-b7ad-4f95ad917e01	Cabs From Mumbai To	t	2	2026-02-01 16:11:38.017	2026-02-01 18:52:18.281
143e9254-8895-44fe-9e75-50cf1c13d4bb	83ce1bb5-1a37-492e-8e48-c2e380ddf8f4	Cabs From Goa To	t	3	2026-02-01 16:11:38.031	2026-02-01 18:52:18.299
\.


--
-- Data for Name: popular_route_items; Type: TABLE DATA; Schema: public; Owner: postgres
--

COPY public.popular_route_items (id, "groupId", "toLocationId", "imageUrl", "sortOrder", "isActive", "createdAt", "updatedAt") FROM stdin;
52dda837-3db2-46c2-ad26-4e2b97caab61	610e80df-e384-46eb-b92c-af6ddea987f0	234cda87-2417-4840-81cd-5716cfb59955	https://picsum.photos/seed/oxitaxi-agra/900/700	1	t	2026-02-01 14:54:22.269	2026-02-01 18:52:18.265
a1505e5b-b7e7-4318-a010-e8afbe39b466	610e80df-e384-46eb-b92c-af6ddea987f0	675947cc-1b7c-4a07-9447-9f70ce92e6c7	https://picsum.photos/seed/oxitaxi-jaipur/900/700	2	t	2026-02-01 14:54:22.294	2026-02-01 18:52:18.268
3674f7ae-cae7-4c11-b8ce-f88b0065c628	610e80df-e384-46eb-b92c-af6ddea987f0	f8cd5786-35a4-4d9a-941e-b5ed7c8042d2	https://picsum.photos/seed/oxitaxi-chandigarh/900/700	3	t	2026-02-01 14:54:22.297	2026-02-01 18:52:18.271
856c9f8e-619a-4434-af81-848088422ac5	610e80df-e384-46eb-b92c-af6ddea987f0	b967211f-b985-41ae-a1a6-505f268b1c19	https://picsum.photos/seed/oxitaxi-amritsar/900/700	4	t	2026-02-01 14:54:22.3	2026-02-01 18:52:18.273
e896341f-43a6-483e-b76b-79edae1c476c	610e80df-e384-46eb-b92c-af6ddea987f0	83ce1bb5-1a37-492e-8e48-c2e380ddf8f4	https://picsum.photos/seed/oxitaxi-goa/900/700	5	t	2026-02-01 16:11:38.005	2026-02-01 18:52:18.276
f3bbd5bd-5911-4fb5-a892-58ff948ff494	5e9a40e5-492a-4394-862e-882b4392584b	041ecc2c-f671-4197-a094-f8abd3206f6d	https://picsum.photos/seed/oxitaxi-pune/900/700	1	t	2026-02-01 16:11:38.02	2026-02-01 18:52:18.284
67b445bf-37c6-4fc6-95fe-76c6590327cf	5e9a40e5-492a-4394-862e-882b4392584b	83ce1bb5-1a37-492e-8e48-c2e380ddf8f4	https://picsum.photos/seed/oxitaxi-goa/900/700	2	t	2026-02-01 16:11:38.024	2026-02-01 18:52:18.288
0de353c1-7fc6-4e29-8b27-2959e3dc66f1	5e9a40e5-492a-4394-862e-882b4392584b	675947cc-1b7c-4a07-9447-9f70ce92e6c7	https://picsum.photos/seed/oxitaxi-jaipur/900/700	3	t	2026-02-01 16:11:38.026	2026-02-01 18:52:18.291
0d2822e0-14f2-4bd8-b88b-caa4fe679659	5e9a40e5-492a-4394-862e-882b4392584b	e69ae0e3-74d7-445c-a0ce-5f9f0d441a3e	https://picsum.photos/seed/oxitaxi-delhi/900/700	4	t	2026-02-01 16:11:38.029	2026-02-01 18:52:18.296
ea779a5a-2780-40b3-a290-3a186edc5c6c	143e9254-8895-44fe-9e75-50cf1c13d4bb	b83e98ac-6aae-493c-b7ad-4f95ad917e01	https://picsum.photos/seed/oxitaxi-mumbai/900/700	1	t	2026-02-01 16:11:38.033	2026-02-01 18:52:18.301
64b9afbf-9566-41b8-af64-3a30cc127dcd	143e9254-8895-44fe-9e75-50cf1c13d4bb	041ecc2c-f671-4197-a094-f8abd3206f6d	https://picsum.photos/seed/oxitaxi-pune/900/700	2	t	2026-02-01 16:11:38.035	2026-02-01 18:52:18.303
c30c1320-8a9b-407f-b646-5d5d67e5b903	143e9254-8895-44fe-9e75-50cf1c13d4bb	675947cc-1b7c-4a07-9447-9f70ce92e6c7	https://picsum.photos/seed/oxitaxi-jaipur/900/700	3	t	2026-02-01 16:11:38.038	2026-02-01 18:52:18.305
a5af7a09-6520-423d-b2aa-5e7b47fb05ee	143e9254-8895-44fe-9e75-50cf1c13d4bb	e69ae0e3-74d7-445c-a0ce-5f9f0d441a3e	https://picsum.photos/seed/oxitaxi-delhi/900/700	4	t	2026-02-01 16:11:38.041	2026-02-01 18:52:18.307
\.


--
-- Data for Name: pricing_labels; Type: TABLE DATA; Schema: public; Owner: postgres
--

COPY public.pricing_labels (id, name, type, color, description, created_at) FROM stdin;
\.


--
-- Data for Name: pricing_rule_sets; Type: TABLE DATA; Schema: public; Owner: postgres
--

COPY public.pricing_rule_sets (id, name, scope, region, property_type, property_id, host_id, is_active, priority, created_at, updated_at) FROM stdin;
\.


--
-- Data for Name: pricing_rules; Type: TABLE DATA; Schema: public; Owner: postgres
--

COPY public.pricing_rules (id, name, "tripType", "vehicleCategoryId", "seatConfigId", "routeId", "originLocationId", "destinationLocationId", "baseFare", "perKmRate", "perHourRate", "minFare", "minKmPerDay", "driverAllowancePerDay", "nightChargePct", "gstPct", "tollIncluded", currency, "effectiveFrom", "effectiveTo", priority, "isActive", "createdAt", "updatedAt") FROM stdin;
7ae21a60-f0b3-47a6-b9af-920889056fc4	Sedan 05e6564b-ee88-4fe2-a109-cc89736b0332 Oneway	ONEWAY	2fc930a9-cb52-4813-b0a9-5dff78121d1c	\N	05e6564b-ee88-4fe2-a109-cc89736b0332	\N	\N	1200.00	12.00	\N	\N	250	300.00	8.00	5.00	f	INR	2025-01-01 00:00:00	\N	1	t	2026-01-30 16:32:13.972	2026-01-30 16:32:13.972
e82e8edf-031e-4b26-904a-ca53decbdf9e	Sedan 05e6564b-ee88-4fe2-a109-cc89736b0332 Roundtrip	ROUNDTRIP	2fc930a9-cb52-4813-b0a9-5dff78121d1c	\N	05e6564b-ee88-4fe2-a109-cc89736b0332	\N	\N	1200.00	12.00	\N	\N	250	300.00	8.00	5.00	f	INR	2025-01-01 00:00:00	\N	1	t	2026-01-30 16:32:13.98	2026-01-30 16:32:13.98
79ccc5b0-71ba-4929-b5db-2f0b8beb68dd	SUV 05e6564b-ee88-4fe2-a109-cc89736b0332 Oneway	ONEWAY	48c33bc8-491d-4c86-9b00-75f89903d72a	\N	05e6564b-ee88-4fe2-a109-cc89736b0332	\N	\N	1800.00	16.00	\N	\N	250	350.00	8.00	5.00	f	INR	2025-01-01 00:00:00	\N	1	t	2026-01-30 16:32:13.984	2026-01-30 16:32:13.984
4187821d-eb35-431b-89b3-4a1ea56fa9a8	SUV 05e6564b-ee88-4fe2-a109-cc89736b0332 Roundtrip	ROUNDTRIP	48c33bc8-491d-4c86-9b00-75f89903d72a	\N	05e6564b-ee88-4fe2-a109-cc89736b0332	\N	\N	1800.00	16.00	\N	\N	250	350.00	8.00	5.00	f	INR	2025-01-01 00:00:00	\N	1	t	2026-01-30 16:32:13.987	2026-01-30 16:32:13.987
6f89f7d9-bf8e-485b-8d89-cc34c3424c35	Tempo Traveller 05e6564b-ee88-4fe2-a109-cc89736b0332 Oneway	ONEWAY	04cc25fc-7d90-4f07-aae8-250b6f9946d8	\N	05e6564b-ee88-4fe2-a109-cc89736b0332	\N	\N	2400.00	22.00	\N	\N	250	450.00	8.00	5.00	f	INR	2025-01-01 00:00:00	\N	1	t	2026-01-30 16:32:13.99	2026-01-30 16:32:13.99
77fc02f9-1a6b-4fda-bdb5-a5d4f4862e06	Tempo Traveller 05e6564b-ee88-4fe2-a109-cc89736b0332 Roundtrip	ROUNDTRIP	04cc25fc-7d90-4f07-aae8-250b6f9946d8	\N	05e6564b-ee88-4fe2-a109-cc89736b0332	\N	\N	2400.00	22.00	\N	\N	250	450.00	8.00	5.00	f	INR	2025-01-01 00:00:00	\N	1	t	2026-01-30 16:32:13.993	2026-01-30 16:32:13.993
ad7ab147-e3e4-41bd-9eee-584542f5994e	Bus 05e6564b-ee88-4fe2-a109-cc89736b0332 Oneway	ONEWAY	23419a74-bb7b-422a-8dbf-af15d8ca56ab	\N	05e6564b-ee88-4fe2-a109-cc89736b0332	\N	\N	4000.00	30.00	\N	\N	250	700.00	8.00	5.00	f	INR	2025-01-01 00:00:00	\N	1	t	2026-01-30 16:32:13.997	2026-01-30 16:32:13.997
091462e0-fdbc-408a-b923-56f098e062d4	Bus 05e6564b-ee88-4fe2-a109-cc89736b0332 Roundtrip	ROUNDTRIP	23419a74-bb7b-422a-8dbf-af15d8ca56ab	\N	05e6564b-ee88-4fe2-a109-cc89736b0332	\N	\N	4000.00	30.00	\N	\N	250	700.00	8.00	5.00	f	INR	2025-01-01 00:00:00	\N	1	t	2026-01-30 16:32:13.999	2026-01-30 16:32:13.999
141ac140-1762-4bb2-80bf-9b344e0ce724	Sedan 283a5dad-627c-4aeb-a987-02f7fcfa4370 Oneway	ONEWAY	2fc930a9-cb52-4813-b0a9-5dff78121d1c	\N	283a5dad-627c-4aeb-a987-02f7fcfa4370	\N	\N	1200.00	12.00	\N	\N	250	300.00	8.00	5.00	f	INR	2025-01-01 00:00:00	\N	1	t	2026-01-30 16:32:14.003	2026-01-30 16:32:14.003
36960805-f4ea-4171-9c1c-3088ed5fecfa	Sedan 283a5dad-627c-4aeb-a987-02f7fcfa4370 Roundtrip	ROUNDTRIP	2fc930a9-cb52-4813-b0a9-5dff78121d1c	\N	283a5dad-627c-4aeb-a987-02f7fcfa4370	\N	\N	1200.00	12.00	\N	\N	250	300.00	8.00	5.00	f	INR	2025-01-01 00:00:00	\N	1	t	2026-01-30 16:32:14.006	2026-01-30 16:32:14.006
0f677c24-688c-4324-b023-d3a07774894d	SUV 283a5dad-627c-4aeb-a987-02f7fcfa4370 Oneway	ONEWAY	48c33bc8-491d-4c86-9b00-75f89903d72a	\N	283a5dad-627c-4aeb-a987-02f7fcfa4370	\N	\N	1800.00	16.00	\N	\N	250	350.00	8.00	5.00	f	INR	2025-01-01 00:00:00	\N	1	t	2026-01-30 16:32:14.009	2026-01-30 16:32:14.009
dc134c6e-de40-451c-b01e-1d9e0e78fbd0	SUV 283a5dad-627c-4aeb-a987-02f7fcfa4370 Roundtrip	ROUNDTRIP	48c33bc8-491d-4c86-9b00-75f89903d72a	\N	283a5dad-627c-4aeb-a987-02f7fcfa4370	\N	\N	1800.00	16.00	\N	\N	250	350.00	8.00	5.00	f	INR	2025-01-01 00:00:00	\N	1	t	2026-01-30 16:32:14.012	2026-01-30 16:32:14.012
ba4337c9-ea53-4e2a-9720-6aa9c028ce58	Tempo Traveller 283a5dad-627c-4aeb-a987-02f7fcfa4370 Oneway	ONEWAY	04cc25fc-7d90-4f07-aae8-250b6f9946d8	\N	283a5dad-627c-4aeb-a987-02f7fcfa4370	\N	\N	2400.00	22.00	\N	\N	250	450.00	8.00	5.00	f	INR	2025-01-01 00:00:00	\N	1	t	2026-01-30 16:32:14.015	2026-01-30 16:32:14.015
4059a8e4-948f-4f1c-8fe9-d360f086a372	Tempo Traveller 283a5dad-627c-4aeb-a987-02f7fcfa4370 Roundtrip	ROUNDTRIP	04cc25fc-7d90-4f07-aae8-250b6f9946d8	\N	283a5dad-627c-4aeb-a987-02f7fcfa4370	\N	\N	2400.00	22.00	\N	\N	250	450.00	8.00	5.00	f	INR	2025-01-01 00:00:00	\N	1	t	2026-01-30 16:32:14.018	2026-01-30 16:32:14.018
55031ae0-548c-4910-9fa2-c43286e5a337	Bus 283a5dad-627c-4aeb-a987-02f7fcfa4370 Oneway	ONEWAY	23419a74-bb7b-422a-8dbf-af15d8ca56ab	\N	283a5dad-627c-4aeb-a987-02f7fcfa4370	\N	\N	4000.00	30.00	\N	\N	250	700.00	8.00	5.00	f	INR	2025-01-01 00:00:00	\N	1	t	2026-01-30 16:32:14.021	2026-01-30 16:32:14.021
100d38ee-d6d7-4330-a496-9ad71470b5f1	Bus 283a5dad-627c-4aeb-a987-02f7fcfa4370 Roundtrip	ROUNDTRIP	23419a74-bb7b-422a-8dbf-af15d8ca56ab	\N	283a5dad-627c-4aeb-a987-02f7fcfa4370	\N	\N	4000.00	30.00	\N	\N	250	700.00	8.00	5.00	f	INR	2025-01-01 00:00:00	\N	1	t	2026-01-30 16:32:14.024	2026-01-30 16:32:14.024
f496390d-cdb3-40da-94c6-d42fcd97a9f4	Sedan 50925fc1-d713-4b4d-8558-7ac327e60a6e Oneway	ONEWAY	2fc930a9-cb52-4813-b0a9-5dff78121d1c	\N	50925fc1-d713-4b4d-8558-7ac327e60a6e	\N	\N	1200.00	12.00	\N	\N	250	300.00	8.00	5.00	f	INR	2025-01-01 00:00:00	\N	1	t	2026-01-30 16:32:14.027	2026-01-30 16:32:14.027
e578a28e-912f-4da4-afb9-5f61e4ee4939	Sedan 50925fc1-d713-4b4d-8558-7ac327e60a6e Roundtrip	ROUNDTRIP	2fc930a9-cb52-4813-b0a9-5dff78121d1c	\N	50925fc1-d713-4b4d-8558-7ac327e60a6e	\N	\N	1200.00	12.00	\N	\N	250	300.00	8.00	5.00	f	INR	2025-01-01 00:00:00	\N	1	t	2026-01-30 16:32:14.03	2026-01-30 16:32:14.03
1f75517d-0e13-4750-97d7-c61859587eed	SUV 50925fc1-d713-4b4d-8558-7ac327e60a6e Oneway	ONEWAY	48c33bc8-491d-4c86-9b00-75f89903d72a	\N	50925fc1-d713-4b4d-8558-7ac327e60a6e	\N	\N	1800.00	16.00	\N	\N	250	350.00	8.00	5.00	f	INR	2025-01-01 00:00:00	\N	1	t	2026-01-30 16:32:14.033	2026-01-30 16:32:14.033
1e989b9c-6b7e-4894-a93c-bb2145929586	SUV 50925fc1-d713-4b4d-8558-7ac327e60a6e Roundtrip	ROUNDTRIP	48c33bc8-491d-4c86-9b00-75f89903d72a	\N	50925fc1-d713-4b4d-8558-7ac327e60a6e	\N	\N	1800.00	16.00	\N	\N	250	350.00	8.00	5.00	f	INR	2025-01-01 00:00:00	\N	1	t	2026-01-30 16:32:14.036	2026-01-30 16:32:14.036
3ffba98c-7d29-4332-9414-fbd3667e67b4	Tempo Traveller 50925fc1-d713-4b4d-8558-7ac327e60a6e Oneway	ONEWAY	04cc25fc-7d90-4f07-aae8-250b6f9946d8	\N	50925fc1-d713-4b4d-8558-7ac327e60a6e	\N	\N	2400.00	22.00	\N	\N	250	450.00	8.00	5.00	f	INR	2025-01-01 00:00:00	\N	1	t	2026-01-30 16:32:14.039	2026-01-30 16:32:14.039
b07eb0ff-cade-4879-8176-8f6e63a593cd	Tempo Traveller 50925fc1-d713-4b4d-8558-7ac327e60a6e Roundtrip	ROUNDTRIP	04cc25fc-7d90-4f07-aae8-250b6f9946d8	\N	50925fc1-d713-4b4d-8558-7ac327e60a6e	\N	\N	2400.00	22.00	\N	\N	250	450.00	8.00	5.00	f	INR	2025-01-01 00:00:00	\N	1	t	2026-01-30 16:32:14.042	2026-01-30 16:32:14.042
b408177b-1674-42f7-933d-cbeb0d01db89	Bus 50925fc1-d713-4b4d-8558-7ac327e60a6e Oneway	ONEWAY	23419a74-bb7b-422a-8dbf-af15d8ca56ab	\N	50925fc1-d713-4b4d-8558-7ac327e60a6e	\N	\N	4000.00	30.00	\N	\N	250	700.00	8.00	5.00	f	INR	2025-01-01 00:00:00	\N	1	t	2026-01-30 16:32:14.045	2026-01-30 16:32:14.045
a8d1f1c6-3857-44af-ab8b-2b76ccb4eb8f	Bus 50925fc1-d713-4b4d-8558-7ac327e60a6e Roundtrip	ROUNDTRIP	23419a74-bb7b-422a-8dbf-af15d8ca56ab	\N	50925fc1-d713-4b4d-8558-7ac327e60a6e	\N	\N	4000.00	30.00	\N	\N	250	700.00	8.00	5.00	f	INR	2025-01-01 00:00:00	\N	1	t	2026-01-30 16:32:14.048	2026-01-30 16:32:14.048
1ae22271-6af0-46ca-8036-4f0e916d600a	Sedan 52123a2c-8c6a-400e-8b43-fe70055c8986 Oneway	ONEWAY	2fc930a9-cb52-4813-b0a9-5dff78121d1c	\N	52123a2c-8c6a-400e-8b43-fe70055c8986	\N	\N	1200.00	12.00	\N	\N	250	300.00	8.00	5.00	f	INR	2025-01-01 00:00:00	\N	1	t	2026-01-30 16:32:14.051	2026-01-30 16:32:14.051
9e17fe5f-644b-4792-85d8-87ad819243b8	Sedan 52123a2c-8c6a-400e-8b43-fe70055c8986 Roundtrip	ROUNDTRIP	2fc930a9-cb52-4813-b0a9-5dff78121d1c	\N	52123a2c-8c6a-400e-8b43-fe70055c8986	\N	\N	1200.00	12.00	\N	\N	250	300.00	8.00	5.00	f	INR	2025-01-01 00:00:00	\N	1	t	2026-01-30 16:32:14.054	2026-01-30 16:32:14.054
319e38d3-ebb0-494b-95c5-8a73c5e34965	SUV 52123a2c-8c6a-400e-8b43-fe70055c8986 Oneway	ONEWAY	48c33bc8-491d-4c86-9b00-75f89903d72a	\N	52123a2c-8c6a-400e-8b43-fe70055c8986	\N	\N	1800.00	16.00	\N	\N	250	350.00	8.00	5.00	f	INR	2025-01-01 00:00:00	\N	1	t	2026-01-30 16:32:14.057	2026-01-30 16:32:14.057
bd8ffaee-1525-49e5-9027-f0e5364fef8e	SUV 52123a2c-8c6a-400e-8b43-fe70055c8986 Roundtrip	ROUNDTRIP	48c33bc8-491d-4c86-9b00-75f89903d72a	\N	52123a2c-8c6a-400e-8b43-fe70055c8986	\N	\N	1800.00	16.00	\N	\N	250	350.00	8.00	5.00	f	INR	2025-01-01 00:00:00	\N	1	t	2026-01-30 16:32:14.06	2026-01-30 16:32:14.06
637a6ca4-405f-416e-a40b-9728789893e4	Tempo Traveller 52123a2c-8c6a-400e-8b43-fe70055c8986 Oneway	ONEWAY	04cc25fc-7d90-4f07-aae8-250b6f9946d8	\N	52123a2c-8c6a-400e-8b43-fe70055c8986	\N	\N	2400.00	22.00	\N	\N	250	450.00	8.00	5.00	f	INR	2025-01-01 00:00:00	\N	1	t	2026-01-30 16:32:14.063	2026-01-30 16:32:14.063
d1700c30-276d-458f-9c84-85408763fc17	Tempo Traveller 52123a2c-8c6a-400e-8b43-fe70055c8986 Roundtrip	ROUNDTRIP	04cc25fc-7d90-4f07-aae8-250b6f9946d8	\N	52123a2c-8c6a-400e-8b43-fe70055c8986	\N	\N	2400.00	22.00	\N	\N	250	450.00	8.00	5.00	f	INR	2025-01-01 00:00:00	\N	1	t	2026-01-30 16:32:14.066	2026-01-30 16:32:14.066
ecfb1a00-899c-4125-bafe-0bd31af41bc8	Bus 52123a2c-8c6a-400e-8b43-fe70055c8986 Oneway	ONEWAY	23419a74-bb7b-422a-8dbf-af15d8ca56ab	\N	52123a2c-8c6a-400e-8b43-fe70055c8986	\N	\N	4000.00	30.00	\N	\N	250	700.00	8.00	5.00	f	INR	2025-01-01 00:00:00	\N	1	t	2026-01-30 16:32:14.069	2026-01-30 16:32:14.069
daa975bf-3c7e-44e2-8c16-41f53704d899	Bus 52123a2c-8c6a-400e-8b43-fe70055c8986 Roundtrip	ROUNDTRIP	23419a74-bb7b-422a-8dbf-af15d8ca56ab	\N	52123a2c-8c6a-400e-8b43-fe70055c8986	\N	\N	4000.00	30.00	\N	\N	250	700.00	8.00	5.00	f	INR	2025-01-01 00:00:00	\N	1	t	2026-01-30 16:32:14.072	2026-01-30 16:32:14.072
0f7b51aa-efad-4aad-82b5-172caa2d4d98	Sedan c61edd17-64ee-4631-ba75-2c19aedd6e71 Oneway	ONEWAY	2fc930a9-cb52-4813-b0a9-5dff78121d1c	\N	c61edd17-64ee-4631-ba75-2c19aedd6e71	\N	\N	1200.00	12.00	\N	\N	250	300.00	8.00	5.00	f	INR	2025-01-01 00:00:00	\N	1	t	2026-01-30 16:32:14.075	2026-01-30 16:32:14.075
4578aa41-f954-47b4-8dad-632fe8053e34	Sedan c61edd17-64ee-4631-ba75-2c19aedd6e71 Roundtrip	ROUNDTRIP	2fc930a9-cb52-4813-b0a9-5dff78121d1c	\N	c61edd17-64ee-4631-ba75-2c19aedd6e71	\N	\N	1200.00	12.00	\N	\N	250	300.00	8.00	5.00	f	INR	2025-01-01 00:00:00	\N	1	t	2026-01-30 16:32:14.078	2026-01-30 16:32:14.078
f018a404-b676-4af3-b2f2-8e408c66768a	SUV c61edd17-64ee-4631-ba75-2c19aedd6e71 Oneway	ONEWAY	48c33bc8-491d-4c86-9b00-75f89903d72a	\N	c61edd17-64ee-4631-ba75-2c19aedd6e71	\N	\N	1800.00	16.00	\N	\N	250	350.00	8.00	5.00	f	INR	2025-01-01 00:00:00	\N	1	t	2026-01-30 16:32:14.081	2026-01-30 16:32:14.081
cfbc91e8-d951-4987-a015-d8bd9d0eee50	SUV c61edd17-64ee-4631-ba75-2c19aedd6e71 Roundtrip	ROUNDTRIP	48c33bc8-491d-4c86-9b00-75f89903d72a	\N	c61edd17-64ee-4631-ba75-2c19aedd6e71	\N	\N	1800.00	16.00	\N	\N	250	350.00	8.00	5.00	f	INR	2025-01-01 00:00:00	\N	1	t	2026-01-30 16:32:14.084	2026-01-30 16:32:14.084
34a1817c-8884-4498-8703-fda44d22daee	Tempo Traveller c61edd17-64ee-4631-ba75-2c19aedd6e71 Oneway	ONEWAY	04cc25fc-7d90-4f07-aae8-250b6f9946d8	\N	c61edd17-64ee-4631-ba75-2c19aedd6e71	\N	\N	2400.00	22.00	\N	\N	250	450.00	8.00	5.00	f	INR	2025-01-01 00:00:00	\N	1	t	2026-01-30 16:32:14.087	2026-01-30 16:32:14.087
c8b58aea-7f3c-44d9-8f2c-51d7f611b6d4	Tempo Traveller c61edd17-64ee-4631-ba75-2c19aedd6e71 Roundtrip	ROUNDTRIP	04cc25fc-7d90-4f07-aae8-250b6f9946d8	\N	c61edd17-64ee-4631-ba75-2c19aedd6e71	\N	\N	2400.00	22.00	\N	\N	250	450.00	8.00	5.00	f	INR	2025-01-01 00:00:00	\N	1	t	2026-01-30 16:32:14.09	2026-01-30 16:32:14.09
c5889f3f-99c0-4a9d-b245-2d502cf7bfed	Bus c61edd17-64ee-4631-ba75-2c19aedd6e71 Oneway	ONEWAY	23419a74-bb7b-422a-8dbf-af15d8ca56ab	\N	c61edd17-64ee-4631-ba75-2c19aedd6e71	\N	\N	4000.00	30.00	\N	\N	250	700.00	8.00	5.00	f	INR	2025-01-01 00:00:00	\N	1	t	2026-01-30 16:32:14.093	2026-01-30 16:32:14.093
5b842766-a372-4cd2-82f5-c65e12730e80	Bus c61edd17-64ee-4631-ba75-2c19aedd6e71 Roundtrip	ROUNDTRIP	23419a74-bb7b-422a-8dbf-af15d8ca56ab	\N	c61edd17-64ee-4631-ba75-2c19aedd6e71	\N	\N	4000.00	30.00	\N	\N	250	700.00	8.00	5.00	f	INR	2025-01-01 00:00:00	\N	1	t	2026-01-30 16:32:14.098	2026-01-30 16:32:14.098
e256ec99-e039-439d-9ddb-da0853340e53	Sedan 76ff28a3-0e9d-4407-b3d2-a731e18977d5 Oneway	ONEWAY	2fc930a9-cb52-4813-b0a9-5dff78121d1c	\N	76ff28a3-0e9d-4407-b3d2-a731e18977d5	\N	\N	1200.00	12.00	\N	\N	250	300.00	8.00	5.00	f	INR	2025-01-01 00:00:00	\N	1	t	2026-01-30 16:32:14.101	2026-01-30 16:32:14.101
62f068df-b87b-48d9-b8ee-12464b7cd5e0	Sedan 76ff28a3-0e9d-4407-b3d2-a731e18977d5 Roundtrip	ROUNDTRIP	2fc930a9-cb52-4813-b0a9-5dff78121d1c	\N	76ff28a3-0e9d-4407-b3d2-a731e18977d5	\N	\N	1200.00	12.00	\N	\N	250	300.00	8.00	5.00	f	INR	2025-01-01 00:00:00	\N	1	t	2026-01-30 16:32:14.104	2026-01-30 16:32:14.104
687a7b9b-3129-49d1-b996-92541d365462	SUV 76ff28a3-0e9d-4407-b3d2-a731e18977d5 Oneway	ONEWAY	48c33bc8-491d-4c86-9b00-75f89903d72a	\N	76ff28a3-0e9d-4407-b3d2-a731e18977d5	\N	\N	1800.00	16.00	\N	\N	250	350.00	8.00	5.00	f	INR	2025-01-01 00:00:00	\N	1	t	2026-01-30 16:32:14.107	2026-01-30 16:32:14.107
82d62df8-9653-4034-8cff-33ab97ffcfc4	SUV 76ff28a3-0e9d-4407-b3d2-a731e18977d5 Roundtrip	ROUNDTRIP	48c33bc8-491d-4c86-9b00-75f89903d72a	\N	76ff28a3-0e9d-4407-b3d2-a731e18977d5	\N	\N	1800.00	16.00	\N	\N	250	350.00	8.00	5.00	f	INR	2025-01-01 00:00:00	\N	1	t	2026-01-30 16:32:14.111	2026-01-30 16:32:14.111
5743900b-eebd-4105-aff5-ddb4442ca6f0	Tempo Traveller 76ff28a3-0e9d-4407-b3d2-a731e18977d5 Oneway	ONEWAY	04cc25fc-7d90-4f07-aae8-250b6f9946d8	\N	76ff28a3-0e9d-4407-b3d2-a731e18977d5	\N	\N	2400.00	22.00	\N	\N	250	450.00	8.00	5.00	f	INR	2025-01-01 00:00:00	\N	1	t	2026-01-30 16:32:14.114	2026-01-30 16:32:14.114
b1494072-16a5-4427-a161-103f4a86827d	Tempo Traveller 76ff28a3-0e9d-4407-b3d2-a731e18977d5 Roundtrip	ROUNDTRIP	04cc25fc-7d90-4f07-aae8-250b6f9946d8	\N	76ff28a3-0e9d-4407-b3d2-a731e18977d5	\N	\N	2400.00	22.00	\N	\N	250	450.00	8.00	5.00	f	INR	2025-01-01 00:00:00	\N	1	t	2026-01-30 16:32:14.117	2026-01-30 16:32:14.117
ead3d546-c465-427e-81c8-ee4d4047da83	Bus 76ff28a3-0e9d-4407-b3d2-a731e18977d5 Oneway	ONEWAY	23419a74-bb7b-422a-8dbf-af15d8ca56ab	\N	76ff28a3-0e9d-4407-b3d2-a731e18977d5	\N	\N	4000.00	30.00	\N	\N	250	700.00	8.00	5.00	f	INR	2025-01-01 00:00:00	\N	1	t	2026-01-30 16:32:14.12	2026-01-30 16:32:14.12
9cee62f5-7add-4544-a223-0f319316248d	Bus 76ff28a3-0e9d-4407-b3d2-a731e18977d5 Roundtrip	ROUNDTRIP	23419a74-bb7b-422a-8dbf-af15d8ca56ab	\N	76ff28a3-0e9d-4407-b3d2-a731e18977d5	\N	\N	4000.00	30.00	\N	\N	250	700.00	8.00	5.00	f	INR	2025-01-01 00:00:00	\N	1	t	2026-01-30 16:32:14.123	2026-01-30 16:32:14.123
d80cea94-60a5-4bf6-a4d8-a6d00f98d91d	Sedan 3aa7755a-eda7-4948-aa62-5e25297fa2df Oneway	ONEWAY	2fc930a9-cb52-4813-b0a9-5dff78121d1c	\N	3aa7755a-eda7-4948-aa62-5e25297fa2df	\N	\N	1200.00	12.00	\N	\N	250	300.00	8.00	5.00	f	INR	2025-01-01 00:00:00	\N	1	t	2026-01-30 16:32:14.126	2026-01-30 16:32:14.126
16850449-b1a9-4174-aa49-0c099514988b	Sedan 3aa7755a-eda7-4948-aa62-5e25297fa2df Roundtrip	ROUNDTRIP	2fc930a9-cb52-4813-b0a9-5dff78121d1c	\N	3aa7755a-eda7-4948-aa62-5e25297fa2df	\N	\N	1200.00	12.00	\N	\N	250	300.00	8.00	5.00	f	INR	2025-01-01 00:00:00	\N	1	t	2026-01-30 16:32:14.129	2026-01-30 16:32:14.129
19600023-f710-4815-8ca5-e46aa6b09484	SUV 3aa7755a-eda7-4948-aa62-5e25297fa2df Oneway	ONEWAY	48c33bc8-491d-4c86-9b00-75f89903d72a	\N	3aa7755a-eda7-4948-aa62-5e25297fa2df	\N	\N	1800.00	16.00	\N	\N	250	350.00	8.00	5.00	f	INR	2025-01-01 00:00:00	\N	1	t	2026-01-30 16:32:14.132	2026-01-30 16:32:14.132
24327a40-d222-4d36-b0f8-0bf48c126734	SUV 3aa7755a-eda7-4948-aa62-5e25297fa2df Roundtrip	ROUNDTRIP	48c33bc8-491d-4c86-9b00-75f89903d72a	\N	3aa7755a-eda7-4948-aa62-5e25297fa2df	\N	\N	1800.00	16.00	\N	\N	250	350.00	8.00	5.00	f	INR	2025-01-01 00:00:00	\N	1	t	2026-01-30 16:32:14.135	2026-01-30 16:32:14.135
28c53168-dc07-4b1b-af4f-c602ea282c67	Tempo Traveller 3aa7755a-eda7-4948-aa62-5e25297fa2df Oneway	ONEWAY	04cc25fc-7d90-4f07-aae8-250b6f9946d8	\N	3aa7755a-eda7-4948-aa62-5e25297fa2df	\N	\N	2400.00	22.00	\N	\N	250	450.00	8.00	5.00	f	INR	2025-01-01 00:00:00	\N	1	t	2026-01-30 16:32:14.138	2026-01-30 16:32:14.138
9216ac60-a455-458e-8691-e4ba545081ba	Tempo Traveller 3aa7755a-eda7-4948-aa62-5e25297fa2df Roundtrip	ROUNDTRIP	04cc25fc-7d90-4f07-aae8-250b6f9946d8	\N	3aa7755a-eda7-4948-aa62-5e25297fa2df	\N	\N	2400.00	22.00	\N	\N	250	450.00	8.00	5.00	f	INR	2025-01-01 00:00:00	\N	1	t	2026-01-30 16:32:14.141	2026-01-30 16:32:14.141
d08e4f33-0a21-4aa4-b6e1-0890a1dc9bbd	Bus 3aa7755a-eda7-4948-aa62-5e25297fa2df Oneway	ONEWAY	23419a74-bb7b-422a-8dbf-af15d8ca56ab	\N	3aa7755a-eda7-4948-aa62-5e25297fa2df	\N	\N	4000.00	30.00	\N	\N	250	700.00	8.00	5.00	f	INR	2025-01-01 00:00:00	\N	1	t	2026-01-30 16:32:14.145	2026-01-30 16:32:14.145
9690fbae-e04f-4c9b-a451-ca0bfc538745	Bus 3aa7755a-eda7-4948-aa62-5e25297fa2df Roundtrip	ROUNDTRIP	23419a74-bb7b-422a-8dbf-af15d8ca56ab	\N	3aa7755a-eda7-4948-aa62-5e25297fa2df	\N	\N	4000.00	30.00	\N	\N	250	700.00	8.00	5.00	f	INR	2025-01-01 00:00:00	\N	1	t	2026-01-30 16:32:14.148	2026-01-30 16:32:14.148
1ae09140-b41f-4541-9fe2-b06a2df81c63	Sedan f8258297-3fed-47a8-91dc-803be9863f47 Oneway	ONEWAY	2fc930a9-cb52-4813-b0a9-5dff78121d1c	\N	f8258297-3fed-47a8-91dc-803be9863f47	\N	\N	1200.00	12.00	\N	\N	250	300.00	8.00	5.00	f	INR	2025-01-01 00:00:00	\N	1	t	2026-01-30 16:32:14.151	2026-01-30 16:32:14.151
3b00fb99-6612-4bc2-a475-b34a72a6bdea	Sedan f8258297-3fed-47a8-91dc-803be9863f47 Roundtrip	ROUNDTRIP	2fc930a9-cb52-4813-b0a9-5dff78121d1c	\N	f8258297-3fed-47a8-91dc-803be9863f47	\N	\N	1200.00	12.00	\N	\N	250	300.00	8.00	5.00	f	INR	2025-01-01 00:00:00	\N	1	t	2026-01-30 16:32:14.154	2026-01-30 16:32:14.154
44e7307a-cd43-4fe5-9abb-71c5eda3ba82	SUV f8258297-3fed-47a8-91dc-803be9863f47 Oneway	ONEWAY	48c33bc8-491d-4c86-9b00-75f89903d72a	\N	f8258297-3fed-47a8-91dc-803be9863f47	\N	\N	1800.00	16.00	\N	\N	250	350.00	8.00	5.00	f	INR	2025-01-01 00:00:00	\N	1	t	2026-01-30 16:32:14.157	2026-01-30 16:32:14.157
9e0323e2-45e3-49f1-99e1-7721f2b45afe	SUV f8258297-3fed-47a8-91dc-803be9863f47 Roundtrip	ROUNDTRIP	48c33bc8-491d-4c86-9b00-75f89903d72a	\N	f8258297-3fed-47a8-91dc-803be9863f47	\N	\N	1800.00	16.00	\N	\N	250	350.00	8.00	5.00	f	INR	2025-01-01 00:00:00	\N	1	t	2026-01-30 16:32:14.16	2026-01-30 16:32:14.16
2f9130e4-eb1b-4638-a810-feb9f6c27ed7	Tempo Traveller f8258297-3fed-47a8-91dc-803be9863f47 Oneway	ONEWAY	04cc25fc-7d90-4f07-aae8-250b6f9946d8	\N	f8258297-3fed-47a8-91dc-803be9863f47	\N	\N	2400.00	22.00	\N	\N	250	450.00	8.00	5.00	f	INR	2025-01-01 00:00:00	\N	1	t	2026-01-30 16:32:14.163	2026-01-30 16:32:14.163
85f1418b-babe-4d64-975a-c17be7375a45	Tempo Traveller f8258297-3fed-47a8-91dc-803be9863f47 Roundtrip	ROUNDTRIP	04cc25fc-7d90-4f07-aae8-250b6f9946d8	\N	f8258297-3fed-47a8-91dc-803be9863f47	\N	\N	2400.00	22.00	\N	\N	250	450.00	8.00	5.00	f	INR	2025-01-01 00:00:00	\N	1	t	2026-01-30 16:32:14.166	2026-01-30 16:32:14.166
3e9bffc4-043c-4470-bfdf-bd2d3f32d4ee	Bus f8258297-3fed-47a8-91dc-803be9863f47 Oneway	ONEWAY	23419a74-bb7b-422a-8dbf-af15d8ca56ab	\N	f8258297-3fed-47a8-91dc-803be9863f47	\N	\N	4000.00	30.00	\N	\N	250	700.00	8.00	5.00	f	INR	2025-01-01 00:00:00	\N	1	t	2026-01-30 16:32:14.17	2026-01-30 16:32:14.17
af3ca1df-934e-4100-9909-b17a115faedc	Bus f8258297-3fed-47a8-91dc-803be9863f47 Roundtrip	ROUNDTRIP	23419a74-bb7b-422a-8dbf-af15d8ca56ab	\N	f8258297-3fed-47a8-91dc-803be9863f47	\N	\N	4000.00	30.00	\N	\N	250	700.00	8.00	5.00	f	INR	2025-01-01 00:00:00	\N	1	t	2026-01-30 16:32:14.173	2026-01-30 16:32:14.173
e88cb011-5a9e-41cf-8d42-59e1484edcab	Sedan 367224f2-2c3e-4d42-a819-3311b0c03e41 Oneway	ONEWAY	2fc930a9-cb52-4813-b0a9-5dff78121d1c	\N	367224f2-2c3e-4d42-a819-3311b0c03e41	\N	\N	1200.00	12.00	\N	\N	250	300.00	8.00	5.00	f	INR	2025-01-01 00:00:00	\N	1	t	2026-01-30 16:32:14.176	2026-01-30 16:32:14.176
65e8b6f1-c0cd-437b-ac3e-bd5bdf8c39f8	Sedan 367224f2-2c3e-4d42-a819-3311b0c03e41 Roundtrip	ROUNDTRIP	2fc930a9-cb52-4813-b0a9-5dff78121d1c	\N	367224f2-2c3e-4d42-a819-3311b0c03e41	\N	\N	1200.00	12.00	\N	\N	250	300.00	8.00	5.00	f	INR	2025-01-01 00:00:00	\N	1	t	2026-01-30 16:32:14.18	2026-01-30 16:32:14.18
74936c3c-e4db-48ed-b168-644a191dae85	SUV 367224f2-2c3e-4d42-a819-3311b0c03e41 Oneway	ONEWAY	48c33bc8-491d-4c86-9b00-75f89903d72a	\N	367224f2-2c3e-4d42-a819-3311b0c03e41	\N	\N	1800.00	16.00	\N	\N	250	350.00	8.00	5.00	f	INR	2025-01-01 00:00:00	\N	1	t	2026-01-30 16:32:14.183	2026-01-30 16:32:14.183
7cbc7fa8-7ee8-4111-b0d8-ac650bfef259	SUV 367224f2-2c3e-4d42-a819-3311b0c03e41 Roundtrip	ROUNDTRIP	48c33bc8-491d-4c86-9b00-75f89903d72a	\N	367224f2-2c3e-4d42-a819-3311b0c03e41	\N	\N	1800.00	16.00	\N	\N	250	350.00	8.00	5.00	f	INR	2025-01-01 00:00:00	\N	1	t	2026-01-30 16:32:14.186	2026-01-30 16:32:14.186
74e1278c-a966-4b1b-a397-bf827e0a917e	Tempo Traveller 367224f2-2c3e-4d42-a819-3311b0c03e41 Oneway	ONEWAY	04cc25fc-7d90-4f07-aae8-250b6f9946d8	\N	367224f2-2c3e-4d42-a819-3311b0c03e41	\N	\N	2400.00	22.00	\N	\N	250	450.00	8.00	5.00	f	INR	2025-01-01 00:00:00	\N	1	t	2026-01-30 16:32:14.189	2026-01-30 16:32:14.189
026c3170-accc-4bf6-a868-6052fff3c6f2	Tempo Traveller 367224f2-2c3e-4d42-a819-3311b0c03e41 Roundtrip	ROUNDTRIP	04cc25fc-7d90-4f07-aae8-250b6f9946d8	\N	367224f2-2c3e-4d42-a819-3311b0c03e41	\N	\N	2400.00	22.00	\N	\N	250	450.00	8.00	5.00	f	INR	2025-01-01 00:00:00	\N	1	t	2026-01-30 16:32:14.192	2026-01-30 16:32:14.192
8c5fc386-abca-434d-bbbc-b572b5b652f9	Bus 367224f2-2c3e-4d42-a819-3311b0c03e41 Oneway	ONEWAY	23419a74-bb7b-422a-8dbf-af15d8ca56ab	\N	367224f2-2c3e-4d42-a819-3311b0c03e41	\N	\N	4000.00	30.00	\N	\N	250	700.00	8.00	5.00	f	INR	2025-01-01 00:00:00	\N	1	t	2026-01-30 16:32:14.195	2026-01-30 16:32:14.195
4b52327a-dff9-48b7-8807-cbec9923e306	Bus 367224f2-2c3e-4d42-a819-3311b0c03e41 Roundtrip	ROUNDTRIP	23419a74-bb7b-422a-8dbf-af15d8ca56ab	\N	367224f2-2c3e-4d42-a819-3311b0c03e41	\N	\N	4000.00	30.00	\N	\N	250	700.00	8.00	5.00	f	INR	2025-01-01 00:00:00	\N	1	t	2026-01-30 16:32:14.199	2026-01-30 16:32:14.199
eaa120df-ff18-48ac-8cdf-32bb1e5f4566	Sedan 5ffe2659-88bf-487e-b3b1-2f6c74229d0f Oneway	ONEWAY	2fc930a9-cb52-4813-b0a9-5dff78121d1c	\N	5ffe2659-88bf-487e-b3b1-2f6c74229d0f	\N	\N	1200.00	12.00	\N	\N	250	300.00	8.00	5.00	f	INR	2025-01-01 00:00:00	\N	1	t	2026-01-30 16:32:14.202	2026-01-30 16:32:14.202
731de010-12f0-48b4-8e06-c47892c745b9	Sedan 5ffe2659-88bf-487e-b3b1-2f6c74229d0f Roundtrip	ROUNDTRIP	2fc930a9-cb52-4813-b0a9-5dff78121d1c	\N	5ffe2659-88bf-487e-b3b1-2f6c74229d0f	\N	\N	1200.00	12.00	\N	\N	250	300.00	8.00	5.00	f	INR	2025-01-01 00:00:00	\N	1	t	2026-01-30 16:32:14.205	2026-01-30 16:32:14.205
59fc999a-3b65-4c03-afc1-a9f0e42648a9	SUV 5ffe2659-88bf-487e-b3b1-2f6c74229d0f Oneway	ONEWAY	48c33bc8-491d-4c86-9b00-75f89903d72a	\N	5ffe2659-88bf-487e-b3b1-2f6c74229d0f	\N	\N	1800.00	16.00	\N	\N	250	350.00	8.00	5.00	f	INR	2025-01-01 00:00:00	\N	1	t	2026-01-30 16:32:14.209	2026-01-30 16:32:14.209
fe0f4ad6-5b9b-4cae-b351-682433f0cecf	SUV 5ffe2659-88bf-487e-b3b1-2f6c74229d0f Roundtrip	ROUNDTRIP	48c33bc8-491d-4c86-9b00-75f89903d72a	\N	5ffe2659-88bf-487e-b3b1-2f6c74229d0f	\N	\N	1800.00	16.00	\N	\N	250	350.00	8.00	5.00	f	INR	2025-01-01 00:00:00	\N	1	t	2026-01-30 16:32:14.214	2026-01-30 16:32:14.214
6a95dde5-bb4c-4a98-aa38-0fe7bff5dfc5	Tempo Traveller 5ffe2659-88bf-487e-b3b1-2f6c74229d0f Oneway	ONEWAY	04cc25fc-7d90-4f07-aae8-250b6f9946d8	\N	5ffe2659-88bf-487e-b3b1-2f6c74229d0f	\N	\N	2400.00	22.00	\N	\N	250	450.00	8.00	5.00	f	INR	2025-01-01 00:00:00	\N	1	t	2026-01-30 16:32:14.219	2026-01-30 16:32:14.219
a057cab0-c0db-4969-b9ca-441aa1ac3b58	Tempo Traveller 5ffe2659-88bf-487e-b3b1-2f6c74229d0f Roundtrip	ROUNDTRIP	04cc25fc-7d90-4f07-aae8-250b6f9946d8	\N	5ffe2659-88bf-487e-b3b1-2f6c74229d0f	\N	\N	2400.00	22.00	\N	\N	250	450.00	8.00	5.00	f	INR	2025-01-01 00:00:00	\N	1	t	2026-01-30 16:32:14.222	2026-01-30 16:32:14.222
ef077d99-3471-442f-afd7-6866ca5ae178	Bus 5ffe2659-88bf-487e-b3b1-2f6c74229d0f Oneway	ONEWAY	23419a74-bb7b-422a-8dbf-af15d8ca56ab	\N	5ffe2659-88bf-487e-b3b1-2f6c74229d0f	\N	\N	4000.00	30.00	\N	\N	250	700.00	8.00	5.00	f	INR	2025-01-01 00:00:00	\N	1	t	2026-01-30 16:32:14.227	2026-01-30 16:32:14.227
b0078ffa-b890-4555-b558-6fc31491f97e	Bus 5ffe2659-88bf-487e-b3b1-2f6c74229d0f Roundtrip	ROUNDTRIP	23419a74-bb7b-422a-8dbf-af15d8ca56ab	\N	5ffe2659-88bf-487e-b3b1-2f6c74229d0f	\N	\N	4000.00	30.00	\N	\N	250	700.00	8.00	5.00	f	INR	2025-01-01 00:00:00	\N	1	t	2026-01-30 16:32:14.232	2026-01-30 16:32:14.232
b4593a0c-e32a-4af1-ae5d-8425012e7358	Sedan 050ec7a7-d1a0-4e52-bdb9-f2d1f2672734 Oneway	ONEWAY	2fc930a9-cb52-4813-b0a9-5dff78121d1c	\N	050ec7a7-d1a0-4e52-bdb9-f2d1f2672734	\N	\N	1200.00	12.00	\N	\N	250	300.00	8.00	5.00	f	INR	2025-01-01 00:00:00	\N	1	t	2026-01-30 16:32:14.235	2026-01-30 16:32:14.235
9b800f85-6cb7-4e05-8c8e-45380b775a91	Sedan 050ec7a7-d1a0-4e52-bdb9-f2d1f2672734 Roundtrip	ROUNDTRIP	2fc930a9-cb52-4813-b0a9-5dff78121d1c	\N	050ec7a7-d1a0-4e52-bdb9-f2d1f2672734	\N	\N	1200.00	12.00	\N	\N	250	300.00	8.00	5.00	f	INR	2025-01-01 00:00:00	\N	1	t	2026-01-30 16:32:14.237	2026-01-30 16:32:14.237
d6d364cf-4edd-4c9e-a254-66352386ca1e	SUV 050ec7a7-d1a0-4e52-bdb9-f2d1f2672734 Oneway	ONEWAY	48c33bc8-491d-4c86-9b00-75f89903d72a	\N	050ec7a7-d1a0-4e52-bdb9-f2d1f2672734	\N	\N	1800.00	16.00	\N	\N	250	350.00	8.00	5.00	f	INR	2025-01-01 00:00:00	\N	1	t	2026-01-30 16:32:14.24	2026-01-30 16:32:14.24
6f8c02e3-eac1-4835-b124-581cc92dcaeb	SUV 050ec7a7-d1a0-4e52-bdb9-f2d1f2672734 Roundtrip	ROUNDTRIP	48c33bc8-491d-4c86-9b00-75f89903d72a	\N	050ec7a7-d1a0-4e52-bdb9-f2d1f2672734	\N	\N	1800.00	16.00	\N	\N	250	350.00	8.00	5.00	f	INR	2025-01-01 00:00:00	\N	1	t	2026-01-30 16:32:14.243	2026-01-30 16:32:14.243
09dadd36-ebd5-405f-822e-ad80025d153c	Tempo Traveller 050ec7a7-d1a0-4e52-bdb9-f2d1f2672734 Oneway	ONEWAY	04cc25fc-7d90-4f07-aae8-250b6f9946d8	\N	050ec7a7-d1a0-4e52-bdb9-f2d1f2672734	\N	\N	2400.00	22.00	\N	\N	250	450.00	8.00	5.00	f	INR	2025-01-01 00:00:00	\N	1	t	2026-01-30 16:32:14.246	2026-01-30 16:32:14.246
18573053-1d0f-4471-8726-ef16cec132ad	Tempo Traveller 050ec7a7-d1a0-4e52-bdb9-f2d1f2672734 Roundtrip	ROUNDTRIP	04cc25fc-7d90-4f07-aae8-250b6f9946d8	\N	050ec7a7-d1a0-4e52-bdb9-f2d1f2672734	\N	\N	2400.00	22.00	\N	\N	250	450.00	8.00	5.00	f	INR	2025-01-01 00:00:00	\N	1	t	2026-01-30 16:32:14.25	2026-01-30 16:32:14.25
661f4114-127e-44f7-9de3-751625719a1b	Bus 050ec7a7-d1a0-4e52-bdb9-f2d1f2672734 Oneway	ONEWAY	23419a74-bb7b-422a-8dbf-af15d8ca56ab	\N	050ec7a7-d1a0-4e52-bdb9-f2d1f2672734	\N	\N	4000.00	30.00	\N	\N	250	700.00	8.00	5.00	f	INR	2025-01-01 00:00:00	\N	1	t	2026-01-30 16:32:14.253	2026-01-30 16:32:14.253
d51b6ad3-51c4-4e33-a49f-9e8410d3ca22	Bus 050ec7a7-d1a0-4e52-bdb9-f2d1f2672734 Roundtrip	ROUNDTRIP	23419a74-bb7b-422a-8dbf-af15d8ca56ab	\N	050ec7a7-d1a0-4e52-bdb9-f2d1f2672734	\N	\N	4000.00	30.00	\N	\N	250	700.00	8.00	5.00	f	INR	2025-01-01 00:00:00	\N	1	t	2026-01-30 16:32:14.256	2026-01-30 16:32:14.256
8170100d-9c2f-4fa9-8677-de0e099a3a23	Sedan a488ed25-c356-4320-85f6-0b9f505c8449 Oneway	ONEWAY	2fc930a9-cb52-4813-b0a9-5dff78121d1c	\N	a488ed25-c356-4320-85f6-0b9f505c8449	\N	\N	1200.00	12.00	\N	\N	250	300.00	8.00	5.00	f	INR	2025-01-01 00:00:00	\N	1	t	2026-01-30 16:32:14.258	2026-01-30 16:32:14.258
ba68704c-8544-4de3-a33e-753371e37398	Sedan a488ed25-c356-4320-85f6-0b9f505c8449 Roundtrip	ROUNDTRIP	2fc930a9-cb52-4813-b0a9-5dff78121d1c	\N	a488ed25-c356-4320-85f6-0b9f505c8449	\N	\N	1200.00	12.00	\N	\N	250	300.00	8.00	5.00	f	INR	2025-01-01 00:00:00	\N	1	t	2026-01-30 16:32:14.261	2026-01-30 16:32:14.261
6be7b0d0-4a4f-450a-b945-b9ee0fcd552f	SUV a488ed25-c356-4320-85f6-0b9f505c8449 Oneway	ONEWAY	48c33bc8-491d-4c86-9b00-75f89903d72a	\N	a488ed25-c356-4320-85f6-0b9f505c8449	\N	\N	1800.00	16.00	\N	\N	250	350.00	8.00	5.00	f	INR	2025-01-01 00:00:00	\N	1	t	2026-01-30 16:32:14.265	2026-01-30 16:32:14.265
8bf3da2b-9cfc-4d22-92d4-22df7b3d6be7	SUV a488ed25-c356-4320-85f6-0b9f505c8449 Roundtrip	ROUNDTRIP	48c33bc8-491d-4c86-9b00-75f89903d72a	\N	a488ed25-c356-4320-85f6-0b9f505c8449	\N	\N	1800.00	16.00	\N	\N	250	350.00	8.00	5.00	f	INR	2025-01-01 00:00:00	\N	1	t	2026-01-30 16:32:14.268	2026-01-30 16:32:14.268
fbda3133-f697-4c32-a87f-1172e12ab33a	Tempo Traveller a488ed25-c356-4320-85f6-0b9f505c8449 Oneway	ONEWAY	04cc25fc-7d90-4f07-aae8-250b6f9946d8	\N	a488ed25-c356-4320-85f6-0b9f505c8449	\N	\N	2400.00	22.00	\N	\N	250	450.00	8.00	5.00	f	INR	2025-01-01 00:00:00	\N	1	t	2026-01-30 16:32:14.271	2026-01-30 16:32:14.271
43df597e-4a0a-4ad8-8f20-85975490c1a3	Tempo Traveller a488ed25-c356-4320-85f6-0b9f505c8449 Roundtrip	ROUNDTRIP	04cc25fc-7d90-4f07-aae8-250b6f9946d8	\N	a488ed25-c356-4320-85f6-0b9f505c8449	\N	\N	2400.00	22.00	\N	\N	250	450.00	8.00	5.00	f	INR	2025-01-01 00:00:00	\N	1	t	2026-01-30 16:32:14.274	2026-01-30 16:32:14.274
1d44e90c-a8c4-4ac8-a7c3-45160c1cb15f	Bus a488ed25-c356-4320-85f6-0b9f505c8449 Oneway	ONEWAY	23419a74-bb7b-422a-8dbf-af15d8ca56ab	\N	a488ed25-c356-4320-85f6-0b9f505c8449	\N	\N	4000.00	30.00	\N	\N	250	700.00	8.00	5.00	f	INR	2025-01-01 00:00:00	\N	1	t	2026-01-30 16:32:14.276	2026-01-30 16:32:14.276
e2d1d449-f9b6-4df5-a24f-196258bad388	Bus a488ed25-c356-4320-85f6-0b9f505c8449 Roundtrip	ROUNDTRIP	23419a74-bb7b-422a-8dbf-af15d8ca56ab	\N	a488ed25-c356-4320-85f6-0b9f505c8449	\N	\N	4000.00	30.00	\N	\N	250	700.00	8.00	5.00	f	INR	2025-01-01 00:00:00	\N	1	t	2026-01-30 16:32:14.28	2026-01-30 16:32:14.28
\.


--
-- Data for Name: promo_code_properties; Type: TABLE DATA; Schema: public; Owner: postgres
--

COPY public.promo_code_properties (id, promo_code_id, property_id, created_at) FROM stdin;
\.


--
-- Data for Name: promo_code_redemptions; Type: TABLE DATA; Schema: public; Owner: postgres
--

COPY public.promo_code_redemptions (id, promo_code_id, booking_id, guest_id, redeemed_at, discount_amount) FROM stdin;
\.


--
-- Data for Name: promo_codes; Type: TABLE DATA; Schema: public; Owner: postgres
--

COPY public.promo_codes (id, code, scope, host_id, property_id, name, description, discount_type, discount_value, min_nights, start_date, end_date, max_uses_total, max_uses_per_guest, first_time_only, is_active, created_by_admin_id, created_at, updated_at, image_url, coupon_type, card_image_url, min_booking_amount, max_discount_amount, applies_to, created_by, usage_limit_total, usage_limit_per_user, used_count) FROM stdin;
1	NEWYEAR2026	platform	\N	\N	New Year	Flat 1500 off for first timers	fixed	1500.00	1	2026-01-02	2026-02-01	\N	\N	t	t	\N	2026-01-03 17:47:33.963538+03	2026-01-03 17:47:33.963538+03	\N	CODE	\N	\N	\N	ALL	ADMIN	\N	\N	0
2	ADMIN10	property	308	129	Admin 10%	Admin-created 10% off for this property	percent	10.00	1	2026-01-20	2026-02-19	\N	\N	f	t	\N	2026-01-21 15:18:51.855773+03	2026-01-21 15:18:51.855773+03	\N	CODE	\N	\N	\N	ALL	ADMIN	\N	\N	0
3	HOST15	host	308	\N	Host 15%	Admin-created 15% off across this host	percent	15.00	1	2026-01-20	2026-02-19	\N	\N	f	t	\N	2026-01-21 15:18:52.0182+03	2026-01-21 15:18:52.0182+03	\N	CODE	\N	\N	\N	ALL	ADMIN	\N	\N	0
4	TEST10	platform	\N	\N	Test 10% Off	Platform test coupon 10% off	percent	10.00	1	2026-02-05	2026-03-07	\N	\N	f	t	\N	2026-02-05 01:24:57.930468+03	2026-02-05 01:24:57.930468+03	\N	CODE	\N	\N	\N	ALL	ADMIN	\N	\N	0
\.


--
-- Data for Name: promo_videos; Type: TABLE DATA; Schema: public; Owner: postgres
--

COPY public.promo_videos (id, title, "videoType", "videoUrl", "thumbnailUrl", caption, "sortOrder", "isActive", "createdAt", "updatedAt") FROM stdin;
f1d12cac-b769-4442-bd64-9ac4ab662a55	Oxitaxi customer story	YOUTUBE	https://www.youtube.com/watch?v=dQw4w9WgXcQ	https://picsum.photos/seed/cabs-video-1/1200/800	See why guests love outstation rides with Oxitaxi.	1	t	2026-02-01 14:53:27.117	2026-02-01 14:53:27.117
83a98555-f2d0-49dc-b92e-d718e18ad220	Fleet walk-through	VIMEO	https://vimeo.com/76979871	https://picsum.photos/seed/cabs-video-2/1200/800	Explore the interiors before you book.	2	t	2026-02-01 14:53:27.117	2026-02-01 14:53:27.117
bb1f8c0f-845a-4798-81a2-0e28929176a2	City to hill drive	YOUTUBE	https://www.youtube.com/watch?v=aqz-KE-bpKQ	https://picsum.photos/seed/cabs-video-3/1200/800	A scenic outstation journey.	3	t	2026-02-01 16:11:37.695	2026-02-01 16:11:37.695
972ccc01-9efc-4805-bacf-5189ea18f526	Driver safety briefing	VIMEO	https://vimeo.com/22439234	https://picsum.photos/seed/cabs-video-4/1200/800	Safety protocols for every ride.	4	t	2026-02-01 16:11:37.695	2026-02-01 16:11:37.695
6ebab0e5-f848-431a-a0ee-9dacf12c0c01	Family trip highlights	YOUTUBE	https://www.youtube.com/watch?v=J---aiyznGQ	https://picsum.photos/seed/cabs-video-5/1200/800	Comfortable journeys with family.	5	t	2026-02-01 16:11:37.695	2026-02-01 16:11:37.695
ca77a318-78f3-4360-9835-7adb4cf1f98e	Luxury coach tour	VIMEO	https://vimeo.com/45830194	https://picsum.photos/seed/cabs-video-6/1200/800	Premium buses for group travel.	6	t	2026-02-01 16:11:37.695	2026-02-01 16:11:37.695
04959e2f-b61d-430a-a0a3-3b36ad9967d7	Weekend escape story	YOUTUBE	https://www.youtube.com/watch?v=ScMzIvxBSi4	https://picsum.photos/seed/cabs-video-7/1200/800	Short getaways made easy.	7	t	2026-02-01 16:11:37.695	2026-02-01 16:11:37.695
ff105f22-263b-4259-8430-3659ef7c9c69	Tempo traveller interiors	VIMEO	https://vimeo.com/76979871	https://picsum.photos/seed/cabs-video-8/1200/800	Spacious seating for groups.	8	t	2026-02-01 16:11:37.695	2026-02-01 16:11:37.695
4168b869-e9d3-41e0-be8e-b775c250c856	Airport transfer guide	YOUTUBE	https://www.youtube.com/watch?v=oHg5SJYRHA0	https://picsum.photos/seed/cabs-video-9/1200/800	Smooth pickups and drop-offs.	9	t	2026-02-01 16:11:37.695	2026-02-01 16:11:37.695
a2541f76-f383-49f9-ba20-bc92bb7edb8f	Night ride safety	VIMEO	https://vimeo.com/148751763	https://picsum.photos/seed/cabs-video-10/1200/800	Safe late-night travel tips.	10	t	2026-02-01 16:11:37.695	2026-02-01 16:11:37.695
\.


--
-- Data for Name: promotions; Type: TABLE DATA; Schema: public; Owner: postgres
--

COPY public.promotions (id, host_id, property_id, discount_type, discount_value, start_date, end_date, min_nights, max_uses_total, is_active, created_at, updated_at, name, description, max_uses_per_guest, approval_status, stack_rule) FROM stdin;
1	310	128	percent	10.00	2026-01-02	2026-01-02	1	10	t	2026-01-01 20:03:30.008533+03	2026-01-01 20:03:30.008533+03	\N	\N	\N	active	none
2	306	16	percent	10.00	2026-01-02	2026-02-01	2	50	t	2026-01-03 17:47:33.926096+03	2026-01-03 17:47:33.926096+03	January Boost	10% off for stays this month	\N	active	allow_with_cards
3	310	128	percent	10.00	2026-01-21	2026-01-21	1	10	t	2026-01-20 17:53:50.015267+03	2026-01-20 17:53:50.015267+03	Demo Offer	10% demo discount for sample bookings.	\N	active	none
4	310	128	percent	10.00	2026-01-22	2026-01-22	1	10	t	2026-01-21 13:45:45.970746+03	2026-01-21 13:45:45.970746+03	Demo Offer	10% demo discount for sample bookings.	\N	active	none
5	308	129	percent	10.00	2026-01-20	2026-02-19	2	50	t	2026-01-21 15:18:51.814013+03	2026-01-21 15:18:51.814013+03	January Boost	10% off for stays this month	\N	active	allow_with_cards
6	308	129	percent	12.00	2026-01-20	2026-02-19	2	50	t	2026-01-21 15:18:51.828284+03	2026-01-21 15:18:51.828284+03	Weekend Spark	12% off on weekend getaways	\N	active	allow_with_cards
7	310	128	percent	10.00	2026-01-23	2026-01-23	1	10	t	2026-01-22 03:30:41.134494+03	2026-01-22 03:30:41.134494+03	Demo Offer	10% demo discount for sample bookings.	\N	active	none
8	310	128	percent	10.00	2026-01-24	2026-01-24	1	10	t	2026-01-23 12:42:57.55733+03	2026-01-23 12:42:57.55733+03	Demo Offer	10% demo discount for sample bookings.	\N	active	none
9	310	128	percent	10.00	2026-01-25	2026-01-25	1	10	t	2026-01-24 13:23:33.17304+03	2026-01-24 13:23:33.17304+03	Demo Offer	10% demo discount for sample bookings.	\N	active	none
10	310	128	percent	10.00	2026-01-28	2026-01-28	1	10	t	2026-01-27 15:56:27.402927+03	2026-01-27 15:56:27.402927+03	Demo Offer	10% demo discount for sample bookings.	\N	active	none
11	310	128	percent	10.00	2026-01-29	2026-01-29	1	10	t	2026-01-28 10:27:02.991609+03	2026-01-28 10:27:02.991609+03	Demo Offer	10% demo discount for sample bookings.	\N	active	none
12	310	128	percent	10.00	2026-01-30	2026-01-30	1	10	t	2026-01-29 13:51:41.729554+03	2026-01-29 13:51:41.729554+03	Demo Offer	10% demo discount for sample bookings.	\N	active	none
13	310	128	percent	10.00	2026-01-31	2026-01-31	1	10	t	2026-01-30 16:38:36.111421+03	2026-01-30 16:38:36.111421+03	Demo Offer	10% demo discount for sample bookings.	\N	active	none
14	310	128	percent	10.00	2026-02-01	2026-02-01	1	10	t	2026-01-31 12:44:19.459538+03	2026-01-31 12:44:19.459538+03	Demo Offer	10% demo discount for sample bookings.	\N	active	none
15	310	128	percent	10.00	2026-02-02	2026-02-02	1	10	t	2026-02-01 16:52:59.76481+03	2026-02-01 16:52:59.76481+03	Demo Offer	10% demo discount for sample bookings.	\N	active	none
16	310	128	percent	10.00	2026-02-03	2026-02-03	1	10	t	2026-02-02 19:37:39.884048+03	2026-02-02 19:37:39.884048+03	Demo Offer	10% demo discount for sample bookings.	\N	active	none
17	310	128	percent	10.00	2026-02-03	2026-02-03	1	10	t	2026-02-02 19:37:39.884112+03	2026-02-02 19:37:39.884112+03	Demo Offer	10% demo discount for sample bookings.	\N	active	none
18	310	128	percent	10.00	2026-02-04	2026-02-04	1	10	t	2026-02-03 15:58:20.09636+03	2026-02-03 15:58:20.09636+03	Demo Offer	10% demo discount for sample bookings.	\N	active	none
19	310	128	percent	10.00	2026-02-05	2026-02-05	1	10	t	2026-02-04 13:18:19.428953+03	2026-02-04 13:18:19.428953+03	Demo Offer	10% demo discount for sample bookings.	\N	active	none
20	310	128	percent	10.00	2026-02-06	2026-02-06	1	10	t	2026-02-05 20:45:32.803276+03	2026-02-05 20:45:32.803276+03	Demo Offer	10% demo discount for sample bookings.	\N	active	none
\.


--
-- Data for Name: properties; Type: TABLE DATA; Schema: public; Owner: postgres
--

COPY public.properties (id, title, slug, property_code, description, short_description, property_type, accommodation_type, country, state, city, area, address_line, latitude, longitude, bedrooms, bathrooms, max_guests, min_nights, max_nights, base_price_per_night, weekend_price_per_night, extra_guest_charge, cleaning_fee, service_fee, currency, check_in_time, check_out_time, cancellation_policy, house_rules, is_featured, status, publish_date, seo_title, seo_description, seo_keywords, created_at, updated_at, name, address, tax_percent, instant_booking, verified, is_trending, host_id, full_address, locality, landmark, beds, highlights, base_weekday_price, base_weekend_price, security_deposit, taxes_percent, avg_rating, review_count, meta_title, meta_description, is_luxury, availability_enabled, advance_booking_min_days, advance_booking_max_days, allow_same_day_booking, check_in_days, check_out_days, star_rating, pet_policy, smoking_policy, id_requirement, refund_rules, addons, featured_listing, featured_image, video_url, weekly_discount, monthly_discount, marketplace_status, booking_mode, check_in_notes, check_out_notes, security_deposit_policy, meal_details, faq_items, house_rules_sections) FROM stdin;
16	Homevilas Stay 3	homevilas-stay-3-102	HVL-9112-homevilas-stay-3-102	A beautiful stay with premium amenities and curated experiences.	\N	cottage	\N	\N	\N	Jaipur	C-Scheme	\N	\N	\N	3	1	4	\N	\N	190.00	220.00	15.00	20.00	\N	INR	\N	\N	\N	\N	f	published	\N	\N	\N	\N	2025-12-18 01:34:51.782204+03	2025-12-18 01:34:51.782204+03	Homevilas Stay 3	C-Scheme, Jaipur	5.00	f	t	f	\N	C-Scheme, Jaipur	\N	\N	0	\N	0.00	0.00	0.00	0.000	0.00	0	Homevilas Stay 3	A beautiful stay with premium amenities and curated experiences.	f	t	0	\N	t	\N	\N	\N	\N	\N	\N	\N	\N	f	\N	\N	0.000	0.000	ACTIVE	full_property	\N	\N	\N	\N	\N	\N
17	Homevilas Stay 4	homevilas-stay-4-103	HVL-5500-homevilas-stay-4-103	A beautiful stay with premium amenities and curated experiences.	\N	homestay	\N	\N	\N	Kerala	Fort Kochi	\N	\N	\N	1	2	5	\N	\N	210.00	240.00	15.00	20.00	\N	INR	\N	\N	\N	\N	f	published	\N	\N	\N	\N	2025-12-18 01:34:51.782204+03	2025-12-18 01:34:51.782204+03	Homevilas Stay 4	Fort Kochi, Kerala	5.00	t	f	f	\N	Fort Kochi, Kerala	\N	\N	0	\N	0.00	0.00	0.00	0.000	0.00	0	Homevilas Stay 4	A beautiful stay with premium amenities and curated experiences.	f	t	0	\N	t	\N	\N	\N	\N	\N	\N	\N	\N	f	\N	\N	0.000	0.000	ACTIVE	full_property	\N	\N	\N	\N	\N	\N
18	Homevilas Stay 5	homevilas-stay-5-104	HVL-7612-homevilas-stay-5-104	A beautiful stay with premium amenities and curated experiences.	\N	private_villa	\N	\N	\N	Manali	Old Manali	\N	\N	\N	2	1	2	\N	\N	230.00	260.00	15.00	20.00	\N	INR	\N	\N	\N	\N	f	published	\N	\N	\N	\N	2025-12-18 01:34:51.782204+03	2025-12-18 01:34:51.782204+03	Homevilas Stay 5	Old Manali, Manali	5.00	f	t	f	\N	Old Manali, Manali	\N	\N	0	\N	0.00	0.00	0.00	0.000	0.00	0	Homevilas Stay 5	A beautiful stay with premium amenities and curated experiences.	f	t	0	\N	t	\N	\N	\N	\N	\N	\N	\N	\N	f	\N	\N	0.000	0.000	ACTIVE	full_property	\N	\N	\N	\N	\N	\N
21	Homevilas Stay 8	homevilas-stay-8-107	HVL-7349-homevilas-stay-8-107	A beautiful stay with premium amenities and curated experiences.	\N	cottage	\N	\N	\N	Jaipur	C-Scheme	\N	\N	\N	2	2	5	\N	\N	290.00	320.00	15.00	20.00	\N	INR	\N	\N	\N	\N	f	published	\N	\N	\N	\N	2025-12-18 01:34:51.782204+03	2025-12-18 01:34:51.782204+03	Homevilas Stay 8	C-Scheme, Jaipur	5.00	f	f	f	\N	C-Scheme, Jaipur	\N	\N	0	\N	0.00	0.00	0.00	0.000	0.00	0	Homevilas Stay 8	A beautiful stay with premium amenities and curated experiences.	f	t	0	\N	t	\N	\N	\N	\N	\N	\N	\N	\N	f	\N	\N	0.000	0.000	ACTIVE	full_property	\N	\N	\N	\N	\N	\N
14	Homevilas Stay 1	homevilas-stay-1-100	HVL-7548-homevilas-stay-1-100	A beautiful stay with premium amenities and curated experiences.	\N	villa	\N	\N	\N	Goa	Calangute	\N	\N	\N	1	1	2	\N	\N	150.00	180.00	15.00	20.00	\N	INR	\N	\N	\N	\N	f	published	\N	\N	\N	\N	2025-12-18 01:34:51.782204+03	2025-12-18 02:24:30.397053+03	Homevilas Stay 1	Calangute, Goa	5.00	t	t	f	\N	Calangute, Goa	\N	\N	0	\N	0.00	0.00	0.00	0.000	0.00	0	Homevilas Stay 1	A beautiful stay with premium amenities and curated experiences.	f	t	0	\N	t	\N	\N	\N	\N	\N	\N	\N	\N	f	\N	\N	0.000	0.000	ACTIVE	full_property	\N	\N	\N	\N	\N	\N
15	Homevilas Stay 2	homevilas-stay-2-101	HVL-8145-homevilas-stay-2-101	A beautiful stay with premium amenities and curated experiences.	\N	hotel	\N	\N	\N	Delhi	Connaught Place	\N	\N	\N	2	2	3	\N	\N	170.00	200.00	15.00	20.00	\N	INR	\N	\N	\N	\N	t	published	\N	\N	\N	\N	2025-12-18 01:34:51.782204+03	2025-12-18 20:39:24.823112+03	Homevilas Stay 2	Connaught Place, Delhi	5.00	f	f	f	\N	Connaught Place, Delhi	\N	\N	0	\N	0.00	0.00	0.00	0.000	0.00	0	Homevilas Stay 2	A beautiful stay with premium amenities and curated experiences.	f	t	0	\N	t	\N	\N	\N	\N	\N	\N	\N	\N	f	\N	\N	0.000	0.000	ACTIVE	full_property	\N	\N	\N	\N	\N	\N
23	Homevilas Stay 10	homevilas-stay-10-109	HVL-6412-homevilas-stay-10-109	A beautiful stay with premium amenities and curated experiences.	\N	private_villa	\N	\N	\N	Manali	Old Manali	\N	\N	\N	1	2	3	\N	\N	330.00	360.00	15.00	20.00	\N	INR	\N	\N	\N	\N	t	published	\N	\N	\N	\N	2025-12-18 01:34:51.782204+03	2025-12-20 15:27:48.149061+03	Homevilas Stay 10	Old Manali, Manali	5.00	t	f	f	\N	Old Manali, Manali	\N	\N	0	\N	0.00	0.00	0.00	0.000	0.00	0	Homevilas Stay 10	A beautiful stay with premium amenities and curated experiences.	f	t	0	\N	t	\N	\N	\N	\N	\N	\N	\N	\N	f	\N	\N	0.000	0.000	ACTIVE	full_property	\N	\N	\N	\N	\N	\N
22	Homevilas Stay 9	homevilas-stay-9-108	HVL-3948-homevilas-stay-9-108	A beautiful stay with premium amenities and curated experiences.	\N	homestay	\N	\N	\N	Kerala	Fort Kochi	\N	\N	\N	3	1	2	\N	\N	310.00	340.00	15.00	20.00	\N	INR	\N	\N	\N	\N	t	published	\N	\N	\N	\N	2025-12-18 01:34:51.782204+03	2025-12-20 15:27:49.711094+03	Homevilas Stay 9	Fort Kochi, Kerala	5.00	f	t	f	\N	Fort Kochi, Kerala	\N	\N	0	\N	0.00	0.00	0.00	0.000	0.00	0	Homevilas Stay 9	A beautiful stay with premium amenities and curated experiences.	f	t	0	\N	t	\N	\N	\N	\N	\N	\N	\N	\N	f	\N	\N	0.000	0.000	ACTIVE	full_property	\N	\N	\N	\N	\N	\N
80	Delhi Luxury Villa 7	hv-demo-delhi-villa-7	HVL-DEMO-0007	Delhi Luxury Villa 7 is designed for families and groups seeking privacy, with curated experiences and verified staff.	Delhi Luxury Villa 7 is designed for families and groups seeking privacy, with curated experiences and verified staff.	villa	villa	India	Delhi	Delhi	\N	Hauz Khas, Delhi, Delhi	28.5432400	77.1946100	4	4	12	2	14	12949.00	15539.00	0.00	1046.00	0.00	INR	14:00	11:00	\N	\N	t	published	\N	Delhi Luxury Villa 7 | Delhi villa by Homevilas	Delhi Luxury Villa 7 in Delhi with 4 bedrooms, 6 beds, private staff, and curated experiences.	\N	2025-12-22 02:32:31.221467+03	2025-12-29 03:28:26.021398+03	Delhi Luxury Villa 7	\N	\N	t	t	f	262	Hauz Khas, Delhi, Delhi, India	Hauz Khas	Close to Deer Park	6	["Sunlit villa with 6 plush beds", "Curated local concierge in Delhi", "Chef-on-call and daily housekeeping"]	12949.00	15539.00	3065.00	14.710	4.49	237	Delhi Luxury Villa 7 | Delhi villa by Homevilas	Delhi Luxury Villa 7 in Delhi with 4 bedrooms, 6 beds, private staff, and curated experiences.	f	t	\N	\N	t	\N	\N	\N	\N	\N	\N	\N	\N	f	\N	\N	0.000	0.000	ACTIVE	full_property	\N	\N	\N	\N	\N	\N
83	Kerala Luxury Villa 10	hv-demo-kerala-villa-10	HVL-DEMO-0010	Kerala Luxury Villa 10 is designed for families and groups seeking privacy, with curated experiences and verified staff.	Kerala Luxury Villa 10 is designed for families and groups seeking privacy, with curated experiences and verified staff.	Villa	villa	India	Kerala	Kerala	\N	Fort Kochi, Kerala, Kerala	9.9755300	76.2232600	4	5	10	2	14	11078.00	13294.00	0.00	658.00	0.00	INR	14:00	11:00	\N	\N	t	published	\N	Kerala Luxury Villa 10 | Kerala villa by Homevilas	Kerala Luxury Villa 10 in Kerala with 4 bedrooms, 5 beds, private staff, and curated experiences.	\N	2025-12-22 02:32:31.221467+03	2025-12-29 04:41:14.107392+03	Kerala Luxury Villa 10	\N	\N	t	t	f	265	Fort Kochi, Kerala, Kerala, India	Fort Kochi	Near Chinese Fishing Nets	5	["Sunlit villa with 5 plush beds", "Curated local concierge in Kerala", "Chef-on-call and daily housekeeping"]	11078.00	13294.00	6958.00	15.720	4.77	75	Kerala Luxury Villa 10 | Kerala villa by Homevilas	Kerala Luxury Villa 10 in Kerala with 4 bedrooms, 5 beds, private staff, and curated experiences.	f	t	\N	\N	t	\N	\N	\N	\N	\N	\N	\N	\N	f	\N	\N	0.000	0.000	ACTIVE	full_property	\N	\N	\N	\N	\N	\N
19	Homevilas Stay 6	homevilas-stay-6-105	HVL-6975-homevilas-stay-6-105	A beautiful stay with premium amenities and curated experiences.	\N	villa	\N	\N	\N	Goa	Calangute	\N	\N	\N	3	2	3	\N	\N	250.00	280.00	15.00	20.00	\N	INR	\N	\N	\N	\N	t	published	\N	\N	\N	\N	2025-12-18 01:34:51.782204+03	2025-12-20 15:27:53.176874+03	Homevilas Stay 6	Calangute, Goa	5.00	f	f	f	\N	Calangute, Goa	\N	\N	0	\N	0.00	0.00	0.00	0.000	0.00	0	Homevilas Stay 6	A beautiful stay with premium amenities and curated experiences.	f	t	0	\N	t	\N	\N	\N	\N	\N	\N	\N	\N	f	\N	\N	0.000	0.000	ACTIVE	full_property	\N	\N	\N	\N	\N	\N
20	Homevilas Stay 7	homevilas-stay-7-106	HVL-7357-homevilas-stay-7-106	A beautiful stay with premium amenities and curated experiences.	\N	hotel	\N	\N	\N	Delhi	Connaught Place	\N	\N	\N	1	1	4	\N	\N	270.00	300.00	15.00	20.00	\N	INR	\N	\N	\N	\N	t	published	\N	\N	\N	\N	2025-12-18 01:34:51.782204+03	2025-12-20 15:27:55.441975+03	Homevilas Stay 7	Connaught Place, Delhi	5.00	t	t	t	\N	Connaught Place, Delhi	\N	\N	0	\N	0.00	0.00	0.00	0.000	0.00	0	Homevilas Stay 7	A beautiful stay with premium amenities and curated experiences.	f	t	0	\N	t	\N	\N	\N	\N	\N	\N	\N	\N	f	\N	\N	0.000	0.000	ACTIVE	full_property	\N	\N	\N	\N	\N	\N
128	Demo Villa with Pool	demo-villa	DEMO-001	A spacious 3BHK villa with private pool, ideal for weekend getaways.	\N	villa	\N	India	Karnataka	Bengaluru	\N	123 Demo Street	12.9716000	77.5946000	3	3	8	1	30	12000.00	14000.00	\N	\N	\N	INR	14:00	11:00	Free cancellation up to 7 days before check-in.\n50% charge within 7 days of check-in.\nNo-show charged for first night.	Quiet hours 10:00 PM to 7:00 AM.\nNo parties or events without prior approval.\nCheck-in after 2:00 PM, check-out by 11:00 AM.\nPool hours 7:00 AM to 10:00 PM. No glass near the pool.	f	published	\N	\N	\N	\N	2026-01-01 20:02:02.111324+03	2026-01-03 14:15:12.85011+03	\N	\N	0.00	t	t	f	310	\N	\N	\N	4	\N	12000.00	14000.00	5000.00	12.000	5.00	1	\N	\N	f	t	0	\N	t	\N	\N	\N	Small pets allowed with prior approval.\nMax 2 pets.\nPet fee INR 500 per night per pet.\nPets are not allowed on beds or sofas.	No smoking inside the villa.\nSmoking only in designated outdoor areas.\nAlcohol consumption allowed in moderation.\nHookah and vaping inside are not allowed.\nViolations may incur a deep cleaning fee.	Primary guest must be at least 21 years old.\nA valid photo ID is required for all adults.\nAccepted IDs: Aadhaar, Passport, Driving License, or Govt-issued ID.\nForeign nationals must provide passport and visa.	Refunds are processed within 7-10 business days to the original payment method.\nBank charges, if any, are borne by the guest.	\N	f	\N	\N	0.000	0.000	ACTIVE	full_property	\N	\N	Security deposit is refundable within 7 days after checkout, subject to inspection.\nDeductions apply for damages, missing items, or extra cleaning.	\N	\N	[{"items": ["Quiet hours 10:00 PM to 7:00 AM.", "No parties or events without prior approval.", "Respect neighbors and keep music low at all times.", "Check-in after 2:00 PM, check-out by 11:00 AM.", "Do not move furniture between rooms.", "Pool hours 7:00 AM to 10:00 PM. No glass near the pool."], "title": "House Rules & Information"}, {"items": ["Primary guest must be at least 21 years old.", "Local ID allowed subject to prior approval.", "Only registered guests are allowed inside the property."], "title": "Guest Profile"}, {"items": ["Accepted IDs: Aadhaar, Passport, Driving License, or Govt-issued ID.", "All adult guests must share ID details before check-in.", "Foreign nationals must provide passport and valid visa."], "title": "ID Proof Related"}, {"items": ["Small pets allowed with prior approval.", "Max 2 pets. Pet fee INR 500 per night per pet.", "Pets are not allowed on beds or sofas.", "Pet waste must be cleaned immediately."], "title": "Pet(s) Related"}, {"items": ["No smoking inside the villa.", "Smoking only in designated outdoor areas.", "Alcohol consumption allowed in moderation.", "Hookah and vaping inside are not allowed.", "Violations may incur a deep cleaning fee."], "title": "Smoking & Alcohol Consumption Rules"}]
74	Goa Luxury Villa 1	hv-demo-goa-villa-1	HVL-DEMO-0001	Goa Luxury Villa 1 is designed for families and groups seeking privacy, with curated experiences and verified staff.	Premium villa with modern interiors in Goa.	villa	villa	India	Goa	Goa	Calangute	Calangute, Goa, Goa	15.5358400	73.7789300	2	5	10	2	14	11808.00	14170.00	\N	500.00	\N	INR	14:00	11:00	Free cancellation within 48 hours of booking. 50% refund up to 7 days before check-in, non-refundable afterwards.	No loud music after 10pm. Govt ID mandatory at check-in. Respect neighbors and local guidelines.	t	published	\N	Goa Luxury Villa 1 | Goa villa by Homevilas	Goa Luxury Villa 1 in Goa with 2 bedrooms, 5 beds, private staff, and curated experiences.	\N	2025-12-22 02:32:31.221467+03	2025-12-22 02:32:31.221467+03	Goa Luxury Villa 1	\N	12.53	t	t	f	256	Calangute, Goa, Goa, India	Calangute	200m from Calangute Beach	5	["Sunlit villa with 5 plush beds", "Curated local concierge in Goa", "Chef-on-call and daily housekeeping"]	11808.00	14170.00	4670.00	12.530	4.23	137	Goa Luxury Villa 1 | Goa villa by Homevilas	Goa Luxury Villa 1 in Goa with 2 bedrooms, 5 beds, private staff, and curated experiences.	f	t	0	\N	t	\N	\N	\N	\N	\N	\N	\N	\N	f	\N	\N	0.000	0.000	ACTIVE	full_property	\N	\N	\N	\N	\N	\N
75	Mahabaleshwar Hillside Cottage 2	hv-demo-mahabaleshwar-cottage-2	HVL-DEMO-0002	Mahabaleshwar Hillside Cottage 2 is designed for families and groups seeking privacy, with curated experiences and verified staff.	Premium cottage with modern interiors in Mahabaleshwar.	cottage	cottage	India	Maharashtra	Mahabaleshwar	Lingmala	Lingmala, Mahabaleshwar, Maharashtra	17.9174200	73.6590300	4	2	12	2	14	10220.00	12264.00	\N	592.00	\N	INR	14:00	11:00	Free cancellation within 48 hours of booking. 50% refund up to 7 days before check-in, non-refundable afterwards.	No loud music after 10pm. Govt ID mandatory at check-in. Respect neighbors and local guidelines.	t	published	\N	Mahabaleshwar Hillside Cottage 2 | Mahabaleshwar cottage by Homevilas	Mahabaleshwar Hillside Cottage 2 in Mahabaleshwar with 4 bedrooms, 6 beds, private staff, and curated experiences.	\N	2025-12-22 02:32:31.221467+03	2025-12-22 02:32:31.221467+03	Mahabaleshwar Hillside Cottage 2	\N	14.08	t	t	f	257	Lingmala, Mahabaleshwar, Maharashtra, India	Lingmala	Overlooking Venna Lake	6	["Sunlit cottage with 6 plush beds", "Curated local concierge in Mahabaleshwar", "Chef-on-call and daily housekeeping"]	10220.00	12264.00	3049.00	14.080	4.52	204	Mahabaleshwar Hillside Cottage 2 | Mahabaleshwar cottage by Homevilas	Mahabaleshwar Hillside Cottage 2 in Mahabaleshwar with 4 bedrooms, 6 beds, private staff, and curated experiences.	f	t	0	\N	t	\N	\N	\N	\N	\N	\N	\N	\N	f	\N	\N	0.000	0.000	ACTIVE	full_property	\N	\N	\N	\N	\N	\N
76	Kerala Heritage Homestay 3	hv-demo-kerala-homestay-3	HVL-DEMO-0003	Kerala Heritage Homestay 3 is designed for families and groups seeking privacy, with curated experiences and verified staff.	Premium homestay with modern interiors in Kerala.	homestay	homestay	India	Kerala	Kerala	Fort Kochi	Fort Kochi, Kerala, Kerala	9.9617100	76.2364200	3	4	10	2	14	7555.00	9066.00	\N	612.00	\N	INR	14:00	11:00	Free cancellation within 48 hours of booking. 50% refund up to 7 days before check-in, non-refundable afterwards.	No loud music after 10pm. Govt ID mandatory at check-in. Respect neighbors and local guidelines.	t	published	\N	Kerala Heritage Homestay 3 | Kerala homestay by Homevilas	Kerala Heritage Homestay 3 in Kerala with 3 bedrooms, 5 beds, private staff, and curated experiences.	\N	2025-12-22 02:32:31.221467+03	2025-12-22 02:32:31.221467+03	Kerala Heritage Homestay 3	\N	8.56	t	t	f	258	Fort Kochi, Kerala, Kerala, India	Fort Kochi	Near Chinese Fishing Nets	5	["Sunlit homestay with 5 plush beds", "Curated local concierge in Kerala", "Chef-on-call and daily housekeeping"]	7555.00	9066.00	5217.00	8.560	4.79	151	Kerala Heritage Homestay 3 | Kerala homestay by Homevilas	Kerala Heritage Homestay 3 in Kerala with 3 bedrooms, 5 beds, private staff, and curated experiences.	f	t	0	\N	t	\N	\N	\N	\N	\N	\N	\N	\N	f	\N	\N	0.000	0.000	ACTIVE	full_property	\N	\N	\N	\N	\N	\N
77	Himachal Luxury Villa 4	hv-demo-himachal-villa-4	HVL-DEMO-0004	Himachal Luxury Villa 4 is designed for families and groups seeking privacy, with curated experiences and verified staff.	Premium villa with modern interiors in Himachal.	villa	villa	India	Himachal Pradesh	Himachal	Manali	Manali, Himachal, Himachal Pradesh	32.2428000	77.2062600	2	3	10	2	14	15131.00	18157.00	\N	536.00	\N	INR	14:00	11:00	Free cancellation within 48 hours of booking. 50% refund up to 7 days before check-in, non-refundable afterwards.	No loud music after 10pm. Govt ID mandatory at check-in. Respect neighbors and local guidelines.	t	published	\N	Himachal Luxury Villa 4 | Himachal villa by Homevilas	Himachal Luxury Villa 4 in Himachal with 2 bedrooms, 5 beds, private staff, and curated experiences.	\N	2025-12-22 02:32:31.221467+03	2025-12-22 02:32:31.221467+03	Himachal Luxury Villa 4	\N	8.54	t	t	f	259	Manali, Himachal, Himachal Pradesh, India	Manali	Old Manali bridge	5	["Sunlit villa with 5 plush beds", "Curated local concierge in Himachal", "Chef-on-call and daily housekeeping"]	15131.00	18157.00	5693.00	8.540	4.30	54	Himachal Luxury Villa 4 | Himachal villa by Homevilas	Himachal Luxury Villa 4 in Himachal with 2 bedrooms, 5 beds, private staff, and curated experiences.	f	t	0	\N	t	\N	\N	\N	\N	\N	\N	\N	\N	f	\N	\N	0.000	0.000	ACTIVE	full_property	\N	\N	\N	\N	\N	\N
84	Himachal Hillside Cottage 11	hv-demo-himachal-cottage-11	HVL-DEMO-0011	Himachal Hillside Cottage 11 is designed for families and groups seeking privacy, with curated experiences and verified staff.	Premium cottage with modern interiors in Himachal.	cottage	cottage	India	Himachal Pradesh	Himachal	Manali	Manali, Himachal, Himachal Pradesh	32.2638900	77.1877200	5	4	14	2	14	11252.00	13502.00	\N	1153.00	\N	INR	14:00	11:00	Free cancellation within 48 hours of booking. 50% refund up to 7 days before check-in, non-refundable afterwards.	No loud music after 10pm. Govt ID mandatory at check-in. Respect neighbors and local guidelines.	t	published	\N	Himachal Hillside Cottage 11 | Himachal cottage by Homevilas	Himachal Hillside Cottage 11 in Himachal with 5 bedrooms, 7 beds, private staff, and curated experiences.	\N	2025-12-22 02:32:31.221467+03	2026-01-08 16:51:24.997707+03	Himachal Hillside Cottage 11	\N	16.33	t	t	f	266	Manali, Himachal, Himachal Pradesh, India	Manali	Old Manali bridge	7	["Sunlit cottage with 7 plush beds", "Curated local concierge in Himachal", "Chef-on-call and daily housekeeping"]	11252.00	13502.00	7809.00	16.330	4.68	95	Himachal Hillside Cottage 11 | Himachal cottage by Homevilas	Himachal Hillside Cottage 11 in Himachal with 5 bedrooms, 7 beds, private staff, and curated experiences.	f	t	0	\N	t	\N	\N	\N	\N	\N	\N	\N	\N	f	\N	\N	0.000	0.000	ACTIVE	full_property	\N	\N	\N	\N	\N	\N
85	Rajasthan Heritage Homestay 12	hv-demo-rajasthan-homestay-12	HVL-DEMO-0012	Rajasthan Heritage Homestay 12 is designed for families and groups seeking privacy, with curated experiences and verified staff.	Premium homestay with modern interiors in Rajasthan.	homestay	homestay	India	Rajasthan	Rajasthan	Udaipur	Udaipur, Rajasthan, Rajasthan	24.5870700	73.7289600	4	2	12	2	14	12965.00	15558.00	\N	1187.00	\N	INR	14:00	11:00	Free cancellation within 48 hours of booking. 50% refund up to 7 days before check-in, non-refundable afterwards.	No loud music after 10pm. Govt ID mandatory at check-in. Respect neighbors and local guidelines.	t	published	\N	Rajasthan Heritage Homestay 12 | Rajasthan homestay by Homevilas	Rajasthan Heritage Homestay 12 in Rajasthan with 4 bedrooms, 6 beds, private staff, and curated experiences.	\N	2025-12-22 02:32:31.221467+03	2026-01-08 16:54:16.51918+03	Rajasthan Heritage Homestay 12	\N	10.00	t	t	t	267	Udaipur, Rajasthan, Rajasthan, India	Udaipur	Facing Lake Pichola	6	["Sunlit homestay with 6 plush beds", "Curated local concierge in Rajasthan", "Chef-on-call and daily housekeeping"]	12965.00	15558.00	6641.00	10.000	4.66	95	Rajasthan Heritage Homestay 12 | Rajasthan homestay by Homevilas	Rajasthan Heritage Homestay 12 in Rajasthan with 4 bedrooms, 6 beds, private staff, and curated experiences.	f	t	0	\N	t	\N	\N	\N	\N	\N	\N	\N	\N	f	\N	\N	0.000	0.000	ACTIVE	full_property	\N	\N	\N	\N	\N	\N
82	Mahabaleshwar Heritage Homestay 9	hv-demo-mahabaleshwar-homestay-9	HVL-DEMO-0009	Mahabaleshwar Heritage Homestay 9 is designed for families and groups seeking privacy, with curated experiences and verified staff.	Mahabaleshwar Heritage Homestay 9 is designed for families and groups seeking privacy, with curated experiences and verified staff.	Villa	homestay	India	Maharashtra	Mahabaleshwar	\N	Lingmala, Mahabaleshwar, Maharashtra	17.9050200	73.6780600	4	3	12	\N	\N	15910.00	19092.00	0.00	1180.00	0.00	INR	14:00	11:00	\N	\N	t	published	\N	Mahabaleshwar Heritage Homestay 9 | Mahabaleshwar homestay by Homevilas	Mahabaleshwar Heritage Homestay 9 in Mahabaleshwar with 4 bedrooms, 6 beds, private staff, and curated experiences.	\N	2025-12-22 02:32:31.221467+03	2025-12-29 05:27:02.526628+03	Mahabaleshwar Heritage Homestay 9	\N	\N	t	t	f	264	Lingmala, Mahabaleshwar, Maharashtra, India	Lingmala	Overlooking Venna Lake	6	["Sunlit homestay with 6 plush beds", "Curated local concierge in Mahabaleshwar", "Chef-on-call and daily housekeeping"]	15910.00	19092.00	3350.00	12.720	4.23	87	Mahabaleshwar Heritage Homestay 9 | Mahabaleshwar homestay by Homevilas	Mahabaleshwar Heritage Homestay 9 in Mahabaleshwar with 4 bedrooms, 6 beds, private staff, and curated experiences.	f	t	\N	\N	t	\N	\N	\N	\N	\N	\N	\N	\N	f	\N	\N	0.000	0.000	ACTIVE	full_property	\N	\N	\N	\N	\N	\N
86	Mumbai Luxury Villa 13	hv-demo-mumbai-villa-13	HVL-DEMO-0013	Mumbai Luxury Villa 13 is designed for families and groups seeking privacy, with curated experiences and verified staff.	Premium villa with modern interiors in Mumbai.	villa	villa	India	Maharashtra	Mumbai	Bandra	Bandra, Mumbai, Maharashtra	19.0666400	72.8421500	3	3	12	2	14	12489.00	14987.00	\N	893.00	\N	INR	14:00	11:00	Free cancellation within 48 hours of booking. 50% refund up to 7 days before check-in, non-refundable afterwards.	No loud music after 10pm. Govt ID mandatory at check-in. Respect neighbors and local guidelines.	t	published	\N	Mumbai Luxury Villa 13 | Mumbai villa by Homevilas	Mumbai Luxury Villa 13 in Mumbai with 3 bedrooms, 6 beds, private staff, and curated experiences.	\N	2025-12-22 02:32:31.221467+03	2025-12-22 02:32:31.221467+03	Mumbai Luxury Villa 13	\N	16.61	t	t	t	268	Bandra, Mumbai, Maharashtra, India	Bandra	Near Bandra Fort	6	["Sunlit villa with 6 plush beds", "Curated local concierge in Mumbai", "Chef-on-call and daily housekeeping"]	12489.00	14987.00	4348.00	16.610	4.52	95	Mumbai Luxury Villa 13 | Mumbai villa by Homevilas	Mumbai Luxury Villa 13 in Mumbai with 3 bedrooms, 6 beds, private staff, and curated experiences.	f	t	0	\N	t	\N	\N	\N	\N	\N	\N	\N	\N	f	\N	\N	0.000	0.000	ACTIVE	full_property	\N	\N	\N	\N	\N	\N
87	Delhi Hillside Cottage 14	hv-demo-delhi-cottage-14	HVL-DEMO-0014	Delhi Hillside Cottage 14 is designed for families and groups seeking privacy, with curated experiences and verified staff.	Premium cottage with modern interiors in Delhi.	cottage	cottage	India	Delhi	Delhi	Hauz Khas	Hauz Khas, Delhi, Delhi	28.5328100	77.1764400	5	4	12	2	14	14678.00	17614.00	\N	505.00	\N	INR	14:00	11:00	Free cancellation within 48 hours of booking. 50% refund up to 7 days before check-in, non-refundable afterwards.	No loud music after 10pm. Govt ID mandatory at check-in. Respect neighbors and local guidelines.	t	published	\N	Delhi Hillside Cottage 14 | Delhi cottage by Homevilas	Delhi Hillside Cottage 14 in Delhi with 5 bedrooms, 6 beds, private staff, and curated experiences.	\N	2025-12-22 02:32:31.221467+03	2025-12-22 02:32:31.221467+03	Delhi Hillside Cottage 14	\N	16.89	t	t	t	269	Hauz Khas, Delhi, Delhi, India	Hauz Khas	Close to Deer Park	6	["Sunlit cottage with 6 plush beds", "Curated local concierge in Delhi", "Chef-on-call and daily housekeeping"]	14678.00	17614.00	6432.00	16.890	4.50	208	Delhi Hillside Cottage 14 | Delhi cottage by Homevilas	Delhi Hillside Cottage 14 in Delhi with 5 bedrooms, 6 beds, private staff, and curated experiences.	f	t	0	\N	t	\N	\N	\N	\N	\N	\N	\N	\N	f	\N	\N	0.000	0.000	ACTIVE	full_property	\N	\N	\N	\N	\N	\N
88	Goa Heritage Homestay 15	hv-demo-goa-homestay-15	HVL-DEMO-0015	Goa Heritage Homestay 15 is designed for families and groups seeking privacy, with curated experiences and verified staff.	Premium homestay with modern interiors in Goa.	homestay	homestay	India	Goa	Goa	Calangute	Calangute, Goa, Goa	15.5330500	73.7402000	4	3	10	2	14	8851.00	10621.00	\N	972.00	\N	INR	14:00	11:00	Free cancellation within 48 hours of booking. 50% refund up to 7 days before check-in, non-refundable afterwards.	No loud music after 10pm. Govt ID mandatory at check-in. Respect neighbors and local guidelines.	t	published	\N	Goa Heritage Homestay 15 | Goa homestay by Homevilas	Goa Heritage Homestay 15 in Goa with 4 bedrooms, 5 beds, private staff, and curated experiences.	\N	2025-12-22 02:32:31.221467+03	2025-12-22 02:32:31.221467+03	Goa Heritage Homestay 15	\N	14.48	t	t	t	270	Calangute, Goa, Goa, India	Calangute	200m from Calangute Beach	5	["Sunlit homestay with 5 plush beds", "Curated local concierge in Goa", "Chef-on-call and daily housekeeping"]	8851.00	10621.00	4035.00	14.480	4.34	182	Goa Heritage Homestay 15 | Goa homestay by Homevilas	Goa Heritage Homestay 15 in Goa with 4 bedrooms, 5 beds, private staff, and curated experiences.	f	t	0	\N	t	\N	\N	\N	\N	\N	\N	\N	\N	f	\N	\N	0.000	0.000	ACTIVE	full_property	\N	\N	\N	\N	\N	\N
89	Mahabaleshwar Luxury Villa 16	hv-demo-mahabaleshwar-villa-16	HVL-DEMO-0016	Mahabaleshwar Luxury Villa 16 is designed for families and groups seeking privacy, with curated experiences and verified staff.	Premium villa with modern interiors in Mahabaleshwar.	villa	villa	India	Maharashtra	Mahabaleshwar	Lingmala	Lingmala, Mahabaleshwar, Maharashtra	17.9031100	73.6699300	5	3	16	2	14	10613.00	12736.00	\N	1050.00	\N	INR	14:00	11:00	Free cancellation within 48 hours of booking. 50% refund up to 7 days before check-in, non-refundable afterwards.	No loud music after 10pm. Govt ID mandatory at check-in. Respect neighbors and local guidelines.	f	published	\N	Mahabaleshwar Luxury Villa 16 | Mahabaleshwar villa by Homevilas	Mahabaleshwar Luxury Villa 16 in Mahabaleshwar with 5 bedrooms, 8 beds, private staff, and curated experiences.	\N	2025-12-22 02:32:31.221467+03	2025-12-22 02:32:31.221467+03	Mahabaleshwar Luxury Villa 16	\N	9.32	t	t	t	271	Lingmala, Mahabaleshwar, Maharashtra, India	Lingmala	Overlooking Venna Lake	8	["Sunlit villa with 8 plush beds", "Curated local concierge in Mahabaleshwar", "Chef-on-call and daily housekeeping"]	10613.00	12736.00	5944.00	9.320	4.45	175	Mahabaleshwar Luxury Villa 16 | Mahabaleshwar villa by Homevilas	Mahabaleshwar Luxury Villa 16 in Mahabaleshwar with 5 bedrooms, 8 beds, private staff, and curated experiences.	f	t	0	\N	t	\N	\N	\N	\N	\N	\N	\N	\N	f	\N	\N	0.000	0.000	ACTIVE	full_property	\N	\N	\N	\N	\N	\N
90	Kerala Hillside Cottage 17	hv-demo-kerala-cottage-17	HVL-DEMO-0017	Kerala Hillside Cottage 17 is designed for families and groups seeking privacy, with curated experiences and verified staff.	Premium cottage with modern interiors in Kerala.	cottage	cottage	India	Kerala	Kerala	Fort Kochi	Fort Kochi, Kerala, Kerala	9.9882100	76.2234600	2	2	10	2	14	10914.00	13097.00	\N	646.00	\N	INR	14:00	11:00	Free cancellation within 48 hours of booking. 50% refund up to 7 days before check-in, non-refundable afterwards.	No loud music after 10pm. Govt ID mandatory at check-in. Respect neighbors and local guidelines.	f	published	\N	Kerala Hillside Cottage 17 | Kerala cottage by Homevilas	Kerala Hillside Cottage 17 in Kerala with 2 bedrooms, 5 beds, private staff, and curated experiences.	\N	2025-12-22 02:32:31.221467+03	2025-12-22 02:32:31.221467+03	Kerala Hillside Cottage 17	\N	17.71	t	t	t	272	Fort Kochi, Kerala, Kerala, India	Fort Kochi	Near Chinese Fishing Nets	5	["Sunlit cottage with 5 plush beds", "Curated local concierge in Kerala", "Chef-on-call and daily housekeeping"]	10914.00	13097.00	6713.00	17.710	4.57	59	Kerala Hillside Cottage 17 | Kerala cottage by Homevilas	Kerala Hillside Cottage 17 in Kerala with 2 bedrooms, 5 beds, private staff, and curated experiences.	f	t	0	\N	t	\N	\N	\N	\N	\N	\N	\N	\N	f	\N	\N	0.000	0.000	ACTIVE	full_property	\N	\N	\N	\N	\N	\N
91	Himachal Heritage Homestay 18	hv-demo-himachal-homestay-18	HVL-DEMO-0018	Himachal Heritage Homestay 18 is designed for families and groups seeking privacy, with curated experiences and verified staff.	Premium homestay with modern interiors in Himachal.	homestay	homestay	India	Himachal Pradesh	Himachal	Manali	Manali, Himachal, Himachal Pradesh	32.2392500	77.1916200	3	2	10	2	14	11707.00	14048.00	\N	643.00	\N	INR	14:00	11:00	Free cancellation within 48 hours of booking. 50% refund up to 7 days before check-in, non-refundable afterwards.	No loud music after 10pm. Govt ID mandatory at check-in. Respect neighbors and local guidelines.	f	published	\N	Himachal Heritage Homestay 18 | Himachal homestay by Homevilas	Himachal Heritage Homestay 18 in Himachal with 3 bedrooms, 5 beds, private staff, and curated experiences.	\N	2025-12-22 02:32:31.221467+03	2025-12-22 02:32:31.221467+03	Himachal Heritage Homestay 18	\N	16.58	t	t	t	273	Manali, Himachal, Himachal Pradesh, India	Manali	Old Manali bridge	5	["Sunlit homestay with 5 plush beds", "Curated local concierge in Himachal", "Chef-on-call and daily housekeeping"]	11707.00	14048.00	3760.00	16.580	4.76	113	Himachal Heritage Homestay 18 | Himachal homestay by Homevilas	Himachal Heritage Homestay 18 in Himachal with 3 bedrooms, 5 beds, private staff, and curated experiences.	f	t	0	\N	t	\N	\N	\N	\N	\N	\N	\N	\N	f	\N	\N	0.000	0.000	ACTIVE	full_property	\N	\N	\N	\N	\N	\N
92	Rajasthan Luxury Villa 19	hv-demo-rajasthan-villa-19	HVL-DEMO-0019	Rajasthan Luxury Villa 19 is designed for families and groups seeking privacy, with curated experiences and verified staff.	Premium villa with modern interiors in Rajasthan.	villa	villa	India	Rajasthan	Rajasthan	Udaipur	Udaipur, Rajasthan, Rajasthan	24.5874300	73.6894200	5	3	14	2	14	14230.00	17076.00	\N	1195.00	\N	INR	14:00	11:00	Free cancellation within 48 hours of booking. 50% refund up to 7 days before check-in, non-refundable afterwards.	No loud music after 10pm. Govt ID mandatory at check-in. Respect neighbors and local guidelines.	f	published	\N	Rajasthan Luxury Villa 19 | Rajasthan villa by Homevilas	Rajasthan Luxury Villa 19 in Rajasthan with 5 bedrooms, 7 beds, private staff, and curated experiences.	\N	2025-12-22 02:32:31.221467+03	2025-12-22 02:32:31.221467+03	Rajasthan Luxury Villa 19	\N	14.13	t	t	t	274	Udaipur, Rajasthan, Rajasthan, India	Udaipur	Facing Lake Pichola	7	["Sunlit villa with 7 plush beds", "Curated local concierge in Rajasthan", "Chef-on-call and daily housekeeping"]	14230.00	17076.00	6905.00	14.130	4.73	37	Rajasthan Luxury Villa 19 | Rajasthan villa by Homevilas	Rajasthan Luxury Villa 19 in Rajasthan with 5 bedrooms, 7 beds, private staff, and curated experiences.	f	t	0	\N	t	\N	\N	\N	\N	\N	\N	\N	\N	f	\N	\N	0.000	0.000	ACTIVE	full_property	\N	\N	\N	\N	\N	\N
93	Mumbai Hillside Cottage 20	hv-demo-mumbai-cottage-20	HVL-DEMO-0020	Mumbai Hillside Cottage 20 is designed for families and groups seeking privacy, with curated experiences and verified staff.	Premium cottage with modern interiors in Mumbai.	cottage	cottage	India	Maharashtra	Mumbai	Bandra	Bandra, Mumbai, Maharashtra	19.0436600	72.8284700	3	3	8	2	14	15867.00	19040.00	\N	955.00	\N	INR	14:00	11:00	Free cancellation within 48 hours of booking. 50% refund up to 7 days before check-in, non-refundable afterwards.	No loud music after 10pm. Govt ID mandatory at check-in. Respect neighbors and local guidelines.	f	published	\N	Mumbai Hillside Cottage 20 | Mumbai cottage by Homevilas	Mumbai Hillside Cottage 20 in Mumbai with 3 bedrooms, 4 beds, private staff, and curated experiences.	\N	2025-12-22 02:32:31.221467+03	2025-12-22 02:32:31.221467+03	Mumbai Hillside Cottage 20	\N	13.32	t	t	t	275	Bandra, Mumbai, Maharashtra, India	Bandra	Near Bandra Fort	4	["Sunlit cottage with 4 plush beds", "Curated local concierge in Mumbai", "Chef-on-call and daily housekeeping"]	15867.00	19040.00	6993.00	13.320	4.56	51	Mumbai Hillside Cottage 20 | Mumbai cottage by Homevilas	Mumbai Hillside Cottage 20 in Mumbai with 3 bedrooms, 4 beds, private staff, and curated experiences.	f	t	0	\N	t	\N	\N	\N	\N	\N	\N	\N	\N	f	\N	\N	0.000	0.000	ACTIVE	full_property	\N	\N	\N	\N	\N	\N
94	Delhi Heritage Homestay 21	hv-demo-delhi-homestay-21	HVL-DEMO-0021	Delhi Heritage Homestay 21 is designed for families and groups seeking privacy, with curated experiences and verified staff.	Premium homestay with modern interiors in Delhi.	homestay	homestay	India	Delhi	Delhi	Hauz Khas	Hauz Khas, Delhi, Delhi	28.5320200	77.2103000	2	2	8	2	14	6924.00	8309.00	\N	548.00	\N	INR	14:00	11:00	Free cancellation within 48 hours of booking. 50% refund up to 7 days before check-in, non-refundable afterwards.	No loud music after 10pm. Govt ID mandatory at check-in. Respect neighbors and local guidelines.	f	published	\N	Delhi Heritage Homestay 21 | Delhi homestay by Homevilas	Delhi Heritage Homestay 21 in Delhi with 2 bedrooms, 4 beds, private staff, and curated experiences.	\N	2025-12-22 02:32:31.221467+03	2025-12-22 02:32:31.221467+03	Delhi Heritage Homestay 21	\N	14.83	t	t	t	276	Hauz Khas, Delhi, Delhi, India	Hauz Khas	Close to Deer Park	4	["Sunlit homestay with 4 plush beds", "Curated local concierge in Delhi", "Chef-on-call and daily housekeeping"]	6924.00	8309.00	7276.00	14.830	4.74	159	Delhi Heritage Homestay 21 | Delhi homestay by Homevilas	Delhi Heritage Homestay 21 in Delhi with 2 bedrooms, 4 beds, private staff, and curated experiences.	f	t	0	\N	t	\N	\N	\N	\N	\N	\N	\N	\N	f	\N	\N	0.000	0.000	ACTIVE	full_property	\N	\N	\N	\N	\N	\N
95	Goa Luxury Villa 22	hv-demo-goa-villa-22	HVL-DEMO-0022	Goa Luxury Villa 22 is designed for families and groups seeking privacy, with curated experiences and verified staff.	Premium villa with modern interiors in Goa.	villa	villa	India	Goa	Goa	Calangute	Calangute, Goa, Goa	15.5370700	73.7412400	5	3	16	2	14	15723.00	18868.00	\N	914.00	\N	INR	14:00	11:00	Free cancellation within 48 hours of booking. 50% refund up to 7 days before check-in, non-refundable afterwards.	No loud music after 10pm. Govt ID mandatory at check-in. Respect neighbors and local guidelines.	f	published	\N	Goa Luxury Villa 22 | Goa villa by Homevilas	Goa Luxury Villa 22 in Goa with 5 bedrooms, 8 beds, private staff, and curated experiences.	\N	2025-12-22 02:32:31.221467+03	2025-12-22 02:32:31.221467+03	Goa Luxury Villa 22	\N	15.63	t	t	t	277	Calangute, Goa, Goa, India	Calangute	200m from Calangute Beach	8	["Sunlit villa with 8 plush beds", "Curated local concierge in Goa", "Chef-on-call and daily housekeeping"]	15723.00	18868.00	3488.00	15.630	4.39	104	Goa Luxury Villa 22 | Goa villa by Homevilas	Goa Luxury Villa 22 in Goa with 5 bedrooms, 8 beds, private staff, and curated experiences.	f	t	0	\N	t	\N	\N	\N	\N	\N	\N	\N	\N	f	\N	\N	0.000	0.000	ACTIVE	full_property	\N	\N	\N	\N	\N	\N
96	Mahabaleshwar Hillside Cottage 23	hv-demo-mahabaleshwar-cottage-23	HVL-DEMO-0023	Mahabaleshwar Hillside Cottage 23 is designed for families and groups seeking privacy, with curated experiences and verified staff.	Premium cottage with modern interiors in Mahabaleshwar.	cottage	cottage	India	Maharashtra	Mahabaleshwar	Lingmala	Lingmala, Mahabaleshwar, Maharashtra	17.9196400	73.6457900	4	3	12	2	14	12241.00	14689.00	\N	1047.00	\N	INR	14:00	11:00	Free cancellation within 48 hours of booking. 50% refund up to 7 days before check-in, non-refundable afterwards.	No loud music after 10pm. Govt ID mandatory at check-in. Respect neighbors and local guidelines.	f	published	\N	Mahabaleshwar Hillside Cottage 23 | Mahabaleshwar cottage by Homevilas	Mahabaleshwar Hillside Cottage 23 in Mahabaleshwar with 4 bedrooms, 6 beds, private staff, and curated experiences.	\N	2025-12-22 02:32:31.221467+03	2025-12-22 02:32:31.221467+03	Mahabaleshwar Hillside Cottage 23	\N	8.11	t	t	t	278	Lingmala, Mahabaleshwar, Maharashtra, India	Lingmala	Overlooking Venna Lake	6	["Sunlit cottage with 6 plush beds", "Curated local concierge in Mahabaleshwar", "Chef-on-call and daily housekeeping"]	12241.00	14689.00	5397.00	8.110	4.29	238	Mahabaleshwar Hillside Cottage 23 | Mahabaleshwar cottage by Homevilas	Mahabaleshwar Hillside Cottage 23 in Mahabaleshwar with 4 bedrooms, 6 beds, private staff, and curated experiences.	f	t	0	\N	t	\N	\N	\N	\N	\N	\N	\N	\N	f	\N	\N	0.000	0.000	ACTIVE	full_property	\N	\N	\N	\N	\N	\N
97	Kerala Heritage Homestay 24	hv-demo-kerala-homestay-24	HVL-DEMO-0024	Kerala Heritage Homestay 24 is designed for families and groups seeking privacy, with curated experiences and verified staff.	Premium homestay with modern interiors in Kerala.	homestay	homestay	India	Kerala	Kerala	Fort Kochi	Fort Kochi, Kerala, Kerala	9.9804300	76.2303400	3	3	10	2	14	14878.00	17854.00	\N	666.00	\N	INR	14:00	11:00	Free cancellation within 48 hours of booking. 50% refund up to 7 days before check-in, non-refundable afterwards.	No loud music after 10pm. Govt ID mandatory at check-in. Respect neighbors and local guidelines.	f	published	\N	Kerala Heritage Homestay 24 | Kerala homestay by Homevilas	Kerala Heritage Homestay 24 in Kerala with 3 bedrooms, 5 beds, private staff, and curated experiences.	\N	2025-12-22 02:32:31.221467+03	2025-12-22 02:32:31.221467+03	Kerala Heritage Homestay 24	\N	17.52	t	t	t	279	Fort Kochi, Kerala, Kerala, India	Fort Kochi	Near Chinese Fishing Nets	5	["Sunlit homestay with 5 plush beds", "Curated local concierge in Kerala", "Chef-on-call and daily housekeeping"]	14878.00	17854.00	5268.00	17.520	4.70	231	Kerala Heritage Homestay 24 | Kerala homestay by Homevilas	Kerala Heritage Homestay 24 in Kerala with 3 bedrooms, 5 beds, private staff, and curated experiences.	f	t	0	\N	t	\N	\N	\N	\N	\N	\N	\N	\N	f	\N	\N	0.000	0.000	ACTIVE	full_property	\N	\N	\N	\N	\N	\N
98	Himachal Luxury Villa 25	hv-demo-himachal-villa-25	HVL-DEMO-0025	Himachal Luxury Villa 25 is designed for families and groups seeking privacy, with curated experiences and verified staff.	Premium villa with modern interiors in Himachal.	villa	villa	India	Himachal Pradesh	Himachal	Manali	Manali, Himachal, Himachal Pradesh	32.2470400	77.1862400	3	4	10	2	14	14090.00	16908.00	\N	771.00	\N	INR	14:00	11:00	Free cancellation within 48 hours of booking. 50% refund up to 7 days before check-in, non-refundable afterwards.	No loud music after 10pm. Govt ID mandatory at check-in. Respect neighbors and local guidelines.	f	published	\N	Himachal Luxury Villa 25 | Himachal villa by Homevilas	Himachal Luxury Villa 25 in Himachal with 3 bedrooms, 5 beds, private staff, and curated experiences.	\N	2025-12-22 02:32:31.221467+03	2025-12-22 02:32:31.221467+03	Himachal Luxury Villa 25	\N	15.11	t	t	t	280	Manali, Himachal, Himachal Pradesh, India	Manali	Old Manali bridge	5	["Sunlit villa with 5 plush beds", "Curated local concierge in Himachal", "Chef-on-call and daily housekeeping"]	14090.00	16908.00	7282.00	15.110	4.29	110	Himachal Luxury Villa 25 | Himachal villa by Homevilas	Himachal Luxury Villa 25 in Himachal with 3 bedrooms, 5 beds, private staff, and curated experiences.	f	t	0	\N	t	\N	\N	\N	\N	\N	\N	\N	\N	f	\N	\N	0.000	0.000	ACTIVE	full_property	\N	\N	\N	\N	\N	\N
99	Rajasthan Hillside Cottage 26	hv-demo-rajasthan-cottage-26	HVL-DEMO-0026	Rajasthan Hillside Cottage 26 is designed for families and groups seeking privacy, with curated experiences and verified staff.	Premium cottage with modern interiors in Rajasthan.	cottage	cottage	India	Rajasthan	Rajasthan	Udaipur	Udaipur, Rajasthan, Rajasthan	24.5745500	73.6982800	5	4	12	2	14	7804.00	9365.00	\N	641.00	\N	INR	14:00	11:00	Free cancellation within 48 hours of booking. 50% refund up to 7 days before check-in, non-refundable afterwards.	No loud music after 10pm. Govt ID mandatory at check-in. Respect neighbors and local guidelines.	f	published	\N	Rajasthan Hillside Cottage 26 | Rajasthan cottage by Homevilas	Rajasthan Hillside Cottage 26 in Rajasthan with 5 bedrooms, 6 beds, private staff, and curated experiences.	\N	2025-12-22 02:32:31.221467+03	2025-12-22 02:32:31.221467+03	Rajasthan Hillside Cottage 26	\N	11.86	t	t	f	281	Udaipur, Rajasthan, Rajasthan, India	Udaipur	Facing Lake Pichola	6	["Sunlit cottage with 6 plush beds", "Curated local concierge in Rajasthan", "Chef-on-call and daily housekeeping"]	7804.00	9365.00	4372.00	11.860	4.52	213	Rajasthan Hillside Cottage 26 | Rajasthan cottage by Homevilas	Rajasthan Hillside Cottage 26 in Rajasthan with 5 bedrooms, 6 beds, private staff, and curated experiences.	f	t	0	\N	t	\N	\N	\N	\N	\N	\N	\N	\N	f	\N	\N	0.000	0.000	ACTIVE	full_property	\N	\N	\N	\N	\N	\N
100	Mumbai Heritage Homestay 27	hv-demo-mumbai-homestay-27	HVL-DEMO-0027	Mumbai Heritage Homestay 27 is designed for families and groups seeking privacy, with curated experiences and verified staff.	Premium homestay with modern interiors in Mumbai.	homestay	homestay	India	Maharashtra	Mumbai	Bandra	Bandra, Mumbai, Maharashtra	19.0547900	72.8459800	6	4	16	2	14	10322.00	12386.00	\N	706.00	\N	INR	14:00	11:00	Free cancellation within 48 hours of booking. 50% refund up to 7 days before check-in, non-refundable afterwards.	No loud music after 10pm. Govt ID mandatory at check-in. Respect neighbors and local guidelines.	f	published	\N	Mumbai Heritage Homestay 27 | Mumbai homestay by Homevilas	Mumbai Heritage Homestay 27 in Mumbai with 6 bedrooms, 8 beds, private staff, and curated experiences.	\N	2025-12-22 02:32:31.221467+03	2025-12-22 02:32:31.221467+03	Mumbai Heritage Homestay 27	\N	12.83	t	t	f	282	Bandra, Mumbai, Maharashtra, India	Bandra	Near Bandra Fort	8	["Sunlit homestay with 8 plush beds", "Curated local concierge in Mumbai", "Chef-on-call and daily housekeeping"]	10322.00	12386.00	4819.00	12.830	4.53	186	Mumbai Heritage Homestay 27 | Mumbai homestay by Homevilas	Mumbai Heritage Homestay 27 in Mumbai with 6 bedrooms, 8 beds, private staff, and curated experiences.	f	t	0	\N	t	\N	\N	\N	\N	\N	\N	\N	\N	f	\N	\N	0.000	0.000	ACTIVE	full_property	\N	\N	\N	\N	\N	\N
101	Delhi Luxury Villa 28	hv-demo-delhi-villa-28	HVL-DEMO-0028	Delhi Luxury Villa 28 is designed for families and groups seeking privacy, with curated experiences and verified staff.	Premium villa with modern interiors in Delhi.	villa	villa	India	Delhi	Delhi	Hauz Khas	Hauz Khas, Delhi, Delhi	28.5499300	77.2142400	5	5	16	2	14	13857.00	16628.00	\N	850.00	\N	INR	14:00	11:00	Free cancellation within 48 hours of booking. 50% refund up to 7 days before check-in, non-refundable afterwards.	No loud music after 10pm. Govt ID mandatory at check-in. Respect neighbors and local guidelines.	f	published	\N	Delhi Luxury Villa 28 | Delhi villa by Homevilas	Delhi Luxury Villa 28 in Delhi with 5 bedrooms, 8 beds, private staff, and curated experiences.	\N	2025-12-22 02:32:31.221467+03	2025-12-22 02:32:31.221467+03	Delhi Luxury Villa 28	\N	13.90	t	t	f	283	Hauz Khas, Delhi, Delhi, India	Hauz Khas	Close to Deer Park	8	["Sunlit villa with 8 plush beds", "Curated local concierge in Delhi", "Chef-on-call and daily housekeeping"]	13857.00	16628.00	5757.00	13.900	4.57	180	Delhi Luxury Villa 28 | Delhi villa by Homevilas	Delhi Luxury Villa 28 in Delhi with 5 bedrooms, 8 beds, private staff, and curated experiences.	f	t	0	\N	t	\N	\N	\N	\N	\N	\N	\N	\N	f	\N	\N	0.000	0.000	ACTIVE	full_property	\N	\N	\N	\N	\N	\N
102	Goa Hillside Cottage 29	hv-demo-goa-cottage-29	HVL-DEMO-0029	Goa Hillside Cottage 29 is designed for families and groups seeking privacy, with curated experiences and verified staff.	Premium cottage with modern interiors in Goa.	cottage	cottage	India	Goa	Goa	Calangute	Calangute, Goa, Goa	15.5399600	73.7529300	6	3	18	2	14	13168.00	15802.00	\N	904.00	\N	INR	14:00	11:00	Free cancellation within 48 hours of booking. 50% refund up to 7 days before check-in, non-refundable afterwards.	No loud music after 10pm. Govt ID mandatory at check-in. Respect neighbors and local guidelines.	f	published	\N	Goa Hillside Cottage 29 | Goa cottage by Homevilas	Goa Hillside Cottage 29 in Goa with 6 bedrooms, 9 beds, private staff, and curated experiences.	\N	2025-12-22 02:32:31.221467+03	2025-12-22 02:32:31.221467+03	Goa Hillside Cottage 29	\N	12.67	t	t	f	284	Calangute, Goa, Goa, India	Calangute	200m from Calangute Beach	9	["Sunlit cottage with 9 plush beds", "Curated local concierge in Goa", "Chef-on-call and daily housekeeping"]	13168.00	15802.00	4898.00	12.670	4.41	212	Goa Hillside Cottage 29 | Goa cottage by Homevilas	Goa Hillside Cottage 29 in Goa with 6 bedrooms, 9 beds, private staff, and curated experiences.	f	t	0	\N	t	\N	\N	\N	\N	\N	\N	\N	\N	f	\N	\N	0.000	0.000	ACTIVE	full_property	\N	\N	\N	\N	\N	\N
103	Mahabaleshwar Heritage Homestay 30	hv-demo-mahabaleshwar-homestay-30	HVL-DEMO-0030	Mahabaleshwar Heritage Homestay 30 is designed for families and groups seeking privacy, with curated experiences and verified staff.	Premium homestay with modern interiors in Mahabaleshwar.	homestay	homestay	India	Maharashtra	Mahabaleshwar	Lingmala	Lingmala, Mahabaleshwar, Maharashtra	17.9163900	73.6751600	3	3	10	2	14	9463.00	11356.00	\N	549.00	\N	INR	14:00	11:00	Free cancellation within 48 hours of booking. 50% refund up to 7 days before check-in, non-refundable afterwards.	No loud music after 10pm. Govt ID mandatory at check-in. Respect neighbors and local guidelines.	f	published	\N	Mahabaleshwar Heritage Homestay 30 | Mahabaleshwar homestay by Homevilas	Mahabaleshwar Heritage Homestay 30 in Mahabaleshwar with 3 bedrooms, 5 beds, private staff, and curated experiences.	\N	2025-12-22 02:32:31.221467+03	2025-12-22 02:32:31.221467+03	Mahabaleshwar Heritage Homestay 30	\N	10.64	t	t	f	285	Lingmala, Mahabaleshwar, Maharashtra, India	Lingmala	Overlooking Venna Lake	5	["Sunlit homestay with 5 plush beds", "Curated local concierge in Mahabaleshwar", "Chef-on-call and daily housekeeping"]	9463.00	11356.00	7196.00	10.640	4.76	60	Mahabaleshwar Heritage Homestay 30 | Mahabaleshwar homestay by Homevilas	Mahabaleshwar Heritage Homestay 30 in Mahabaleshwar with 3 bedrooms, 5 beds, private staff, and curated experiences.	f	t	0	\N	t	\N	\N	\N	\N	\N	\N	\N	\N	f	\N	\N	0.000	0.000	ACTIVE	full_property	\N	\N	\N	\N	\N	\N
104	Kerala Luxury Villa 31	hv-demo-kerala-villa-31	HVL-DEMO-0031	Kerala Luxury Villa 31 is designed for families and groups seeking privacy, with curated experiences and verified staff.	Premium villa with modern interiors in Kerala.	villa	villa	India	Kerala	Kerala	Fort Kochi	Fort Kochi, Kerala, Kerala	9.9888800	76.2411100	4	2	12	2	14	14511.00	17413.00	\N	1009.00	\N	INR	14:00	11:00	Free cancellation within 48 hours of booking. 50% refund up to 7 days before check-in, non-refundable afterwards.	No loud music after 10pm. Govt ID mandatory at check-in. Respect neighbors and local guidelines.	f	published	\N	Kerala Luxury Villa 31 | Kerala villa by Homevilas	Kerala Luxury Villa 31 in Kerala with 4 bedrooms, 6 beds, private staff, and curated experiences.	\N	2025-12-22 02:32:31.221467+03	2025-12-22 02:32:31.221467+03	Kerala Luxury Villa 31	\N	12.34	t	t	f	286	Fort Kochi, Kerala, Kerala, India	Fort Kochi	Near Chinese Fishing Nets	6	["Sunlit villa with 6 plush beds", "Curated local concierge in Kerala", "Chef-on-call and daily housekeeping"]	14511.00	17413.00	4252.00	12.340	4.22	53	Kerala Luxury Villa 31 | Kerala villa by Homevilas	Kerala Luxury Villa 31 in Kerala with 4 bedrooms, 6 beds, private staff, and curated experiences.	f	t	0	\N	t	\N	\N	\N	\N	\N	\N	\N	\N	f	\N	\N	0.000	0.000	ACTIVE	full_property	\N	\N	\N	\N	\N	\N
105	Himachal Hillside Cottage 32	hv-demo-himachal-cottage-32	HVL-DEMO-0032	Himachal Hillside Cottage 32 is designed for families and groups seeking privacy, with curated experiences and verified staff.	Premium cottage with modern interiors in Himachal.	cottage	cottage	India	Himachal Pradesh	Himachal	Manali	Manali, Himachal, Himachal Pradesh	32.2522000	77.1748200	3	3	10	2	14	7568.00	9082.00	\N	839.00	\N	INR	14:00	11:00	Free cancellation within 48 hours of booking. 50% refund up to 7 days before check-in, non-refundable afterwards.	No loud music after 10pm. Govt ID mandatory at check-in. Respect neighbors and local guidelines.	f	published	\N	Himachal Hillside Cottage 32 | Himachal cottage by Homevilas	Himachal Hillside Cottage 32 in Himachal with 3 bedrooms, 5 beds, private staff, and curated experiences.	\N	2025-12-22 02:32:31.221467+03	2025-12-22 02:32:31.221467+03	Himachal Hillside Cottage 32	\N	10.98	t	t	f	287	Manali, Himachal, Himachal Pradesh, India	Manali	Old Manali bridge	5	["Sunlit cottage with 5 plush beds", "Curated local concierge in Himachal", "Chef-on-call and daily housekeeping"]	7568.00	9082.00	7973.00	10.980	4.43	67	Himachal Hillside Cottage 32 | Himachal cottage by Homevilas	Himachal Hillside Cottage 32 in Himachal with 3 bedrooms, 5 beds, private staff, and curated experiences.	f	t	0	\N	t	\N	\N	\N	\N	\N	\N	\N	\N	f	\N	\N	0.000	0.000	ACTIVE	full_property	\N	\N	\N	\N	\N	\N
106	Rajasthan Heritage Homestay 33	hv-demo-rajasthan-homestay-33	HVL-DEMO-0033	Rajasthan Heritage Homestay 33 is designed for families and groups seeking privacy, with curated experiences and verified staff.	Premium homestay with modern interiors in Rajasthan.	homestay	homestay	India	Rajasthan	Rajasthan	Udaipur	Udaipur, Rajasthan, Rajasthan	24.5732800	73.7004100	3	3	8	2	14	14203.00	17044.00	\N	869.00	\N	INR	14:00	11:00	Free cancellation within 48 hours of booking. 50% refund up to 7 days before check-in, non-refundable afterwards.	No loud music after 10pm. Govt ID mandatory at check-in. Respect neighbors and local guidelines.	f	published	\N	Rajasthan Heritage Homestay 33 | Rajasthan homestay by Homevilas	Rajasthan Heritage Homestay 33 in Rajasthan with 3 bedrooms, 4 beds, private staff, and curated experiences.	\N	2025-12-22 02:32:31.221467+03	2025-12-22 02:32:31.221467+03	Rajasthan Heritage Homestay 33	\N	15.88	t	t	f	288	Udaipur, Rajasthan, Rajasthan, India	Udaipur	Facing Lake Pichola	4	["Sunlit homestay with 4 plush beds", "Curated local concierge in Rajasthan", "Chef-on-call and daily housekeeping"]	14203.00	17044.00	7094.00	15.880	4.60	224	Rajasthan Heritage Homestay 33 | Rajasthan homestay by Homevilas	Rajasthan Heritage Homestay 33 in Rajasthan with 3 bedrooms, 4 beds, private staff, and curated experiences.	f	t	0	\N	t	\N	\N	\N	\N	\N	\N	\N	\N	f	\N	\N	0.000	0.000	ACTIVE	full_property	\N	\N	\N	\N	\N	\N
107	Mumbai Luxury Villa 34	hv-demo-mumbai-villa-34	HVL-DEMO-0034	Mumbai Luxury Villa 34 is designed for families and groups seeking privacy, with curated experiences and verified staff.	Premium villa with modern interiors in Mumbai.	villa	villa	India	Maharashtra	Mumbai	Bandra	Bandra, Mumbai, Maharashtra	19.0605300	72.8631400	5	3	12	2	14	15447.00	18536.00	\N	699.00	\N	INR	14:00	11:00	Free cancellation within 48 hours of booking. 50% refund up to 7 days before check-in, non-refundable afterwards.	No loud music after 10pm. Govt ID mandatory at check-in. Respect neighbors and local guidelines.	f	published	\N	Mumbai Luxury Villa 34 | Mumbai villa by Homevilas	Mumbai Luxury Villa 34 in Mumbai with 5 bedrooms, 6 beds, private staff, and curated experiences.	\N	2025-12-22 02:32:31.221467+03	2025-12-22 02:32:31.221467+03	Mumbai Luxury Villa 34	\N	8.74	t	t	f	289	Bandra, Mumbai, Maharashtra, India	Bandra	Near Bandra Fort	6	["Sunlit villa with 6 plush beds", "Curated local concierge in Mumbai", "Chef-on-call and daily housekeeping"]	15447.00	18536.00	3693.00	8.740	4.83	41	Mumbai Luxury Villa 34 | Mumbai villa by Homevilas	Mumbai Luxury Villa 34 in Mumbai with 5 bedrooms, 6 beds, private staff, and curated experiences.	f	t	0	\N	t	\N	\N	\N	\N	\N	\N	\N	\N	f	\N	\N	0.000	0.000	ACTIVE	full_property	\N	\N	\N	\N	\N	\N
108	Delhi Hillside Cottage 35	hv-demo-delhi-cottage-35	HVL-DEMO-0035	Delhi Hillside Cottage 35 is designed for families and groups seeking privacy, with curated experiences and verified staff.	Premium cottage with modern interiors in Delhi.	cottage	cottage	India	Delhi	Delhi	Hauz Khas	Hauz Khas, Delhi, Delhi	28.5495700	77.1971200	3	2	10	2	14	10443.00	12532.00	\N	851.00	\N	INR	14:00	11:00	Free cancellation within 48 hours of booking. 50% refund up to 7 days before check-in, non-refundable afterwards.	No loud music after 10pm. Govt ID mandatory at check-in. Respect neighbors and local guidelines.	f	published	\N	Delhi Hillside Cottage 35 | Delhi cottage by Homevilas	Delhi Hillside Cottage 35 in Delhi with 3 bedrooms, 5 beds, private staff, and curated experiences.	\N	2025-12-22 02:32:31.221467+03	2025-12-22 02:32:31.221467+03	Delhi Hillside Cottage 35	\N	11.60	t	t	f	290	Hauz Khas, Delhi, Delhi, India	Hauz Khas	Close to Deer Park	5	["Sunlit cottage with 5 plush beds", "Curated local concierge in Delhi", "Chef-on-call and daily housekeeping"]	10443.00	12532.00	6981.00	11.600	4.20	159	Delhi Hillside Cottage 35 | Delhi cottage by Homevilas	Delhi Hillside Cottage 35 in Delhi with 3 bedrooms, 5 beds, private staff, and curated experiences.	f	t	0	\N	t	\N	\N	\N	\N	\N	\N	\N	\N	f	\N	\N	0.000	0.000	ACTIVE	full_property	\N	\N	\N	\N	\N	\N
109	Goa Heritage Homestay 36	hv-demo-goa-homestay-36	HVL-DEMO-0036	Goa Heritage Homestay 36 is designed for families and groups seeking privacy, with curated experiences and verified staff.	Premium homestay with modern interiors in Goa.	homestay	homestay	India	Goa	Goa	Calangute	Calangute, Goa, Goa	15.5388000	73.7659900	4	2	10	2	14	9998.00	11998.00	\N	507.00	\N	INR	14:00	11:00	Free cancellation within 48 hours of booking. 50% refund up to 7 days before check-in, non-refundable afterwards.	No loud music after 10pm. Govt ID mandatory at check-in. Respect neighbors and local guidelines.	f	published	\N	Goa Heritage Homestay 36 | Goa homestay by Homevilas	Goa Heritage Homestay 36 in Goa with 4 bedrooms, 5 beds, private staff, and curated experiences.	\N	2025-12-22 02:32:31.221467+03	2025-12-22 02:32:31.221467+03	Goa Heritage Homestay 36	\N	9.30	t	t	f	291	Calangute, Goa, Goa, India	Calangute	200m from Calangute Beach	5	["Sunlit homestay with 5 plush beds", "Curated local concierge in Goa", "Chef-on-call and daily housekeeping"]	9998.00	11998.00	4411.00	9.300	4.25	230	Goa Heritage Homestay 36 | Goa homestay by Homevilas	Goa Heritage Homestay 36 in Goa with 4 bedrooms, 5 beds, private staff, and curated experiences.	f	t	0	\N	t	\N	\N	\N	\N	\N	\N	\N	\N	f	\N	\N	0.000	0.000	ACTIVE	full_property	\N	\N	\N	\N	\N	\N
110	Mahabaleshwar Luxury Villa 37	hv-demo-mahabaleshwar-villa-37	HVL-DEMO-0037	Mahabaleshwar Luxury Villa 37 is designed for families and groups seeking privacy, with curated experiences and verified staff.	Premium villa with modern interiors in Mahabaleshwar.	villa	villa	India	Maharashtra	Mahabaleshwar	Lingmala	Lingmala, Mahabaleshwar, Maharashtra	17.9409500	73.6748600	2	4	10	2	14	15554.00	18665.00	\N	529.00	\N	INR	14:00	11:00	Free cancellation within 48 hours of booking. 50% refund up to 7 days before check-in, non-refundable afterwards.	No loud music after 10pm. Govt ID mandatory at check-in. Respect neighbors and local guidelines.	f	published	\N	Mahabaleshwar Luxury Villa 37 | Mahabaleshwar villa by Homevilas	Mahabaleshwar Luxury Villa 37 in Mahabaleshwar with 2 bedrooms, 5 beds, private staff, and curated experiences.	\N	2025-12-22 02:32:31.221467+03	2025-12-22 02:32:31.221467+03	Mahabaleshwar Luxury Villa 37	\N	8.02	t	t	f	292	Lingmala, Mahabaleshwar, Maharashtra, India	Lingmala	Overlooking Venna Lake	5	["Sunlit villa with 5 plush beds", "Curated local concierge in Mahabaleshwar", "Chef-on-call and daily housekeeping"]	15554.00	18665.00	5626.00	8.020	4.34	128	Mahabaleshwar Luxury Villa 37 | Mahabaleshwar villa by Homevilas	Mahabaleshwar Luxury Villa 37 in Mahabaleshwar with 2 bedrooms, 5 beds, private staff, and curated experiences.	f	t	0	\N	t	\N	\N	\N	\N	\N	\N	\N	\N	f	\N	\N	0.000	0.000	ACTIVE	full_property	\N	\N	\N	\N	\N	\N
111	Kerala Hillside Cottage 38	hv-demo-kerala-cottage-38	HVL-DEMO-0038	Kerala Hillside Cottage 38 is designed for families and groups seeking privacy, with curated experiences and verified staff.	Premium cottage with modern interiors in Kerala.	cottage	cottage	India	Kerala	Kerala	Fort Kochi	Fort Kochi, Kerala, Kerala	9.9765100	76.2496500	5	4	14	2	14	11783.00	14140.00	\N	1086.00	\N	INR	14:00	11:00	Free cancellation within 48 hours of booking. 50% refund up to 7 days before check-in, non-refundable afterwards.	No loud music after 10pm. Govt ID mandatory at check-in. Respect neighbors and local guidelines.	f	published	\N	Kerala Hillside Cottage 38 | Kerala cottage by Homevilas	Kerala Hillside Cottage 38 in Kerala with 5 bedrooms, 7 beds, private staff, and curated experiences.	\N	2025-12-22 02:32:31.221467+03	2025-12-22 02:32:31.221467+03	Kerala Hillside Cottage 38	\N	16.43	t	t	f	293	Fort Kochi, Kerala, Kerala, India	Fort Kochi	Near Chinese Fishing Nets	7	["Sunlit cottage with 7 plush beds", "Curated local concierge in Kerala", "Chef-on-call and daily housekeeping"]	11783.00	14140.00	4470.00	16.430	4.51	25	Kerala Hillside Cottage 38 | Kerala cottage by Homevilas	Kerala Hillside Cottage 38 in Kerala with 5 bedrooms, 7 beds, private staff, and curated experiences.	f	t	0	\N	t	\N	\N	\N	\N	\N	\N	\N	\N	f	\N	\N	0.000	0.000	ACTIVE	full_property	\N	\N	\N	\N	\N	\N
112	Himachal Heritage Homestay 39	hv-demo-himachal-homestay-39	HVL-DEMO-0039	Himachal Heritage Homestay 39 is designed for families and groups seeking privacy, with curated experiences and verified staff.	Premium homestay with modern interiors in Himachal.	homestay	homestay	India	Himachal Pradesh	Himachal	Manali	Manali, Himachal, Himachal Pradesh	32.2558100	77.2126300	3	3	10	2	14	14043.00	16852.00	\N	635.00	\N	INR	14:00	11:00	Free cancellation within 48 hours of booking. 50% refund up to 7 days before check-in, non-refundable afterwards.	No loud music after 10pm. Govt ID mandatory at check-in. Respect neighbors and local guidelines.	f	published	\N	Himachal Heritage Homestay 39 | Himachal homestay by Homevilas	Himachal Heritage Homestay 39 in Himachal with 3 bedrooms, 5 beds, private staff, and curated experiences.	\N	2025-12-22 02:32:31.221467+03	2025-12-22 02:32:31.221467+03	Himachal Heritage Homestay 39	\N	10.51	t	t	f	294	Manali, Himachal, Himachal Pradesh, India	Manali	Old Manali bridge	5	["Sunlit homestay with 5 plush beds", "Curated local concierge in Himachal", "Chef-on-call and daily housekeeping"]	14043.00	16852.00	3314.00	10.510	4.58	158	Himachal Heritage Homestay 39 | Himachal homestay by Homevilas	Himachal Heritage Homestay 39 in Himachal with 3 bedrooms, 5 beds, private staff, and curated experiences.	f	t	0	\N	t	\N	\N	\N	\N	\N	\N	\N	\N	f	\N	\N	0.000	0.000	ACTIVE	full_property	\N	\N	\N	\N	\N	\N
113	Rajasthan Luxury Villa 40	hv-demo-rajasthan-villa-40	HVL-DEMO-0040	Rajasthan Luxury Villa 40 is designed for families and groups seeking privacy, with curated experiences and verified staff.	Premium villa with modern interiors in Rajasthan.	villa	villa	India	Rajasthan	Rajasthan	Udaipur	Udaipur, Rajasthan, Rajasthan	24.5682300	73.7161200	3	5	10	2	14	14218.00	17062.00	\N	1169.00	\N	INR	14:00	11:00	Free cancellation within 48 hours of booking. 50% refund up to 7 days before check-in, non-refundable afterwards.	No loud music after 10pm. Govt ID mandatory at check-in. Respect neighbors and local guidelines.	f	published	\N	Rajasthan Luxury Villa 40 | Rajasthan villa by Homevilas	Rajasthan Luxury Villa 40 in Rajasthan with 3 bedrooms, 5 beds, private staff, and curated experiences.	\N	2025-12-22 02:32:31.221467+03	2025-12-22 02:32:31.221467+03	Rajasthan Luxury Villa 40	\N	12.11	t	t	f	295	Udaipur, Rajasthan, Rajasthan, India	Udaipur	Facing Lake Pichola	5	["Sunlit villa with 5 plush beds", "Curated local concierge in Rajasthan", "Chef-on-call and daily housekeeping"]	14218.00	17062.00	4314.00	12.110	4.26	232	Rajasthan Luxury Villa 40 | Rajasthan villa by Homevilas	Rajasthan Luxury Villa 40 in Rajasthan with 3 bedrooms, 5 beds, private staff, and curated experiences.	f	t	0	\N	t	\N	\N	\N	\N	\N	\N	\N	\N	f	\N	\N	0.000	0.000	ACTIVE	full_property	\N	\N	\N	\N	\N	\N
114	Mumbai Hillside Cottage 41	hv-demo-mumbai-cottage-41	HVL-DEMO-0041	Mumbai Hillside Cottage 41 is designed for families and groups seeking privacy, with curated experiences and verified staff.	Premium cottage with modern interiors in Mumbai.	cottage	cottage	India	Maharashtra	Mumbai	Bandra	Bandra, Mumbai, Maharashtra	19.0612700	72.8537200	3	4	10	2	14	7899.00	9479.00	\N	889.00	\N	INR	14:00	11:00	Free cancellation within 48 hours of booking. 50% refund up to 7 days before check-in, non-refundable afterwards.	No loud music after 10pm. Govt ID mandatory at check-in. Respect neighbors and local guidelines.	f	published	\N	Mumbai Hillside Cottage 41 | Mumbai cottage by Homevilas	Mumbai Hillside Cottage 41 in Mumbai with 3 bedrooms, 5 beds, private staff, and curated experiences.	\N	2025-12-22 02:32:31.221467+03	2025-12-22 02:32:31.221467+03	Mumbai Hillside Cottage 41	\N	8.46	t	t	f	296	Bandra, Mumbai, Maharashtra, India	Bandra	Near Bandra Fort	5	["Sunlit cottage with 5 plush beds", "Curated local concierge in Mumbai", "Chef-on-call and daily housekeeping"]	7899.00	9479.00	7525.00	8.460	4.28	20	Mumbai Hillside Cottage 41 | Mumbai cottage by Homevilas	Mumbai Hillside Cottage 41 in Mumbai with 3 bedrooms, 5 beds, private staff, and curated experiences.	f	t	0	\N	t	\N	\N	\N	\N	\N	\N	\N	\N	f	\N	\N	0.000	0.000	ACTIVE	full_property	\N	\N	\N	\N	\N	\N
115	Delhi Heritage Homestay 42	hv-demo-delhi-homestay-42	HVL-DEMO-0042	Delhi Heritage Homestay 42 is designed for families and groups seeking privacy, with curated experiences and verified staff.	Premium homestay with modern interiors in Delhi.	homestay	homestay	India	Delhi	Delhi	Hauz Khas	Hauz Khas, Delhi, Delhi	28.5506000	77.1814200	5	3	16	2	14	15086.00	18103.00	\N	723.00	\N	INR	14:00	11:00	Free cancellation within 48 hours of booking. 50% refund up to 7 days before check-in, non-refundable afterwards.	No loud music after 10pm. Govt ID mandatory at check-in. Respect neighbors and local guidelines.	f	published	\N	Delhi Heritage Homestay 42 | Delhi homestay by Homevilas	Delhi Heritage Homestay 42 in Delhi with 5 bedrooms, 8 beds, private staff, and curated experiences.	\N	2025-12-22 02:32:31.221467+03	2025-12-22 02:32:31.221467+03	Delhi Heritage Homestay 42	\N	14.65	t	t	f	297	Hauz Khas, Delhi, Delhi, India	Hauz Khas	Close to Deer Park	8	["Sunlit homestay with 8 plush beds", "Curated local concierge in Delhi", "Chef-on-call and daily housekeeping"]	15086.00	18103.00	6272.00	14.650	4.55	163	Delhi Heritage Homestay 42 | Delhi homestay by Homevilas	Delhi Heritage Homestay 42 in Delhi with 5 bedrooms, 8 beds, private staff, and curated experiences.	f	t	0	\N	t	\N	\N	\N	\N	\N	\N	\N	\N	f	\N	\N	0.000	0.000	ACTIVE	full_property	\N	\N	\N	\N	\N	\N
116	Goa Luxury Villa 43	hv-demo-goa-villa-43	HVL-DEMO-0043	Goa Luxury Villa 43 is designed for families and groups seeking privacy, with curated experiences and verified staff.	Premium villa with modern interiors in Goa.	villa	villa	India	Goa	Goa	Calangute	Calangute, Goa, Goa	15.5576600	73.7540500	4	3	14	2	14	15350.00	18420.00	\N	1196.00	\N	INR	14:00	11:00	Free cancellation within 48 hours of booking. 50% refund up to 7 days before check-in, non-refundable afterwards.	No loud music after 10pm. Govt ID mandatory at check-in. Respect neighbors and local guidelines.	f	published	\N	Goa Luxury Villa 43 | Goa villa by Homevilas	Goa Luxury Villa 43 in Goa with 4 bedrooms, 7 beds, private staff, and curated experiences.	\N	2025-12-22 02:32:31.221467+03	2025-12-22 02:32:31.221467+03	Goa Luxury Villa 43	\N	9.22	t	t	f	298	Calangute, Goa, Goa, India	Calangute	200m from Calangute Beach	7	["Sunlit villa with 7 plush beds", "Curated local concierge in Goa", "Chef-on-call and daily housekeeping"]	15350.00	18420.00	3160.00	9.220	4.44	224	Goa Luxury Villa 43 | Goa villa by Homevilas	Goa Luxury Villa 43 in Goa with 4 bedrooms, 7 beds, private staff, and curated experiences.	f	t	0	\N	t	\N	\N	\N	\N	\N	\N	\N	\N	f	\N	\N	0.000	0.000	ACTIVE	full_property	\N	\N	\N	\N	\N	\N
117	Mahabaleshwar Hillside Cottage 44	hv-demo-mahabaleshwar-cottage-44	HVL-DEMO-0044	Mahabaleshwar Hillside Cottage 44 is designed for families and groups seeking privacy, with curated experiences and verified staff.	Premium cottage with modern interiors in Mahabaleshwar.	cottage	cottage	India	Maharashtra	Mahabaleshwar	Lingmala	Lingmala, Mahabaleshwar, Maharashtra	17.9302900	73.6712200	3	5	8	2	14	6999.00	8399.00	\N	971.00	\N	INR	14:00	11:00	Free cancellation within 48 hours of booking. 50% refund up to 7 days before check-in, non-refundable afterwards.	No loud music after 10pm. Govt ID mandatory at check-in. Respect neighbors and local guidelines.	f	published	\N	Mahabaleshwar Hillside Cottage 44 | Mahabaleshwar cottage by Homevilas	Mahabaleshwar Hillside Cottage 44 in Mahabaleshwar with 3 bedrooms, 4 beds, private staff, and curated experiences.	\N	2025-12-22 02:32:31.221467+03	2025-12-22 02:32:31.221467+03	Mahabaleshwar Hillside Cottage 44	\N	12.60	t	t	f	299	Lingmala, Mahabaleshwar, Maharashtra, India	Lingmala	Overlooking Venna Lake	4	["Sunlit cottage with 4 plush beds", "Curated local concierge in Mahabaleshwar", "Chef-on-call and daily housekeeping"]	6999.00	8399.00	4304.00	12.600	4.61	67	Mahabaleshwar Hillside Cottage 44 | Mahabaleshwar cottage by Homevilas	Mahabaleshwar Hillside Cottage 44 in Mahabaleshwar with 3 bedrooms, 4 beds, private staff, and curated experiences.	f	t	0	\N	t	\N	\N	\N	\N	\N	\N	\N	\N	f	\N	\N	0.000	0.000	ACTIVE	full_property	\N	\N	\N	\N	\N	\N
118	Kerala Heritage Homestay 45	hv-demo-kerala-homestay-45	HVL-DEMO-0045	Kerala Heritage Homestay 45 is designed for families and groups seeking privacy, with curated experiences and verified staff.	Premium homestay with modern interiors in Kerala.	homestay	homestay	India	Kerala	Kerala	Fort Kochi	Fort Kochi, Kerala, Kerala	9.9805000	76.2301600	5	3	12	2	14	15541.00	18649.00	\N	902.00	\N	INR	14:00	11:00	Free cancellation within 48 hours of booking. 50% refund up to 7 days before check-in, non-refundable afterwards.	No loud music after 10pm. Govt ID mandatory at check-in. Respect neighbors and local guidelines.	f	published	\N	Kerala Heritage Homestay 45 | Kerala homestay by Homevilas	Kerala Heritage Homestay 45 in Kerala with 5 bedrooms, 6 beds, private staff, and curated experiences.	\N	2025-12-22 02:32:31.221467+03	2025-12-22 02:32:31.221467+03	Kerala Heritage Homestay 45	\N	11.32	t	t	f	300	Fort Kochi, Kerala, Kerala, India	Fort Kochi	Near Chinese Fishing Nets	6	["Sunlit homestay with 6 plush beds", "Curated local concierge in Kerala", "Chef-on-call and daily housekeeping"]	15541.00	18649.00	4505.00	11.320	4.30	27	Kerala Heritage Homestay 45 | Kerala homestay by Homevilas	Kerala Heritage Homestay 45 in Kerala with 5 bedrooms, 6 beds, private staff, and curated experiences.	f	t	0	\N	t	\N	\N	\N	\N	\N	\N	\N	\N	f	\N	\N	0.000	0.000	ACTIVE	full_property	\N	\N	\N	\N	\N	\N
119	Himachal Luxury Villa 46	hv-demo-himachal-villa-46	HVL-DEMO-0046	Himachal Luxury Villa 46 is designed for families and groups seeking privacy, with curated experiences and verified staff.	Premium villa with modern interiors in Himachal.	villa	villa	India	Himachal Pradesh	Himachal	Manali	Manali, Himachal, Himachal Pradesh	32.2219600	77.1993400	4	3	12	2	14	11269.00	13523.00	\N	817.00	\N	INR	14:00	11:00	Free cancellation within 48 hours of booking. 50% refund up to 7 days before check-in, non-refundable afterwards.	No loud music after 10pm. Govt ID mandatory at check-in. Respect neighbors and local guidelines.	f	published	\N	Himachal Luxury Villa 46 | Himachal villa by Homevilas	Himachal Luxury Villa 46 in Himachal with 4 bedrooms, 6 beds, private staff, and curated experiences.	\N	2025-12-22 02:32:31.221467+03	2025-12-22 02:32:31.221467+03	Himachal Luxury Villa 46	\N	15.55	t	t	f	301	Manali, Himachal, Himachal Pradesh, India	Manali	Old Manali bridge	6	["Sunlit villa with 6 plush beds", "Curated local concierge in Himachal", "Chef-on-call and daily housekeeping"]	11269.00	13523.00	6594.00	15.550	4.37	100	Himachal Luxury Villa 46 | Himachal villa by Homevilas	Himachal Luxury Villa 46 in Himachal with 4 bedrooms, 6 beds, private staff, and curated experiences.	f	t	0	\N	t	\N	\N	\N	\N	\N	\N	\N	\N	f	\N	\N	0.000	0.000	ACTIVE	full_property	\N	\N	\N	\N	\N	\N
120	Rajasthan Hillside Cottage 47	hv-demo-rajasthan-cottage-47	HVL-DEMO-0047	Rajasthan Hillside Cottage 47 is designed for families and groups seeking privacy, with curated experiences and verified staff.	Premium cottage with modern interiors in Rajasthan.	cottage	cottage	India	Rajasthan	Rajasthan	Udaipur	Udaipur, Rajasthan, Rajasthan	24.5851700	73.7299700	3	4	10	2	14	12771.00	15325.00	\N	1026.00	\N	INR	14:00	11:00	Free cancellation within 48 hours of booking. 50% refund up to 7 days before check-in, non-refundable afterwards.	No loud music after 10pm. Govt ID mandatory at check-in. Respect neighbors and local guidelines.	f	published	\N	Rajasthan Hillside Cottage 47 | Rajasthan cottage by Homevilas	Rajasthan Hillside Cottage 47 in Rajasthan with 3 bedrooms, 5 beds, private staff, and curated experiences.	\N	2025-12-22 02:32:31.221467+03	2025-12-22 02:32:31.221467+03	Rajasthan Hillside Cottage 47	\N	15.28	t	t	f	302	Udaipur, Rajasthan, Rajasthan, India	Udaipur	Facing Lake Pichola	5	["Sunlit cottage with 5 plush beds", "Curated local concierge in Rajasthan", "Chef-on-call and daily housekeeping"]	12771.00	15325.00	5701.00	15.280	4.35	55	Rajasthan Hillside Cottage 47 | Rajasthan cottage by Homevilas	Rajasthan Hillside Cottage 47 in Rajasthan with 3 bedrooms, 5 beds, private staff, and curated experiences.	f	t	0	\N	t	\N	\N	\N	\N	\N	\N	\N	\N	f	\N	\N	0.000	0.000	ACTIVE	full_property	\N	\N	\N	\N	\N	\N
121	Mumbai Heritage Homestay 48	hv-demo-mumbai-homestay-48	HVL-DEMO-0048	Mumbai Heritage Homestay 48 is designed for families and groups seeking privacy, with curated experiences and verified staff.	Premium homestay with modern interiors in Mumbai.	homestay	homestay	India	Maharashtra	Mumbai	Bandra	Bandra, Mumbai, Maharashtra	19.0772300	72.8537200	4	3	12	2	14	11717.00	14060.00	\N	536.00	\N	INR	14:00	11:00	Free cancellation within 48 hours of booking. 50% refund up to 7 days before check-in, non-refundable afterwards.	No loud music after 10pm. Govt ID mandatory at check-in. Respect neighbors and local guidelines.	f	published	\N	Mumbai Heritage Homestay 48 | Mumbai homestay by Homevilas	Mumbai Heritage Homestay 48 in Mumbai with 4 bedrooms, 6 beds, private staff, and curated experiences.	\N	2025-12-22 02:32:31.221467+03	2025-12-22 02:32:31.221467+03	Mumbai Heritage Homestay 48	\N	16.64	t	t	f	303	Bandra, Mumbai, Maharashtra, India	Bandra	Near Bandra Fort	6	["Sunlit homestay with 6 plush beds", "Curated local concierge in Mumbai", "Chef-on-call and daily housekeeping"]	11717.00	14060.00	4108.00	16.640	4.35	212	Mumbai Heritage Homestay 48 | Mumbai homestay by Homevilas	Mumbai Heritage Homestay 48 in Mumbai with 4 bedrooms, 6 beds, private staff, and curated experiences.	f	t	0	\N	t	\N	\N	\N	\N	\N	\N	\N	\N	f	\N	\N	0.000	0.000	ACTIVE	full_property	\N	\N	\N	\N	\N	\N
122	Delhi Luxury Villa 49	hv-demo-delhi-villa-49	HVL-DEMO-0049	Delhi Luxury Villa 49 is designed for families and groups seeking privacy, with curated experiences and verified staff.	Premium villa with modern interiors in Delhi.	villa	villa	India	Delhi	Delhi	Hauz Khas	Hauz Khas, Delhi, Delhi	28.5400700	77.2130500	4	3	12	2	14	16350.00	19620.00	\N	721.00	\N	INR	14:00	11:00	Free cancellation within 48 hours of booking. 50% refund up to 7 days before check-in, non-refundable afterwards.	No loud music after 10pm. Govt ID mandatory at check-in. Respect neighbors and local guidelines.	f	published	\N	Delhi Luxury Villa 49 | Delhi villa by Homevilas	Delhi Luxury Villa 49 in Delhi with 4 bedrooms, 6 beds, private staff, and curated experiences.	\N	2025-12-22 02:32:31.221467+03	2025-12-22 02:32:31.221467+03	Delhi Luxury Villa 49	\N	14.85	t	t	f	304	Hauz Khas, Delhi, Delhi, India	Hauz Khas	Close to Deer Park	6	["Sunlit villa with 6 plush beds", "Curated local concierge in Delhi", "Chef-on-call and daily housekeeping"]	16350.00	19620.00	4940.00	14.850	4.90	189	Delhi Luxury Villa 49 | Delhi villa by Homevilas	Delhi Luxury Villa 49 in Delhi with 4 bedrooms, 6 beds, private staff, and curated experiences.	f	t	0	\N	t	\N	\N	\N	\N	\N	\N	\N	\N	f	\N	\N	0.000	0.000	ACTIVE	full_property	\N	\N	\N	\N	\N	\N
123	Goa Hillside Cottage 50	hv-demo-goa-cottage-50	HVL-DEMO-0050	Goa Hillside Cottage 50 is designed for families and groups seeking privacy, with curated experiences and verified staff.	Premium cottage with modern interiors in Goa.	cottage	cottage	India	Goa	Goa	Calangute	Calangute, Goa, Goa	15.5190700	73.7684200	5	4	14	2	14	14606.00	17527.00	\N	798.00	\N	INR	14:00	11:00	Free cancellation within 48 hours of booking. 50% refund up to 7 days before check-in, non-refundable afterwards.	No loud music after 10pm. Govt ID mandatory at check-in. Respect neighbors and local guidelines.	f	published	\N	Goa Hillside Cottage 50 | Goa cottage by Homevilas	Goa Hillside Cottage 50 in Goa with 5 bedrooms, 7 beds, private staff, and curated experiences.	\N	2025-12-22 02:32:31.221467+03	2025-12-22 02:32:31.221467+03	Goa Hillside Cottage 50	\N	8.42	t	t	f	305	Calangute, Goa, Goa, India	Calangute	200m from Calangute Beach	7	["Sunlit cottage with 7 plush beds", "Curated local concierge in Goa", "Chef-on-call and daily housekeeping"]	14606.00	17527.00	7226.00	8.420	4.62	70	Goa Hillside Cottage 50 | Goa cottage by Homevilas	Goa Hillside Cottage 50 in Goa with 5 bedrooms, 7 beds, private staff, and curated experiences.	f	t	0	\N	t	\N	\N	\N	\N	\N	\N	\N	\N	f	\N	\N	0.000	0.000	ACTIVE	full_property	\N	\N	\N	\N	\N	\N
79	Mumbai Heritage Homestay 6	hv-demo-mumbai-homestay-6	HVL-DEMO-0006	Mumbai Heritage Homestay 6 is designed for families and groups seeking privacy, with curated experiences and verified staff.	Premium homestay with modern interiors in Mumbai.	homestay	homestay	India	Maharashtra	Mumbai	Bandra	Bandra, Mumbai, Maharashtra	19.0394500	72.8197500	6	5	14	2	14	12576.00	15091.00	\N	1109.00	\N	INR	14:00	11:00	Free cancellation within 48 hours of booking. 50% refund up to 7 days before check-in, non-refundable afterwards.	No loud music after 10pm. Govt ID mandatory at check-in. Respect neighbors and local guidelines.	t	published	\N	Mumbai Heritage Homestay 6 | Mumbai homestay by Homevilas	Mumbai Heritage Homestay 6 in Mumbai with 6 bedrooms, 7 beds, private staff, and curated experiences.	\N	2025-12-22 02:32:31.221467+03	2025-12-28 23:58:59.045289+03	Mumbai Heritage Homestay 6	\N	17.14	t	t	f	261	Bandra, Mumbai, Maharashtra, India	Bandra	Near Bandra Fort	7	["Sunlit homestay with 7 plush beds", "Curated local concierge in Mumbai", "Chef-on-call and daily housekeeping"]	12576.00	15091.00	6287.00	17.140	4.20	46	Mumbai Heritage Homestay 6 | Mumbai homestay by Homevilas	Mumbai Heritage Homestay 6 in Mumbai with 6 bedrooms, 7 beds, private staff, and curated experiences.	f	t	\N	\N	t	\N	\N	\N	\N	\N	\N	\N	\N	f	\N	\N	0.000	0.000	ACTIVE	full_property	\N	\N	\N	\N	\N	\N
78	Rajasthan Hillside Cottage 5	hv-demo-rajasthan-cottage-5	HVL-DEMO-0005	Rajasthan Hillside Cottage 5 is designed for families and groups seeking privacy, with curated experiences and verified staff.	Rajasthan Hillside Cottage 5 is designed for families and groups seeking privacy, with curated experiences and verified staff.	cottage	cottage	India	Rajasthan	Rajasthan	\N	Udaipur, Rajasthan, Rajasthan	24.5646400	73.7361500	5	5	12	2	14	14886.00	17863.00	0.00	562.00	0.00	INR	14:00	11:00	\N	\N	t	published	\N	Rajasthan Hillside Cottage 5 | Rajasthan cottage by Homevilas	Rajasthan Hillside Cottage 5 in Rajasthan with 5 bedrooms, 6 beds, private staff, and curated experiences.	\N	2025-12-22 02:32:31.221467+03	2025-12-29 03:39:51.852428+03	Rajasthan Hillside Cottage 5	\N	\N	t	t	f	260	Udaipur, Rajasthan, Rajasthan, India	Udaipur	Facing Lake Pichola	6	["Sunlit cottage with 6 plush beds", "Curated local concierge in Rajasthan", "Chef-on-call and daily housekeeping"]	14886.00	17863.00	7150.00	11.260	4.71	49	Rajasthan Hillside Cottage 5 | Rajasthan cottage by Homevilas	Rajasthan Hillside Cottage 5 in Rajasthan with 5 bedrooms, 6 beds, private staff, and curated experiences.	f	t	\N	\N	t	\N	\N	\N	\N	\N	\N	\N	\N	f	\N	\N	0.000	0.000	ACTIVE	full_property	\N	\N	\N	\N	\N	\N
81	Goa Hillside Cottage 8	hv-demo-goa-cottage-8	HVL-DEMO-0008	Goa Hillside Cottage 8 is designed for families and groups seeking privacy, with curated experiences and verified staff.	Goa Hillside Cottage 8 is designed for families and groups seeking privacy, with curated experiences and verified staff.	cottage	cottage	India	Goa	Goa	\N	Calangute, Goa, Goa	15.5596300	73.7721100	5	3	12	2	14	12406.00	14887.00	0.00	581.00	0.00	INR	14:00	11:00	\N	\N	t	published	\N	Goa Hillside Cottage 8 | Goa cottage by Homevilas	Goa Hillside Cottage 8 in Goa with 5 bedrooms, 6 beds, private staff, and curated experiences.	\N	2025-12-22 02:32:31.221467+03	2025-12-29 03:52:09.623805+03	Goa Hillside Cottage 8	\N	\N	t	t	f	263	Calangute, Goa, Goa, India	Calangute	200m from Calangute Beach	6	["Sunlit cottage with 6 plush beds", "Curated local concierge in Goa", "Chef-on-call and daily housekeeping"]	12406.00	14887.00	3129.00	14.910	4.77	88	Goa Hillside Cottage 8 | Goa cottage by Homevilas	Goa Hillside Cottage 8 in Goa with 5 bedrooms, 6 beds, private staff, and curated experiences.	f	t	\N	\N	t	\N	\N	\N	\N	\N	\N	\N	\N	f	\N	\N	0.000	0.000	ACTIVE	full_property	\N	\N	\N	\N	\N	\N
129	Homevilas- 150	homevilas- 150-mjw0ut9l	HOST-308-MJW0UT9L	lavious villa in goe-150	\N	Villa	\N	India	Goa	Calangute	\N	150-beachvilla, calangute, goa	\N	\N	4	4	8	1	\N	5000.00	7500.00	0.00	0.00	\N	INR	12:00 PM	10:00 AM	Full refund if cancelled 24h before check-in; 50% after.	Quiet hours 10pm-7am. No parties or loud music.	f	pending	\N	\N	\N	\N	2026-01-02 01:33:49.794018+03	2026-01-03 00:18:29.031362+03	\N	\N	0.00	f	f	f	308	\N	\N	\N	4	\N	9000.00	12500.00	0.00	12.000	0.00	0	hgvhv	hbhjb	f	t	0	\N	t	\N	\N	\N	Pets are not allowed.	\N	\N	\N	{}	f	\N	\N	10.000	0.000	ACTIVE	full_property	\N	\N	\N	\N	\N	\N
125	Homevilas-723	homevilas-723	723	Luxury villas in North Goa beach - Villas-723	Luxury villas in North Goa beach - Villas-723	Villa	\N	India	Goa	Baga	\N	villa-723 baga beach , north goa	\N	\N	4	4	8	2	8	8500.00	12000.00	0.00	0.00	0.00	INR	12:00 PM	10:00 AM	\N	\N	f	draft	\N				2025-12-30 22:13:17.095974+03	2026-01-01 03:51:53.98231+03	\N	\N	0.00	f	f	f	\N	\N	\N	\N	2	\N	8500.00	12000.00	0.00	0.000	0.00	0	\N	\N	f	t	\N	\N	t	\N	\N	\N	\N	\N	\N	\N	\N	f	\N	\N	0.000	0.000	ACTIVE	full_property	\N	\N	\N	\N	\N	\N
\.


--
-- Data for Name: property_amenities; Type: TABLE DATA; Schema: public; Owner: postgres
--

COPY public.property_amenities (id, property_id, amenity_id, wifi, ac, heater, tv, kitchen, microwave, refrigerator, washing_machine, dryer, free_parking, paid_parking, pool, private_pool, jacuzzi, gym, bbq_grill, bonfire, garden, balcony, pet_friendly, smoking_allowed, wheelchair_access, power_backup, security_cameras, first_aid_kit, fire_extinguisher, extra_notes, created_at, updated_at) FROM stdin;
157	74	\N	t	t	t	t	t	t	t	t	t	t	f	t	t	t	t	t	t	t	t	t	t	t	t	t	t	t	{"highlights": ["Daily housekeeping", "Chef on call", "Airport pickup on request"]}	2025-12-22 02:32:31.265855+03	2025-12-22 02:32:31.265855+03
158	75	\N	t	t	f	t	t	f	t	f	f	t	t	f	f	f	f	f	f	t	t	f	f	f	t	t	t	t	{"highlights": ["Daily housekeeping", "Chef on call", "Airport pickup on request"]}	2025-12-22 02:32:31.265855+03	2025-12-22 02:32:31.265855+03
159	76	\N	t	t	f	t	t	t	t	t	f	t	t	t	f	f	f	t	f	t	t	t	f	f	t	t	t	t	{"highlights": ["Daily housekeeping", "Chef on call", "Airport pickup on request"]}	2025-12-22 02:32:31.265855+03	2025-12-22 02:32:31.265855+03
160	77	\N	t	t	t	t	t	f	t	f	f	t	t	f	f	f	f	f	t	t	t	f	f	f	t	t	t	t	{"highlights": ["Daily housekeeping", "Chef on call", "Airport pickup on request"]}	2025-12-22 02:32:31.265855+03	2025-12-22 02:32:31.265855+03
162	79	\N	t	t	f	t	t	f	t	f	f	t	f	f	f	f	f	f	f	t	t	f	t	f	t	t	t	t	{"highlights": ["Daily housekeeping", "Chef on call", "Airport pickup on request"]}	2025-12-22 02:32:31.265855+03	2025-12-22 02:32:31.265855+03
163	80	\N	t	t	t	t	t	t	t	t	f	t	t	t	t	f	f	t	t	t	t	t	f	t	t	t	t	t	{"highlights": ["Daily housekeeping", "Chef on call", "Airport pickup on request"]}	2025-12-22 02:32:31.265855+03	2025-12-22 02:32:31.265855+03
167	84	\N	t	t	f	t	t	t	t	t	f	t	f	t	f	f	f	t	f	t	t	t	t	f	t	t	t	t	{"highlights": ["Daily housekeeping", "Chef on call", "Airport pickup on request"]}	2025-12-22 02:32:31.265855+03	2025-12-22 02:32:31.265855+03
168	85	\N	t	t	f	t	t	f	t	f	f	t	t	f	f	f	f	f	f	t	t	f	f	f	t	t	t	t	{"highlights": ["Daily housekeeping", "Chef on call", "Airport pickup on request"]}	2025-12-22 02:32:31.265855+03	2025-12-22 02:32:31.265855+03
169	86	\N	t	t	t	t	t	t	t	t	t	t	t	t	t	f	t	t	t	t	t	t	f	t	t	t	t	t	{"highlights": ["Daily housekeeping", "Chef on call", "Airport pickup on request"]}	2025-12-22 02:32:31.265855+03	2025-12-22 02:32:31.265855+03
170	87	\N	t	t	f	t	t	f	t	f	f	t	t	f	f	f	f	f	f	t	t	f	f	f	t	t	t	t	{"highlights": ["Daily housekeeping", "Chef on call", "Airport pickup on request"]}	2025-12-22 02:32:31.265855+03	2025-12-22 02:32:31.265855+03
171	88	\N	t	t	f	t	t	t	t	t	f	t	t	t	f	t	f	t	f	t	t	t	f	f	t	t	t	t	{"highlights": ["Daily housekeeping", "Chef on call", "Airport pickup on request"]}	2025-12-22 02:32:31.265855+03	2025-12-22 02:32:31.265855+03
172	89	\N	t	t	t	t	t	f	t	f	f	t	f	f	f	f	f	f	t	t	t	f	t	f	t	t	t	t	{"highlights": ["Daily housekeeping", "Chef on call", "Airport pickup on request"]}	2025-12-22 02:32:31.265855+03	2025-12-22 02:32:31.265855+03
173	90	\N	t	t	f	t	t	t	t	t	t	t	t	t	f	f	t	t	f	t	t	t	f	f	t	t	t	t	{"highlights": ["Daily housekeeping", "Chef on call", "Airport pickup on request"]}	2025-12-22 02:32:31.265855+03	2025-12-22 02:32:31.265855+03
174	91	\N	t	t	f	t	t	f	t	f	f	t	t	f	f	f	f	f	f	t	t	f	f	f	t	t	t	t	{"highlights": ["Daily housekeeping", "Chef on call", "Airport pickup on request"]}	2025-12-22 02:32:31.265855+03	2025-12-22 02:32:31.265855+03
175	92	\N	t	t	t	t	t	t	t	t	f	t	t	t	t	f	f	t	t	t	t	t	f	t	t	t	t	t	{"highlights": ["Daily housekeeping", "Chef on call", "Airport pickup on request"]}	2025-12-22 02:32:31.265855+03	2025-12-22 02:32:31.265855+03
176	93	\N	t	t	f	t	t	f	t	f	f	t	t	f	f	f	f	f	f	t	t	f	f	f	t	t	t	t	{"highlights": ["Daily housekeeping", "Chef on call", "Airport pickup on request"]}	2025-12-22 02:32:31.265855+03	2025-12-22 02:32:31.265855+03
177	94	\N	t	t	f	t	t	t	t	t	t	t	f	t	f	f	t	t	f	t	t	t	t	f	t	t	t	t	{"highlights": ["Daily housekeeping", "Chef on call", "Airport pickup on request"]}	2025-12-22 02:32:31.265855+03	2025-12-22 02:32:31.265855+03
161	78	\N	t	t	f	t	t	t	t	t	t	t	t	t	f	f	t	t	f	t	t	t	f	f	t	t	t	t	{"highlights": ["Daily housekeeping", "Chef on call", "Airport pickup on request"]}	2025-12-22 02:32:31.265855+03	2025-12-29 03:39:51.852428+03
165	82	\N	t	t	f	t	t	t	t	t	t	t	t	t	f	f	t	t	t	t	t	t	t	f	t	t	t	t	{"highlights": ["Daily housekeeping", "Chef on call", "Airport pickup on request"]}	2025-12-22 02:32:31.265855+03	2025-12-29 04:59:49.029246+03
164	81	\N	t	t	f	t	t	f	t	f	f	t	t	f	f	t	f	f	f	t	t	f	f	f	t	t	t	t	{"highlights": ["Daily housekeeping", "Chef on call", "Airport pickup on request"]}	2025-12-22 02:32:31.265855+03	2025-12-29 03:52:09.623805+03
166	83	\N	t	t	t	t	t	f	t	f	f	t	t	f	f	f	f	f	t	t	t	f	f	f	t	t	t	t	{"highlights": ["Daily housekeeping", "Chef on call", "Airport pickup on request"]}	2025-12-22 02:32:31.265855+03	2025-12-29 04:41:14.107392+03
54	14	93	f	f	f	f	f	f	f	f	f	f	f	f	f	f	f	f	f	f	f	f	f	f	f	f	f	f	\N	2025-12-22 01:01:40.445351+03	2025-12-22 01:01:40.445351+03
58	15	91	f	f	f	f	f	f	f	f	f	f	f	f	f	f	f	f	f	f	f	f	f	f	f	f	f	f	\N	2025-12-22 01:01:40.445351+03	2025-12-22 01:01:40.445351+03
63	16	91	f	f	f	f	f	f	f	f	f	f	f	f	f	f	f	f	f	f	f	f	f	f	f	f	f	f	\N	2025-12-22 01:01:40.445351+03	2025-12-22 01:01:40.445351+03
69	17	93	f	f	f	f	f	f	f	f	f	f	f	f	f	f	f	f	f	f	f	f	f	f	f	f	f	f	\N	2025-12-22 01:01:40.445351+03	2025-12-22 01:01:40.445351+03
76	18	98	f	f	f	f	f	f	f	f	f	f	f	f	f	f	f	f	f	f	f	f	f	f	f	f	f	f	\N	2025-12-22 01:01:40.445351+03	2025-12-22 01:01:40.445351+03
80	19	96	f	f	f	f	f	f	f	f	f	f	f	f	f	f	f	f	f	f	f	f	f	f	f	f	f	f	\N	2025-12-22 01:01:40.445351+03	2025-12-22 01:01:40.445351+03
85	20	97	f	f	f	f	f	f	f	f	f	f	f	f	f	f	f	f	f	f	f	f	f	f	f	f	f	f	\N	2025-12-22 01:01:40.445351+03	2025-12-22 01:01:40.445351+03
91	21	92	f	f	f	f	f	f	f	f	f	f	f	f	f	f	f	f	f	f	f	f	f	f	f	f	f	f	\N	2025-12-22 01:01:40.445351+03	2025-12-22 01:01:40.445351+03
98	22	91	f	f	f	f	f	f	f	f	f	f	f	f	f	f	f	f	f	f	f	f	f	f	f	f	f	f	\N	2025-12-22 01:01:40.445351+03	2025-12-22 01:01:40.445351+03
102	23	92	f	f	f	f	f	f	f	f	f	f	f	f	f	f	f	f	f	f	f	f	f	f	f	f	f	f	\N	2025-12-22 01:01:40.445351+03	2025-12-22 01:01:40.445351+03
178	95	\N	t	t	t	t	t	f	t	f	f	t	t	f	f	t	f	f	t	t	t	f	f	f	t	t	t	t	{"highlights": ["Daily housekeeping", "Chef on call", "Airport pickup on request"]}	2025-12-22 02:32:31.265855+03	2025-12-22 02:32:31.265855+03
179	96	\N	t	t	f	t	t	t	t	t	f	t	t	t	f	f	f	t	f	t	t	t	f	f	t	t	t	t	{"highlights": ["Daily housekeeping", "Chef on call", "Airport pickup on request"]}	2025-12-22 02:32:31.265855+03	2025-12-22 02:32:31.265855+03
180	97	\N	t	t	f	t	t	f	t	f	f	t	t	f	f	f	f	f	f	t	t	f	f	f	t	t	t	t	{"highlights": ["Daily housekeeping", "Chef on call", "Airport pickup on request"]}	2025-12-22 02:32:31.265855+03	2025-12-22 02:32:31.265855+03
181	98	\N	t	t	t	t	t	t	t	t	t	t	t	t	t	f	t	t	t	t	t	t	f	t	t	t	t	t	{"highlights": ["Daily housekeeping", "Chef on call", "Airport pickup on request"]}	2025-12-22 02:32:31.265855+03	2025-12-22 02:32:31.265855+03
182	99	\N	t	t	f	t	t	f	t	f	f	t	f	f	f	f	f	f	f	t	t	f	t	f	t	t	t	t	{"highlights": ["Daily housekeeping", "Chef on call", "Airport pickup on request"]}	2025-12-22 02:32:31.265855+03	2025-12-22 02:32:31.265855+03
183	100	\N	t	t	f	t	t	t	t	t	f	t	t	t	f	f	f	t	f	t	t	t	f	f	t	t	t	t	{"highlights": ["Daily housekeeping", "Chef on call", "Airport pickup on request"]}	2025-12-22 02:32:31.265855+03	2025-12-22 02:32:31.265855+03
184	101	\N	t	t	t	t	t	f	t	f	f	t	t	f	f	f	f	f	t	t	t	f	f	f	t	t	t	t	{"highlights": ["Daily housekeeping", "Chef on call", "Airport pickup on request"]}	2025-12-22 02:32:31.265855+03	2025-12-22 02:32:31.265855+03
185	102	\N	t	t	f	t	t	t	t	t	t	t	t	t	f	t	t	t	f	t	t	t	f	f	t	t	t	t	{"highlights": ["Daily housekeeping", "Chef on call", "Airport pickup on request"]}	2025-12-22 02:32:31.265855+03	2025-12-22 02:32:31.265855+03
186	103	\N	t	t	f	t	t	f	t	f	f	t	t	f	f	f	f	f	f	t	t	f	f	f	t	t	t	t	{"highlights": ["Daily housekeeping", "Chef on call", "Airport pickup on request"]}	2025-12-22 02:32:31.265855+03	2025-12-22 02:32:31.265855+03
187	104	\N	t	t	t	t	t	t	t	t	f	t	f	t	t	f	f	t	t	t	t	t	t	t	t	t	t	t	{"highlights": ["Daily housekeeping", "Chef on call", "Airport pickup on request"]}	2025-12-22 02:32:31.265855+03	2025-12-22 02:32:31.265855+03
188	105	\N	t	t	f	t	t	f	t	f	f	t	t	f	f	f	f	f	f	t	t	f	f	f	t	t	t	t	{"highlights": ["Daily housekeeping", "Chef on call", "Airport pickup on request"]}	2025-12-22 02:32:31.265855+03	2025-12-22 02:32:31.265855+03
189	106	\N	t	t	f	t	t	t	t	t	t	t	t	t	f	f	t	t	f	t	t	t	f	f	t	t	t	t	{"highlights": ["Daily housekeeping", "Chef on call", "Airport pickup on request"]}	2025-12-22 02:32:31.265855+03	2025-12-22 02:32:31.265855+03
190	107	\N	t	t	t	t	t	f	t	f	f	t	t	f	f	f	f	f	t	t	t	f	f	f	t	t	t	t	{"highlights": ["Daily housekeeping", "Chef on call", "Airport pickup on request"]}	2025-12-22 02:32:31.265855+03	2025-12-22 02:32:31.265855+03
191	108	\N	t	t	f	t	t	t	t	t	f	t	t	t	f	f	f	t	f	t	t	t	f	f	t	t	t	t	{"highlights": ["Daily housekeeping", "Chef on call", "Airport pickup on request"]}	2025-12-22 02:32:31.265855+03	2025-12-22 02:32:31.265855+03
192	109	\N	t	t	f	t	t	f	t	f	f	t	f	f	f	t	f	f	f	t	t	f	t	f	t	t	t	t	{"highlights": ["Daily housekeeping", "Chef on call", "Airport pickup on request"]}	2025-12-22 02:32:31.265855+03	2025-12-22 02:32:31.265855+03
193	110	\N	t	t	t	t	t	t	t	t	t	t	t	t	t	f	t	t	t	t	t	t	f	t	t	t	t	t	{"highlights": ["Daily housekeeping", "Chef on call", "Airport pickup on request"]}	2025-12-22 02:32:31.265855+03	2025-12-22 02:32:31.265855+03
194	111	\N	t	t	f	t	t	f	t	f	f	t	t	f	f	f	f	f	f	t	t	f	f	f	t	t	t	t	{"highlights": ["Daily housekeeping", "Chef on call", "Airport pickup on request"]}	2025-12-22 02:32:31.265855+03	2025-12-22 02:32:31.265855+03
195	112	\N	t	t	f	t	t	t	t	t	f	t	t	t	f	f	f	t	f	t	t	t	f	f	t	t	t	t	{"highlights": ["Daily housekeeping", "Chef on call", "Airport pickup on request"]}	2025-12-22 02:32:31.265855+03	2025-12-22 02:32:31.265855+03
196	113	\N	t	t	t	t	t	f	t	f	f	t	t	f	f	f	f	f	t	t	t	f	f	f	t	t	t	t	{"highlights": ["Daily housekeeping", "Chef on call", "Airport pickup on request"]}	2025-12-22 02:32:31.265855+03	2025-12-22 02:32:31.265855+03
197	114	\N	t	t	f	t	t	t	t	t	t	t	f	t	f	f	t	t	f	t	t	t	t	f	t	t	t	t	{"highlights": ["Daily housekeeping", "Chef on call", "Airport pickup on request"]}	2025-12-22 02:32:31.265855+03	2025-12-22 02:32:31.265855+03
198	115	\N	t	t	f	t	t	f	t	f	f	t	t	f	f	f	f	f	f	t	t	f	f	f	t	t	t	t	{"highlights": ["Daily housekeeping", "Chef on call", "Airport pickup on request"]}	2025-12-22 02:32:31.265855+03	2025-12-22 02:32:31.265855+03
199	116	\N	t	t	t	t	t	t	t	t	f	t	t	t	t	t	f	t	t	t	t	t	f	t	t	t	t	t	{"highlights": ["Daily housekeeping", "Chef on call", "Airport pickup on request"]}	2025-12-22 02:32:31.265855+03	2025-12-22 02:32:31.265855+03
200	117	\N	t	t	f	t	t	f	t	f	f	t	t	f	f	f	f	f	f	t	t	f	f	f	t	t	t	t	{"highlights": ["Daily housekeeping", "Chef on call", "Airport pickup on request"]}	2025-12-22 02:32:31.265855+03	2025-12-22 02:32:31.265855+03
201	118	\N	t	t	f	t	t	t	t	t	t	t	t	t	f	f	t	t	f	t	t	t	f	f	t	t	t	t	{"highlights": ["Daily housekeeping", "Chef on call", "Airport pickup on request"]}	2025-12-22 02:32:31.265855+03	2025-12-22 02:32:31.265855+03
202	119	\N	t	t	t	t	t	f	t	f	f	t	f	f	f	f	f	f	t	t	t	f	t	f	t	t	t	t	{"highlights": ["Daily housekeeping", "Chef on call", "Airport pickup on request"]}	2025-12-22 02:32:31.265855+03	2025-12-22 02:32:31.265855+03
203	120	\N	t	t	f	t	t	t	t	t	f	t	t	t	f	f	f	t	f	t	t	t	f	f	t	t	t	t	{"highlights": ["Daily housekeeping", "Chef on call", "Airport pickup on request"]}	2025-12-22 02:32:31.265855+03	2025-12-22 02:32:31.265855+03
204	121	\N	t	t	f	t	t	f	t	f	f	t	t	f	f	f	f	f	f	t	t	f	f	f	t	t	t	t	{"highlights": ["Daily housekeeping", "Chef on call", "Airport pickup on request"]}	2025-12-22 02:32:31.265855+03	2025-12-22 02:32:31.265855+03
205	122	\N	t	t	t	t	t	t	t	t	t	t	t	t	t	f	t	t	t	t	t	t	f	t	t	t	t	t	{"highlights": ["Daily housekeeping", "Chef on call", "Airport pickup on request"]}	2025-12-22 02:32:31.265855+03	2025-12-22 02:32:31.265855+03
206	123	\N	t	t	f	t	t	f	t	f	f	t	t	f	f	t	f	f	f	t	t	f	f	f	t	t	t	t	{"highlights": ["Daily housekeeping", "Chef on call", "Airport pickup on request"]}	2025-12-22 02:32:31.265855+03	2025-12-22 02:32:31.265855+03
259	128	\N	t	t	t	t	t	t	t	t	t	t	t	t	t	t	t	t	t	t	t	t	t	t	t	t	t	t	{"seed": true}	2026-02-05 20:45:31.362262+03	2026-02-05 20:45:31.362262+03
223	125	\N	f	t	t	f	f	f	t	f	t	f	f	f	t	f	f	t	t	t	t	f	f	f	t	f	f	f	\N	2025-12-31 13:34:09.938703+03	2026-01-01 03:51:53.98231+03
242	129	\N	t	f	t	f	f	f	t	f	f	f	f	f	t	f	f	t	f	t	f	t	t	f	t	t	f	f	\N	2026-01-02 01:51:34.707147+03	2026-01-02 04:33:21.089+03
\.


--
-- Data for Name: property_availability; Type: TABLE DATA; Schema: public; Owner: postgres
--

COPY public.property_availability (id, property_id, date, is_available, special_price, created_at, updated_at, source, source_mapping_id, status, price) FROM stdin;
1	16	2026-03-10	f	\N	2025-12-18 20:50:17.187597+03	2025-12-18 20:50:17.187597+03	manual	\N	AVAILABLE	\N
2	16	2026-03-11	f	\N	2025-12-18 20:50:17.187597+03	2025-12-18 20:50:17.187597+03	manual	\N	AVAILABLE	\N
3	16	2026-03-12	f	\N	2025-12-18 20:50:17.187597+03	2025-12-18 20:50:17.187597+03	manual	\N	AVAILABLE	\N
4	16	2026-03-13	f	\N	2025-12-18 20:50:17.187597+03	2025-12-18 20:50:17.187597+03	manual	\N	AVAILABLE	\N
5	16	2026-03-19	f	\N	2025-12-18 20:50:17.187597+03	2025-12-18 20:50:17.187597+03	manual	\N	AVAILABLE	\N
6	16	2026-03-18	f	\N	2025-12-18 20:50:17.187597+03	2025-12-18 20:50:17.187597+03	manual	\N	AVAILABLE	\N
632	83	2025-11-30	t	11078.00	2025-12-29 04:41:14.107392+03	2025-12-29 04:41:14.107392+03	manual	\N	AVAILABLE	\N
633	83	2025-12-01	t	11078.00	2025-12-29 04:41:14.107392+03	2025-12-29 04:41:14.107392+03	manual	\N	AVAILABLE	\N
634	83	2025-12-02	t	11078.00	2025-12-29 04:41:14.107392+03	2025-12-29 04:41:14.107392+03	manual	\N	AVAILABLE	\N
635	83	2025-12-03	t	11078.00	2025-12-29 04:41:14.107392+03	2025-12-29 04:41:14.107392+03	manual	\N	AVAILABLE	\N
636	83	2025-12-04	t	11078.00	2025-12-29 04:41:14.107392+03	2025-12-29 04:41:14.107392+03	manual	\N	AVAILABLE	\N
12	80	2025-11-30	t	12949.00	2025-12-29 03:28:26.021398+03	2025-12-29 03:28:26.021398+03	manual	\N	AVAILABLE	\N
13	80	2025-12-01	t	12949.00	2025-12-29 03:28:26.021398+03	2025-12-29 03:28:26.021398+03	manual	\N	AVAILABLE	\N
14	80	2025-12-02	t	12949.00	2025-12-29 03:28:26.021398+03	2025-12-29 03:28:26.021398+03	manual	\N	AVAILABLE	\N
15	80	2025-12-03	t	12949.00	2025-12-29 03:28:26.021398+03	2025-12-29 03:28:26.021398+03	manual	\N	AVAILABLE	\N
16	80	2025-12-04	t	12949.00	2025-12-29 03:28:26.021398+03	2025-12-29 03:28:26.021398+03	manual	\N	AVAILABLE	\N
17	80	2025-12-05	t	15539.00	2025-12-29 03:28:26.021398+03	2025-12-29 03:28:26.021398+03	manual	\N	AVAILABLE	\N
18	80	2025-12-06	t	15539.00	2025-12-29 03:28:26.021398+03	2025-12-29 03:28:26.021398+03	manual	\N	AVAILABLE	\N
19	80	2025-12-07	t	12949.00	2025-12-29 03:28:26.021398+03	2025-12-29 03:28:26.021398+03	manual	\N	AVAILABLE	\N
20	80	2025-12-08	t	12949.00	2025-12-29 03:28:26.021398+03	2025-12-29 03:28:26.021398+03	manual	\N	AVAILABLE	\N
21	80	2025-12-09	t	12949.00	2025-12-29 03:28:26.021398+03	2025-12-29 03:28:26.021398+03	manual	\N	AVAILABLE	\N
22	80	2025-12-10	t	12949.00	2025-12-29 03:28:26.021398+03	2025-12-29 03:28:26.021398+03	manual	\N	AVAILABLE	\N
23	80	2025-12-11	t	12949.00	2025-12-29 03:28:26.021398+03	2025-12-29 03:28:26.021398+03	manual	\N	AVAILABLE	\N
24	80	2025-12-12	t	15539.00	2025-12-29 03:28:26.021398+03	2025-12-29 03:28:26.021398+03	manual	\N	AVAILABLE	\N
25	80	2025-12-13	t	15539.00	2025-12-29 03:28:26.021398+03	2025-12-29 03:28:26.021398+03	manual	\N	AVAILABLE	\N
26	80	2025-12-14	t	12949.00	2025-12-29 03:28:26.021398+03	2025-12-29 03:28:26.021398+03	manual	\N	AVAILABLE	\N
27	80	2025-12-15	t	12949.00	2025-12-29 03:28:26.021398+03	2025-12-29 03:28:26.021398+03	manual	\N	AVAILABLE	\N
28	80	2025-12-16	t	12949.00	2025-12-29 03:28:26.021398+03	2025-12-29 03:28:26.021398+03	manual	\N	AVAILABLE	\N
29	80	2025-12-17	t	12949.00	2025-12-29 03:28:26.021398+03	2025-12-29 03:28:26.021398+03	manual	\N	AVAILABLE	\N
30	80	2025-12-18	t	12949.00	2025-12-29 03:28:26.021398+03	2025-12-29 03:28:26.021398+03	manual	\N	AVAILABLE	\N
31	80	2025-12-19	t	15539.00	2025-12-29 03:28:26.021398+03	2025-12-29 03:28:26.021398+03	manual	\N	AVAILABLE	\N
32	80	2025-12-20	t	15539.00	2025-12-29 03:28:26.021398+03	2025-12-29 03:28:26.021398+03	manual	\N	AVAILABLE	\N
33	80	2025-12-21	t	12949.00	2025-12-29 03:28:26.021398+03	2025-12-29 03:28:26.021398+03	manual	\N	AVAILABLE	\N
34	80	2025-12-22	t	12949.00	2025-12-29 03:28:26.021398+03	2025-12-29 03:28:26.021398+03	manual	\N	AVAILABLE	\N
35	80	2025-12-23	t	12949.00	2025-12-29 03:28:26.021398+03	2025-12-29 03:28:26.021398+03	manual	\N	AVAILABLE	\N
36	80	2025-12-24	t	12949.00	2025-12-29 03:28:26.021398+03	2025-12-29 03:28:26.021398+03	manual	\N	AVAILABLE	\N
37	80	2025-12-25	t	12949.00	2025-12-29 03:28:26.021398+03	2025-12-29 03:28:26.021398+03	manual	\N	AVAILABLE	\N
38	80	2025-12-26	t	15539.00	2025-12-29 03:28:26.021398+03	2025-12-29 03:28:26.021398+03	manual	\N	AVAILABLE	\N
39	80	2025-12-27	t	15539.00	2025-12-29 03:28:26.021398+03	2025-12-29 03:28:26.021398+03	manual	\N	AVAILABLE	\N
40	80	2025-12-28	t	12949.00	2025-12-29 03:28:26.021398+03	2025-12-29 03:28:26.021398+03	manual	\N	AVAILABLE	\N
41	80	2025-12-29	t	12949.00	2025-12-29 03:28:26.021398+03	2025-12-29 03:28:26.021398+03	manual	\N	AVAILABLE	\N
42	80	2025-12-30	t	12949.00	2025-12-29 03:28:26.021398+03	2025-12-29 03:28:26.021398+03	manual	\N	AVAILABLE	\N
43	80	2025-12-31	t	12949.00	2025-12-29 03:28:26.021398+03	2025-12-29 03:28:26.021398+03	manual	\N	AVAILABLE	\N
44	80	2026-01-01	t	12949.00	2025-12-29 03:28:26.021398+03	2025-12-29 03:28:26.021398+03	manual	\N	AVAILABLE	\N
45	80	2026-01-02	t	15539.00	2025-12-29 03:28:26.021398+03	2025-12-29 03:28:26.021398+03	manual	\N	AVAILABLE	\N
46	80	2026-01-03	t	15539.00	2025-12-29 03:28:26.021398+03	2025-12-29 03:28:26.021398+03	manual	\N	AVAILABLE	\N
47	80	2026-01-04	t	12949.00	2025-12-29 03:28:26.021398+03	2025-12-29 03:28:26.021398+03	manual	\N	AVAILABLE	\N
48	80	2026-01-05	t	12949.00	2025-12-29 03:28:26.021398+03	2025-12-29 03:28:26.021398+03	manual	\N	AVAILABLE	\N
49	80	2026-01-06	t	12949.00	2025-12-29 03:28:26.021398+03	2025-12-29 03:28:26.021398+03	manual	\N	AVAILABLE	\N
50	80	2026-01-07	t	12949.00	2025-12-29 03:28:26.021398+03	2025-12-29 03:28:26.021398+03	manual	\N	AVAILABLE	\N
51	80	2026-01-08	t	12949.00	2025-12-29 03:28:26.021398+03	2025-12-29 03:28:26.021398+03	manual	\N	AVAILABLE	\N
52	80	2026-01-09	t	15539.00	2025-12-29 03:28:26.021398+03	2025-12-29 03:28:26.021398+03	manual	\N	AVAILABLE	\N
53	80	2026-01-10	t	15539.00	2025-12-29 03:28:26.021398+03	2025-12-29 03:28:26.021398+03	manual	\N	AVAILABLE	\N
54	80	2026-01-11	t	12949.00	2025-12-29 03:28:26.021398+03	2025-12-29 03:28:26.021398+03	manual	\N	AVAILABLE	\N
55	80	2026-01-12	t	12949.00	2025-12-29 03:28:26.021398+03	2025-12-29 03:28:26.021398+03	manual	\N	AVAILABLE	\N
56	80	2026-01-13	t	12949.00	2025-12-29 03:28:26.021398+03	2025-12-29 03:28:26.021398+03	manual	\N	AVAILABLE	\N
57	80	2026-01-14	t	12949.00	2025-12-29 03:28:26.021398+03	2025-12-29 03:28:26.021398+03	manual	\N	AVAILABLE	\N
58	80	2026-01-15	t	12949.00	2025-12-29 03:28:26.021398+03	2025-12-29 03:28:26.021398+03	manual	\N	AVAILABLE	\N
59	80	2026-01-16	t	15539.00	2025-12-29 03:28:26.021398+03	2025-12-29 03:28:26.021398+03	manual	\N	AVAILABLE	\N
60	80	2026-01-17	t	15539.00	2025-12-29 03:28:26.021398+03	2025-12-29 03:28:26.021398+03	manual	\N	AVAILABLE	\N
61	80	2026-01-18	t	12949.00	2025-12-29 03:28:26.021398+03	2025-12-29 03:28:26.021398+03	manual	\N	AVAILABLE	\N
62	80	2026-01-19	t	12949.00	2025-12-29 03:28:26.021398+03	2025-12-29 03:28:26.021398+03	manual	\N	AVAILABLE	\N
63	80	2026-01-20	t	12949.00	2025-12-29 03:28:26.021398+03	2025-12-29 03:28:26.021398+03	manual	\N	AVAILABLE	\N
64	80	2026-01-21	t	12949.00	2025-12-29 03:28:26.021398+03	2025-12-29 03:28:26.021398+03	manual	\N	AVAILABLE	\N
65	80	2026-01-22	t	12949.00	2025-12-29 03:28:26.021398+03	2025-12-29 03:28:26.021398+03	manual	\N	AVAILABLE	\N
66	80	2026-01-23	t	15539.00	2025-12-29 03:28:26.021398+03	2025-12-29 03:28:26.021398+03	manual	\N	AVAILABLE	\N
67	80	2026-01-24	t	15539.00	2025-12-29 03:28:26.021398+03	2025-12-29 03:28:26.021398+03	manual	\N	AVAILABLE	\N
68	80	2026-01-25	t	12949.00	2025-12-29 03:28:26.021398+03	2025-12-29 03:28:26.021398+03	manual	\N	AVAILABLE	\N
69	80	2026-01-26	t	12949.00	2025-12-29 03:28:26.021398+03	2025-12-29 03:28:26.021398+03	manual	\N	AVAILABLE	\N
70	80	2026-01-27	t	12949.00	2025-12-29 03:28:26.021398+03	2025-12-29 03:28:26.021398+03	manual	\N	AVAILABLE	\N
71	80	2026-01-28	t	12949.00	2025-12-29 03:28:26.021398+03	2025-12-29 03:28:26.021398+03	manual	\N	AVAILABLE	\N
72	80	2026-01-29	t	12949.00	2025-12-29 03:28:26.021398+03	2025-12-29 03:28:26.021398+03	manual	\N	AVAILABLE	\N
73	80	2026-01-30	t	15539.00	2025-12-29 03:28:26.021398+03	2025-12-29 03:28:26.021398+03	manual	\N	AVAILABLE	\N
74	78	2025-11-30	t	14886.00	2025-12-29 03:39:51.852428+03	2025-12-29 03:39:51.852428+03	manual	\N	AVAILABLE	\N
75	78	2025-12-01	t	14886.00	2025-12-29 03:39:51.852428+03	2025-12-29 03:39:51.852428+03	manual	\N	AVAILABLE	\N
76	78	2025-12-02	t	14886.00	2025-12-29 03:39:51.852428+03	2025-12-29 03:39:51.852428+03	manual	\N	AVAILABLE	\N
77	78	2025-12-03	t	14886.00	2025-12-29 03:39:51.852428+03	2025-12-29 03:39:51.852428+03	manual	\N	AVAILABLE	\N
78	78	2025-12-04	t	14886.00	2025-12-29 03:39:51.852428+03	2025-12-29 03:39:51.852428+03	manual	\N	AVAILABLE	\N
79	78	2025-12-05	t	17863.00	2025-12-29 03:39:51.852428+03	2025-12-29 03:39:51.852428+03	manual	\N	AVAILABLE	\N
80	78	2025-12-06	t	17863.00	2025-12-29 03:39:51.852428+03	2025-12-29 03:39:51.852428+03	manual	\N	AVAILABLE	\N
81	78	2025-12-07	t	14886.00	2025-12-29 03:39:51.852428+03	2025-12-29 03:39:51.852428+03	manual	\N	AVAILABLE	\N
82	78	2025-12-08	t	14886.00	2025-12-29 03:39:51.852428+03	2025-12-29 03:39:51.852428+03	manual	\N	AVAILABLE	\N
83	78	2025-12-09	t	14886.00	2025-12-29 03:39:51.852428+03	2025-12-29 03:39:51.852428+03	manual	\N	AVAILABLE	\N
84	78	2025-12-10	t	14886.00	2025-12-29 03:39:51.852428+03	2025-12-29 03:39:51.852428+03	manual	\N	AVAILABLE	\N
85	78	2025-12-11	t	14886.00	2025-12-29 03:39:51.852428+03	2025-12-29 03:39:51.852428+03	manual	\N	AVAILABLE	\N
86	78	2025-12-12	t	17863.00	2025-12-29 03:39:51.852428+03	2025-12-29 03:39:51.852428+03	manual	\N	AVAILABLE	\N
87	78	2025-12-13	t	17863.00	2025-12-29 03:39:51.852428+03	2025-12-29 03:39:51.852428+03	manual	\N	AVAILABLE	\N
88	78	2025-12-14	t	14886.00	2025-12-29 03:39:51.852428+03	2025-12-29 03:39:51.852428+03	manual	\N	AVAILABLE	\N
89	78	2025-12-15	t	14886.00	2025-12-29 03:39:51.852428+03	2025-12-29 03:39:51.852428+03	manual	\N	AVAILABLE	\N
90	78	2025-12-16	t	14886.00	2025-12-29 03:39:51.852428+03	2025-12-29 03:39:51.852428+03	manual	\N	AVAILABLE	\N
91	78	2025-12-17	t	14886.00	2025-12-29 03:39:51.852428+03	2025-12-29 03:39:51.852428+03	manual	\N	AVAILABLE	\N
92	78	2025-12-18	t	14886.00	2025-12-29 03:39:51.852428+03	2025-12-29 03:39:51.852428+03	manual	\N	AVAILABLE	\N
93	78	2025-12-19	t	17863.00	2025-12-29 03:39:51.852428+03	2025-12-29 03:39:51.852428+03	manual	\N	AVAILABLE	\N
94	78	2025-12-20	t	17863.00	2025-12-29 03:39:51.852428+03	2025-12-29 03:39:51.852428+03	manual	\N	AVAILABLE	\N
95	78	2025-12-21	t	14886.00	2025-12-29 03:39:51.852428+03	2025-12-29 03:39:51.852428+03	manual	\N	AVAILABLE	\N
96	78	2025-12-22	t	14886.00	2025-12-29 03:39:51.852428+03	2025-12-29 03:39:51.852428+03	manual	\N	AVAILABLE	\N
97	78	2025-12-23	t	14886.00	2025-12-29 03:39:51.852428+03	2025-12-29 03:39:51.852428+03	manual	\N	AVAILABLE	\N
98	78	2025-12-24	t	14886.00	2025-12-29 03:39:51.852428+03	2025-12-29 03:39:51.852428+03	manual	\N	AVAILABLE	\N
99	78	2025-12-25	t	14886.00	2025-12-29 03:39:51.852428+03	2025-12-29 03:39:51.852428+03	manual	\N	AVAILABLE	\N
100	78	2025-12-26	t	17863.00	2025-12-29 03:39:51.852428+03	2025-12-29 03:39:51.852428+03	manual	\N	AVAILABLE	\N
101	78	2025-12-27	t	17863.00	2025-12-29 03:39:51.852428+03	2025-12-29 03:39:51.852428+03	manual	\N	AVAILABLE	\N
102	78	2025-12-28	t	14886.00	2025-12-29 03:39:51.852428+03	2025-12-29 03:39:51.852428+03	manual	\N	AVAILABLE	\N
103	78	2025-12-29	t	14886.00	2025-12-29 03:39:51.852428+03	2025-12-29 03:39:51.852428+03	manual	\N	AVAILABLE	\N
104	78	2025-12-30	t	14886.00	2025-12-29 03:39:51.852428+03	2025-12-29 03:39:51.852428+03	manual	\N	AVAILABLE	\N
105	78	2025-12-31	t	14886.00	2025-12-29 03:39:51.852428+03	2025-12-29 03:39:51.852428+03	manual	\N	AVAILABLE	\N
106	78	2026-01-01	t	14886.00	2025-12-29 03:39:51.852428+03	2025-12-29 03:39:51.852428+03	manual	\N	AVAILABLE	\N
107	78	2026-01-02	t	17863.00	2025-12-29 03:39:51.852428+03	2025-12-29 03:39:51.852428+03	manual	\N	AVAILABLE	\N
108	78	2026-01-03	t	17863.00	2025-12-29 03:39:51.852428+03	2025-12-29 03:39:51.852428+03	manual	\N	AVAILABLE	\N
109	78	2026-01-04	t	14886.00	2025-12-29 03:39:51.852428+03	2025-12-29 03:39:51.852428+03	manual	\N	AVAILABLE	\N
110	78	2026-01-05	t	14886.00	2025-12-29 03:39:51.852428+03	2025-12-29 03:39:51.852428+03	manual	\N	AVAILABLE	\N
111	78	2026-01-06	t	14886.00	2025-12-29 03:39:51.852428+03	2025-12-29 03:39:51.852428+03	manual	\N	AVAILABLE	\N
112	78	2026-01-07	t	14886.00	2025-12-29 03:39:51.852428+03	2025-12-29 03:39:51.852428+03	manual	\N	AVAILABLE	\N
113	78	2026-01-08	t	14886.00	2025-12-29 03:39:51.852428+03	2025-12-29 03:39:51.852428+03	manual	\N	AVAILABLE	\N
114	78	2026-01-09	t	17863.00	2025-12-29 03:39:51.852428+03	2025-12-29 03:39:51.852428+03	manual	\N	AVAILABLE	\N
115	78	2026-01-10	t	17863.00	2025-12-29 03:39:51.852428+03	2025-12-29 03:39:51.852428+03	manual	\N	AVAILABLE	\N
116	78	2026-01-11	t	14886.00	2025-12-29 03:39:51.852428+03	2025-12-29 03:39:51.852428+03	manual	\N	AVAILABLE	\N
117	78	2026-01-12	t	14886.00	2025-12-29 03:39:51.852428+03	2025-12-29 03:39:51.852428+03	manual	\N	AVAILABLE	\N
118	78	2026-01-13	t	14886.00	2025-12-29 03:39:51.852428+03	2025-12-29 03:39:51.852428+03	manual	\N	AVAILABLE	\N
119	78	2026-01-14	t	14886.00	2025-12-29 03:39:51.852428+03	2025-12-29 03:39:51.852428+03	manual	\N	AVAILABLE	\N
120	78	2026-01-15	t	14886.00	2025-12-29 03:39:51.852428+03	2025-12-29 03:39:51.852428+03	manual	\N	AVAILABLE	\N
121	78	2026-01-16	t	17863.00	2025-12-29 03:39:51.852428+03	2025-12-29 03:39:51.852428+03	manual	\N	AVAILABLE	\N
122	78	2026-01-17	t	17863.00	2025-12-29 03:39:51.852428+03	2025-12-29 03:39:51.852428+03	manual	\N	AVAILABLE	\N
123	78	2026-01-18	t	14886.00	2025-12-29 03:39:51.852428+03	2025-12-29 03:39:51.852428+03	manual	\N	AVAILABLE	\N
124	78	2026-01-19	t	14886.00	2025-12-29 03:39:51.852428+03	2025-12-29 03:39:51.852428+03	manual	\N	AVAILABLE	\N
125	78	2026-01-20	t	14886.00	2025-12-29 03:39:51.852428+03	2025-12-29 03:39:51.852428+03	manual	\N	AVAILABLE	\N
126	78	2026-01-21	t	14886.00	2025-12-29 03:39:51.852428+03	2025-12-29 03:39:51.852428+03	manual	\N	AVAILABLE	\N
127	78	2026-01-22	t	14886.00	2025-12-29 03:39:51.852428+03	2025-12-29 03:39:51.852428+03	manual	\N	AVAILABLE	\N
128	78	2026-01-23	t	17863.00	2025-12-29 03:39:51.852428+03	2025-12-29 03:39:51.852428+03	manual	\N	AVAILABLE	\N
129	78	2026-01-24	t	17863.00	2025-12-29 03:39:51.852428+03	2025-12-29 03:39:51.852428+03	manual	\N	AVAILABLE	\N
130	78	2026-01-25	t	14886.00	2025-12-29 03:39:51.852428+03	2025-12-29 03:39:51.852428+03	manual	\N	AVAILABLE	\N
131	78	2026-01-26	t	14886.00	2025-12-29 03:39:51.852428+03	2025-12-29 03:39:51.852428+03	manual	\N	AVAILABLE	\N
132	78	2026-01-27	t	14886.00	2025-12-29 03:39:51.852428+03	2025-12-29 03:39:51.852428+03	manual	\N	AVAILABLE	\N
133	78	2026-01-28	t	14886.00	2025-12-29 03:39:51.852428+03	2025-12-29 03:39:51.852428+03	manual	\N	AVAILABLE	\N
134	78	2026-01-29	t	14886.00	2025-12-29 03:39:51.852428+03	2025-12-29 03:39:51.852428+03	manual	\N	AVAILABLE	\N
135	78	2026-01-30	t	17863.00	2025-12-29 03:39:51.852428+03	2025-12-29 03:39:51.852428+03	manual	\N	AVAILABLE	\N
637	83	2025-12-05	t	13294.00	2025-12-29 04:41:14.107392+03	2025-12-29 04:41:14.107392+03	manual	\N	AVAILABLE	\N
638	83	2025-12-06	t	13294.00	2025-12-29 04:41:14.107392+03	2025-12-29 04:41:14.107392+03	manual	\N	AVAILABLE	\N
639	83	2025-12-07	t	11078.00	2025-12-29 04:41:14.107392+03	2025-12-29 04:41:14.107392+03	manual	\N	AVAILABLE	\N
640	83	2025-12-08	t	11078.00	2025-12-29 04:41:14.107392+03	2025-12-29 04:41:14.107392+03	manual	\N	AVAILABLE	\N
641	83	2025-12-09	t	11078.00	2025-12-29 04:41:14.107392+03	2025-12-29 04:41:14.107392+03	manual	\N	AVAILABLE	\N
642	83	2025-12-10	t	11078.00	2025-12-29 04:41:14.107392+03	2025-12-29 04:41:14.107392+03	manual	\N	AVAILABLE	\N
643	83	2025-12-11	t	11078.00	2025-12-29 04:41:14.107392+03	2025-12-29 04:41:14.107392+03	manual	\N	AVAILABLE	\N
644	83	2025-12-12	t	13294.00	2025-12-29 04:41:14.107392+03	2025-12-29 04:41:14.107392+03	manual	\N	AVAILABLE	\N
645	83	2025-12-13	t	13294.00	2025-12-29 04:41:14.107392+03	2025-12-29 04:41:14.107392+03	manual	\N	AVAILABLE	\N
646	83	2025-12-14	t	11078.00	2025-12-29 04:41:14.107392+03	2025-12-29 04:41:14.107392+03	manual	\N	AVAILABLE	\N
647	83	2025-12-15	t	11078.00	2025-12-29 04:41:14.107392+03	2025-12-29 04:41:14.107392+03	manual	\N	AVAILABLE	\N
648	83	2025-12-16	t	11078.00	2025-12-29 04:41:14.107392+03	2025-12-29 04:41:14.107392+03	manual	\N	AVAILABLE	\N
649	83	2025-12-17	t	11078.00	2025-12-29 04:41:14.107392+03	2025-12-29 04:41:14.107392+03	manual	\N	AVAILABLE	\N
650	83	2025-12-18	t	11078.00	2025-12-29 04:41:14.107392+03	2025-12-29 04:41:14.107392+03	manual	\N	AVAILABLE	\N
651	83	2025-12-19	t	13294.00	2025-12-29 04:41:14.107392+03	2025-12-29 04:41:14.107392+03	manual	\N	AVAILABLE	\N
652	83	2025-12-20	t	13294.00	2025-12-29 04:41:14.107392+03	2025-12-29 04:41:14.107392+03	manual	\N	AVAILABLE	\N
653	83	2025-12-21	t	11078.00	2025-12-29 04:41:14.107392+03	2025-12-29 04:41:14.107392+03	manual	\N	AVAILABLE	\N
654	83	2025-12-22	t	11078.00	2025-12-29 04:41:14.107392+03	2025-12-29 04:41:14.107392+03	manual	\N	AVAILABLE	\N
655	83	2025-12-23	t	11078.00	2025-12-29 04:41:14.107392+03	2025-12-29 04:41:14.107392+03	manual	\N	AVAILABLE	\N
656	83	2025-12-24	t	11078.00	2025-12-29 04:41:14.107392+03	2025-12-29 04:41:14.107392+03	manual	\N	AVAILABLE	\N
657	83	2025-12-25	t	11078.00	2025-12-29 04:41:14.107392+03	2025-12-29 04:41:14.107392+03	manual	\N	AVAILABLE	\N
658	83	2025-12-26	t	13294.00	2025-12-29 04:41:14.107392+03	2025-12-29 04:41:14.107392+03	manual	\N	AVAILABLE	\N
659	83	2025-12-27	t	13294.00	2025-12-29 04:41:14.107392+03	2025-12-29 04:41:14.107392+03	manual	\N	AVAILABLE	\N
660	83	2025-12-28	t	11078.00	2025-12-29 04:41:14.107392+03	2025-12-29 04:41:14.107392+03	manual	\N	AVAILABLE	\N
661	83	2025-12-29	t	11078.00	2025-12-29 04:41:14.107392+03	2025-12-29 04:41:14.107392+03	manual	\N	AVAILABLE	\N
662	83	2025-12-30	t	11078.00	2025-12-29 04:41:14.107392+03	2025-12-29 04:41:14.107392+03	manual	\N	AVAILABLE	\N
663	83	2025-12-31	t	11078.00	2025-12-29 04:41:14.107392+03	2025-12-29 04:41:14.107392+03	manual	\N	AVAILABLE	\N
664	83	2026-01-01	t	11078.00	2025-12-29 04:41:14.107392+03	2025-12-29 04:41:14.107392+03	manual	\N	AVAILABLE	\N
665	83	2026-01-02	t	13294.00	2025-12-29 04:41:14.107392+03	2025-12-29 04:41:14.107392+03	manual	\N	AVAILABLE	\N
666	83	2026-01-03	t	13294.00	2025-12-29 04:41:14.107392+03	2025-12-29 04:41:14.107392+03	manual	\N	AVAILABLE	\N
667	83	2026-01-04	t	11078.00	2025-12-29 04:41:14.107392+03	2025-12-29 04:41:14.107392+03	manual	\N	AVAILABLE	\N
668	83	2026-01-05	t	11078.00	2025-12-29 04:41:14.107392+03	2025-12-29 04:41:14.107392+03	manual	\N	AVAILABLE	\N
669	83	2026-01-06	t	11078.00	2025-12-29 04:41:14.107392+03	2025-12-29 04:41:14.107392+03	manual	\N	AVAILABLE	\N
670	83	2026-01-07	t	11078.00	2025-12-29 04:41:14.107392+03	2025-12-29 04:41:14.107392+03	manual	\N	AVAILABLE	\N
671	83	2026-01-08	t	11078.00	2025-12-29 04:41:14.107392+03	2025-12-29 04:41:14.107392+03	manual	\N	AVAILABLE	\N
672	83	2026-01-09	t	13294.00	2025-12-29 04:41:14.107392+03	2025-12-29 04:41:14.107392+03	manual	\N	AVAILABLE	\N
673	83	2026-01-10	t	13294.00	2025-12-29 04:41:14.107392+03	2025-12-29 04:41:14.107392+03	manual	\N	AVAILABLE	\N
674	83	2026-01-11	t	11078.00	2025-12-29 04:41:14.107392+03	2025-12-29 04:41:14.107392+03	manual	\N	AVAILABLE	\N
675	83	2026-01-12	t	11078.00	2025-12-29 04:41:14.107392+03	2025-12-29 04:41:14.107392+03	manual	\N	AVAILABLE	\N
676	83	2026-01-13	t	11078.00	2025-12-29 04:41:14.107392+03	2025-12-29 04:41:14.107392+03	manual	\N	AVAILABLE	\N
677	83	2026-01-14	t	11078.00	2025-12-29 04:41:14.107392+03	2025-12-29 04:41:14.107392+03	manual	\N	AVAILABLE	\N
678	83	2026-01-15	t	11078.00	2025-12-29 04:41:14.107392+03	2025-12-29 04:41:14.107392+03	manual	\N	AVAILABLE	\N
679	83	2026-01-16	t	13294.00	2025-12-29 04:41:14.107392+03	2025-12-29 04:41:14.107392+03	manual	\N	AVAILABLE	\N
680	83	2026-01-17	t	13294.00	2025-12-29 04:41:14.107392+03	2025-12-29 04:41:14.107392+03	manual	\N	AVAILABLE	\N
681	83	2026-01-18	t	11078.00	2025-12-29 04:41:14.107392+03	2025-12-29 04:41:14.107392+03	manual	\N	AVAILABLE	\N
682	83	2026-01-19	t	11078.00	2025-12-29 04:41:14.107392+03	2025-12-29 04:41:14.107392+03	manual	\N	AVAILABLE	\N
683	83	2026-01-20	t	11078.00	2025-12-29 04:41:14.107392+03	2025-12-29 04:41:14.107392+03	manual	\N	AVAILABLE	\N
684	83	2026-01-21	t	11078.00	2025-12-29 04:41:14.107392+03	2025-12-29 04:41:14.107392+03	manual	\N	AVAILABLE	\N
685	83	2026-01-22	t	11078.00	2025-12-29 04:41:14.107392+03	2025-12-29 04:41:14.107392+03	manual	\N	AVAILABLE	\N
686	83	2026-01-23	t	13294.00	2025-12-29 04:41:14.107392+03	2025-12-29 04:41:14.107392+03	manual	\N	AVAILABLE	\N
687	83	2026-01-24	t	13294.00	2025-12-29 04:41:14.107392+03	2025-12-29 04:41:14.107392+03	manual	\N	AVAILABLE	\N
389	82	2025-12-05	t	15910.00	2025-12-29 04:02:55.41848+03	2025-12-29 05:28:48.81361+03	manual	\N	AVAILABLE	\N
390	82	2025-12-06	t	15910.00	2025-12-29 04:02:55.41848+03	2025-12-29 05:28:48.81361+03	manual	\N	AVAILABLE	\N
444	82	2026-01-29	t	19092.00	2025-12-29 04:02:55.41848+03	2025-12-29 05:28:48.81361+03	manual	\N	AVAILABLE	\N
445	82	2026-01-30	t	19092.00	2025-12-29 04:02:55.41848+03	2025-12-29 05:28:48.81361+03	manual	\N	AVAILABLE	\N
136	81	2025-11-30	t	12406.00	2025-12-29 03:47:37.105147+03	2025-12-29 03:52:09.623805+03	manual	\N	AVAILABLE	\N
137	81	2025-12-01	t	12406.00	2025-12-29 03:47:37.105147+03	2025-12-29 03:52:09.623805+03	manual	\N	AVAILABLE	\N
138	81	2025-12-02	t	12406.00	2025-12-29 03:47:37.105147+03	2025-12-29 03:52:09.623805+03	manual	\N	AVAILABLE	\N
139	81	2025-12-03	t	12406.00	2025-12-29 03:47:37.105147+03	2025-12-29 03:52:09.623805+03	manual	\N	AVAILABLE	\N
140	81	2025-12-04	t	14887.00	2025-12-29 03:47:37.105147+03	2025-12-29 03:52:09.623805+03	manual	\N	AVAILABLE	\N
141	81	2025-12-05	t	14887.00	2025-12-29 03:47:37.105147+03	2025-12-29 03:52:09.623805+03	manual	\N	AVAILABLE	\N
142	81	2025-12-06	t	12406.00	2025-12-29 03:47:37.105147+03	2025-12-29 03:52:09.623805+03	manual	\N	AVAILABLE	\N
143	81	2025-12-07	t	12406.00	2025-12-29 03:47:37.105147+03	2025-12-29 03:52:09.623805+03	manual	\N	AVAILABLE	\N
144	81	2025-12-08	t	12406.00	2025-12-29 03:47:37.105147+03	2025-12-29 03:52:09.623805+03	manual	\N	AVAILABLE	\N
145	81	2025-12-09	t	12406.00	2025-12-29 03:47:37.105147+03	2025-12-29 03:52:09.623805+03	manual	\N	AVAILABLE	\N
146	81	2025-12-10	t	12406.00	2025-12-29 03:47:37.105147+03	2025-12-29 03:52:09.623805+03	manual	\N	AVAILABLE	\N
147	81	2025-12-11	t	14887.00	2025-12-29 03:47:37.105147+03	2025-12-29 03:52:09.623805+03	manual	\N	AVAILABLE	\N
148	81	2025-12-12	t	14887.00	2025-12-29 03:47:37.105147+03	2025-12-29 03:52:09.623805+03	manual	\N	AVAILABLE	\N
149	81	2025-12-13	t	12406.00	2025-12-29 03:47:37.105147+03	2025-12-29 03:52:09.623805+03	manual	\N	AVAILABLE	\N
150	81	2025-12-14	t	12406.00	2025-12-29 03:47:37.105147+03	2025-12-29 03:52:09.623805+03	manual	\N	AVAILABLE	\N
151	81	2025-12-15	t	12406.00	2025-12-29 03:47:37.105147+03	2025-12-29 03:52:09.623805+03	manual	\N	AVAILABLE	\N
152	81	2025-12-16	t	12406.00	2025-12-29 03:47:37.105147+03	2025-12-29 03:52:09.623805+03	manual	\N	AVAILABLE	\N
153	81	2025-12-17	t	12406.00	2025-12-29 03:47:37.105147+03	2025-12-29 03:52:09.623805+03	manual	\N	AVAILABLE	\N
154	81	2025-12-18	t	14887.00	2025-12-29 03:47:37.105147+03	2025-12-29 03:52:09.623805+03	manual	\N	AVAILABLE	\N
155	81	2025-12-19	t	14887.00	2025-12-29 03:47:37.105147+03	2025-12-29 03:52:09.623805+03	manual	\N	AVAILABLE	\N
156	81	2025-12-20	t	12406.00	2025-12-29 03:47:37.105147+03	2025-12-29 03:52:09.623805+03	manual	\N	AVAILABLE	\N
157	81	2025-12-21	t	12406.00	2025-12-29 03:47:37.105147+03	2025-12-29 03:52:09.623805+03	manual	\N	AVAILABLE	\N
158	81	2025-12-22	t	12406.00	2025-12-29 03:47:37.105147+03	2025-12-29 03:52:09.623805+03	manual	\N	AVAILABLE	\N
159	81	2025-12-23	t	12406.00	2025-12-29 03:47:37.105147+03	2025-12-29 03:52:09.623805+03	manual	\N	AVAILABLE	\N
160	81	2025-12-24	t	12406.00	2025-12-29 03:47:37.105147+03	2025-12-29 03:52:09.623805+03	manual	\N	AVAILABLE	\N
161	81	2025-12-25	t	14887.00	2025-12-29 03:47:37.105147+03	2025-12-29 03:52:09.623805+03	manual	\N	AVAILABLE	\N
162	81	2025-12-26	t	14887.00	2025-12-29 03:47:37.105147+03	2025-12-29 03:52:09.623805+03	manual	\N	AVAILABLE	\N
163	81	2025-12-27	t	12406.00	2025-12-29 03:47:37.105147+03	2025-12-29 03:52:09.623805+03	manual	\N	AVAILABLE	\N
164	81	2025-12-28	t	12406.00	2025-12-29 03:47:37.105147+03	2025-12-29 03:52:09.623805+03	manual	\N	AVAILABLE	\N
165	81	2025-12-29	t	12406.00	2025-12-29 03:47:37.105147+03	2025-12-29 03:52:09.623805+03	manual	\N	AVAILABLE	\N
688	83	2026-01-25	t	11078.00	2025-12-29 04:41:14.107392+03	2025-12-29 04:41:14.107392+03	manual	\N	AVAILABLE	\N
689	83	2026-01-26	t	11078.00	2025-12-29 04:41:14.107392+03	2025-12-29 04:41:14.107392+03	manual	\N	AVAILABLE	\N
690	83	2026-01-27	t	11078.00	2025-12-29 04:41:14.107392+03	2025-12-29 04:41:14.107392+03	manual	\N	AVAILABLE	\N
691	83	2026-01-28	t	11078.00	2025-12-29 04:41:14.107392+03	2025-12-29 04:41:14.107392+03	manual	\N	AVAILABLE	\N
692	83	2026-01-29	t	11078.00	2025-12-29 04:41:14.107392+03	2025-12-29 04:41:14.107392+03	manual	\N	AVAILABLE	\N
693	83	2026-01-30	t	13294.00	2025-12-29 04:41:14.107392+03	2025-12-29 04:41:14.107392+03	manual	\N	AVAILABLE	\N
384	82	2025-11-30	t	15910.00	2025-12-29 04:02:55.41848+03	2025-12-29 05:28:48.81361+03	manual	\N	AVAILABLE	\N
385	82	2025-12-01	t	15910.00	2025-12-29 04:02:55.41848+03	2025-12-29 05:28:48.81361+03	manual	\N	AVAILABLE	\N
386	82	2025-12-02	t	19092.00	2025-12-29 04:02:55.41848+03	2025-12-29 05:28:48.81361+03	manual	\N	AVAILABLE	\N
387	82	2025-12-03	t	19092.00	2025-12-29 04:02:55.41848+03	2025-12-29 05:28:48.81361+03	manual	\N	AVAILABLE	\N
388	82	2025-12-04	t	15910.00	2025-12-29 04:02:55.41848+03	2025-12-29 05:28:48.81361+03	manual	\N	AVAILABLE	\N
391	82	2025-12-07	t	15910.00	2025-12-29 04:02:55.41848+03	2025-12-29 05:28:48.81361+03	manual	\N	AVAILABLE	\N
392	82	2025-12-08	t	15910.00	2025-12-29 04:02:55.41848+03	2025-12-29 05:28:48.81361+03	manual	\N	AVAILABLE	\N
393	82	2025-12-09	t	19092.00	2025-12-29 04:02:55.41848+03	2025-12-29 05:28:48.81361+03	manual	\N	AVAILABLE	\N
394	82	2025-12-10	t	19092.00	2025-12-29 04:02:55.41848+03	2025-12-29 05:28:48.81361+03	manual	\N	AVAILABLE	\N
395	82	2025-12-11	t	15910.00	2025-12-29 04:02:55.41848+03	2025-12-29 05:28:48.81361+03	manual	\N	AVAILABLE	\N
396	82	2025-12-12	t	15910.00	2025-12-29 04:02:55.41848+03	2025-12-29 05:28:48.81361+03	manual	\N	AVAILABLE	\N
397	82	2025-12-13	t	15910.00	2025-12-29 04:02:55.41848+03	2025-12-29 05:28:48.81361+03	manual	\N	AVAILABLE	\N
398	82	2025-12-14	t	15910.00	2025-12-29 04:02:55.41848+03	2025-12-29 05:28:48.81361+03	manual	\N	AVAILABLE	\N
399	82	2025-12-15	t	15910.00	2025-12-29 04:02:55.41848+03	2025-12-29 05:28:48.81361+03	manual	\N	AVAILABLE	\N
400	82	2025-12-16	t	19092.00	2025-12-29 04:02:55.41848+03	2025-12-29 05:28:48.81361+03	manual	\N	AVAILABLE	\N
401	82	2025-12-17	t	19092.00	2025-12-29 04:02:55.41848+03	2025-12-29 05:28:48.81361+03	manual	\N	AVAILABLE	\N
402	82	2025-12-18	t	15910.00	2025-12-29 04:02:55.41848+03	2025-12-29 05:28:48.81361+03	manual	\N	AVAILABLE	\N
403	82	2025-12-19	t	15910.00	2025-12-29 04:02:55.41848+03	2025-12-29 05:28:48.81361+03	manual	\N	AVAILABLE	\N
404	82	2025-12-20	t	15910.00	2025-12-29 04:02:55.41848+03	2025-12-29 05:28:48.81361+03	manual	\N	AVAILABLE	\N
1131	125	2025-12-03	t	8500.00	2025-12-31 13:34:09.938703+03	2025-12-31 18:26:57.62433+03	manual	\N	AVAILABLE	\N
1132	125	2025-12-04	t	12000.00	2025-12-31 13:34:09.938703+03	2025-12-31 18:26:57.62433+03	manual	\N	AVAILABLE	\N
1133	125	2025-12-05	t	12000.00	2025-12-31 13:34:09.938703+03	2025-12-31 18:26:57.62433+03	manual	\N	AVAILABLE	\N
1134	125	2025-12-06	t	8500.00	2025-12-31 13:34:09.938703+03	2025-12-31 18:26:57.62433+03	manual	\N	AVAILABLE	\N
166	81	2025-12-30	t	12406.00	2025-12-29 03:47:37.105147+03	2025-12-29 03:52:09.623805+03	manual	\N	AVAILABLE	\N
167	81	2025-12-31	t	12406.00	2025-12-29 03:47:37.105147+03	2025-12-29 03:52:09.623805+03	manual	\N	AVAILABLE	\N
168	81	2026-01-01	t	14887.00	2025-12-29 03:47:37.105147+03	2025-12-29 03:52:09.623805+03	manual	\N	AVAILABLE	\N
169	81	2026-01-02	t	14887.00	2025-12-29 03:47:37.105147+03	2025-12-29 03:52:09.623805+03	manual	\N	AVAILABLE	\N
170	81	2026-01-03	t	12406.00	2025-12-29 03:47:37.105147+03	2025-12-29 03:52:09.623805+03	manual	\N	AVAILABLE	\N
1128	125	2025-11-30	t	8500.00	2025-12-31 13:34:09.938703+03	2025-12-31 18:26:57.62433+03	manual	\N	AVAILABLE	\N
1129	125	2025-12-01	t	8500.00	2025-12-31 13:34:09.938703+03	2025-12-31 18:26:57.62433+03	manual	\N	AVAILABLE	\N
1751	125	2026-03-03	f	\N	2026-01-01 03:08:43.792175+03	2026-01-01 03:08:43.792175+03	manual	\N	AVAILABLE	\N
1752	125	2026-03-04	f	\N	2026-01-01 03:08:43.792175+03	2026-01-01 03:08:43.792175+03	manual	\N	AVAILABLE	\N
1753	125	2026-03-05	f	\N	2026-01-01 03:08:43.792175+03	2026-01-01 03:08:43.792175+03	manual	\N	AVAILABLE	\N
1186	125	2026-01-27	t	8500.00	2025-12-31 13:34:09.938703+03	2025-12-31 15:48:27.480106+03	manual	\N	AVAILABLE	\N
1130	125	2025-12-02	t	8500.00	2025-12-31 13:34:09.938703+03	2025-12-31 18:26:57.62433+03	manual	\N	AVAILABLE	\N
1754	125	2026-03-06	f	\N	2026-01-01 03:08:43.792175+03	2026-01-01 03:08:43.792175+03	manual	\N	AVAILABLE	\N
405	82	2025-12-21	t	15910.00	2025-12-29 04:02:55.41848+03	2025-12-29 05:28:48.81361+03	manual	\N	AVAILABLE	\N
406	82	2025-12-22	t	15910.00	2025-12-29 04:02:55.41848+03	2025-12-29 05:28:48.81361+03	manual	\N	AVAILABLE	\N
407	82	2025-12-23	t	19092.00	2025-12-29 04:02:55.41848+03	2025-12-29 05:28:48.81361+03	manual	\N	AVAILABLE	\N
408	82	2025-12-24	t	19092.00	2025-12-29 04:02:55.41848+03	2025-12-29 05:28:48.81361+03	manual	\N	AVAILABLE	\N
409	82	2025-12-25	t	15910.00	2025-12-29 04:02:55.41848+03	2025-12-29 05:28:48.81361+03	manual	\N	AVAILABLE	\N
410	82	2025-12-26	t	15910.00	2025-12-29 04:02:55.41848+03	2025-12-29 05:28:48.81361+03	manual	\N	AVAILABLE	\N
171	81	2026-01-04	t	12406.00	2025-12-29 03:47:37.105147+03	2025-12-29 03:52:09.623805+03	manual	\N	AVAILABLE	\N
172	81	2026-01-05	t	12406.00	2025-12-29 03:47:37.105147+03	2025-12-29 03:52:09.623805+03	manual	\N	AVAILABLE	\N
173	81	2026-01-06	t	12406.00	2025-12-29 03:47:37.105147+03	2025-12-29 03:52:09.623805+03	manual	\N	AVAILABLE	\N
174	81	2026-01-07	t	12406.00	2025-12-29 03:47:37.105147+03	2025-12-29 03:52:09.623805+03	manual	\N	AVAILABLE	\N
175	81	2026-01-08	t	14887.00	2025-12-29 03:47:37.105147+03	2025-12-29 03:52:09.623805+03	manual	\N	AVAILABLE	\N
176	81	2026-01-09	t	14887.00	2025-12-29 03:47:37.105147+03	2025-12-29 03:52:09.623805+03	manual	\N	AVAILABLE	\N
177	81	2026-01-10	t	12406.00	2025-12-29 03:47:37.105147+03	2025-12-29 03:52:09.623805+03	manual	\N	AVAILABLE	\N
178	81	2026-01-11	t	12406.00	2025-12-29 03:47:37.105147+03	2025-12-29 03:52:09.623805+03	manual	\N	AVAILABLE	\N
179	81	2026-01-12	t	12406.00	2025-12-29 03:47:37.105147+03	2025-12-29 03:52:09.623805+03	manual	\N	AVAILABLE	\N
180	81	2026-01-13	t	12406.00	2025-12-29 03:47:37.105147+03	2025-12-29 03:52:09.623805+03	manual	\N	AVAILABLE	\N
181	81	2026-01-14	t	12406.00	2025-12-29 03:47:37.105147+03	2025-12-29 03:52:09.623805+03	manual	\N	AVAILABLE	\N
182	81	2026-01-15	t	14887.00	2025-12-29 03:47:37.105147+03	2025-12-29 03:52:09.623805+03	manual	\N	AVAILABLE	\N
183	81	2026-01-16	t	14887.00	2025-12-29 03:47:37.105147+03	2025-12-29 03:52:09.623805+03	manual	\N	AVAILABLE	\N
184	81	2026-01-17	t	12406.00	2025-12-29 03:47:37.105147+03	2025-12-29 03:52:09.623805+03	manual	\N	AVAILABLE	\N
185	81	2026-01-18	t	12406.00	2025-12-29 03:47:37.105147+03	2025-12-29 03:52:09.623805+03	manual	\N	AVAILABLE	\N
186	81	2026-01-19	t	12406.00	2025-12-29 03:47:37.105147+03	2025-12-29 03:52:09.623805+03	manual	\N	AVAILABLE	\N
187	81	2026-01-20	t	12406.00	2025-12-29 03:47:37.105147+03	2025-12-29 03:52:09.623805+03	manual	\N	AVAILABLE	\N
188	81	2026-01-21	t	12406.00	2025-12-29 03:47:37.105147+03	2025-12-29 03:52:09.623805+03	manual	\N	AVAILABLE	\N
189	81	2026-01-22	t	14887.00	2025-12-29 03:47:37.105147+03	2025-12-29 03:52:09.623805+03	manual	\N	AVAILABLE	\N
190	81	2026-01-23	t	14887.00	2025-12-29 03:47:37.105147+03	2025-12-29 03:52:09.623805+03	manual	\N	AVAILABLE	\N
191	81	2026-01-24	t	12406.00	2025-12-29 03:47:37.105147+03	2025-12-29 03:52:09.623805+03	manual	\N	AVAILABLE	\N
192	81	2026-01-25	t	12406.00	2025-12-29 03:47:37.105147+03	2025-12-29 03:52:09.623805+03	manual	\N	AVAILABLE	\N
193	81	2026-01-26	t	12406.00	2025-12-29 03:47:37.105147+03	2025-12-29 03:52:09.623805+03	manual	\N	AVAILABLE	\N
194	81	2026-01-27	t	12406.00	2025-12-29 03:47:37.105147+03	2025-12-29 03:52:09.623805+03	manual	\N	AVAILABLE	\N
195	81	2026-01-28	t	12406.00	2025-12-29 03:47:37.105147+03	2025-12-29 03:52:09.623805+03	manual	\N	AVAILABLE	\N
196	81	2026-01-29	t	14887.00	2025-12-29 03:47:37.105147+03	2025-12-29 03:52:09.623805+03	manual	\N	AVAILABLE	\N
197	81	2026-01-30	t	14887.00	2025-12-29 03:47:37.105147+03	2025-12-29 03:52:09.623805+03	manual	\N	AVAILABLE	\N
411	82	2025-12-27	t	15910.00	2025-12-29 04:02:55.41848+03	2025-12-29 05:28:48.81361+03	manual	\N	AVAILABLE	\N
412	82	2025-12-28	t	15910.00	2025-12-29 04:02:55.41848+03	2025-12-29 05:28:48.81361+03	manual	\N	AVAILABLE	\N
413	82	2025-12-29	t	15910.00	2025-12-29 04:02:55.41848+03	2025-12-29 05:28:48.81361+03	manual	\N	AVAILABLE	\N
414	82	2025-12-30	t	19092.00	2025-12-29 04:02:55.41848+03	2025-12-29 05:28:48.81361+03	manual	\N	AVAILABLE	\N
415	82	2025-12-31	t	19092.00	2025-12-29 04:02:55.41848+03	2025-12-29 05:28:48.81361+03	manual	\N	AVAILABLE	\N
416	82	2026-01-01	t	15910.00	2025-12-29 04:02:55.41848+03	2025-12-29 05:28:48.81361+03	manual	\N	AVAILABLE	\N
417	82	2026-01-02	t	15910.00	2025-12-29 04:02:55.41848+03	2025-12-29 05:28:48.81361+03	manual	\N	AVAILABLE	\N
418	82	2026-01-03	t	15910.00	2025-12-29 04:02:55.41848+03	2025-12-29 05:28:48.81361+03	manual	\N	AVAILABLE	\N
419	82	2026-01-04	t	15910.00	2025-12-29 04:02:55.41848+03	2025-12-29 05:28:48.81361+03	manual	\N	AVAILABLE	\N
420	82	2026-01-05	t	15910.00	2025-12-29 04:02:55.41848+03	2025-12-29 05:28:48.81361+03	manual	\N	AVAILABLE	\N
421	82	2026-01-06	t	19092.00	2025-12-29 04:02:55.41848+03	2025-12-29 05:28:48.81361+03	manual	\N	AVAILABLE	\N
422	82	2026-01-07	t	19092.00	2025-12-29 04:02:55.41848+03	2025-12-29 05:28:48.81361+03	manual	\N	AVAILABLE	\N
423	82	2026-01-08	t	15910.00	2025-12-29 04:02:55.41848+03	2025-12-29 05:28:48.81361+03	manual	\N	AVAILABLE	\N
424	82	2026-01-09	t	15910.00	2025-12-29 04:02:55.41848+03	2025-12-29 05:28:48.81361+03	manual	\N	AVAILABLE	\N
425	82	2026-01-10	t	15910.00	2025-12-29 04:02:55.41848+03	2025-12-29 05:28:48.81361+03	manual	\N	AVAILABLE	\N
426	82	2026-01-11	t	15910.00	2025-12-29 04:02:55.41848+03	2025-12-29 05:28:48.81361+03	manual	\N	AVAILABLE	\N
427	82	2026-01-12	t	15910.00	2025-12-29 04:02:55.41848+03	2025-12-29 05:28:48.81361+03	manual	\N	AVAILABLE	\N
428	82	2026-01-13	t	19092.00	2025-12-29 04:02:55.41848+03	2025-12-29 05:28:48.81361+03	manual	\N	AVAILABLE	\N
429	82	2026-01-14	t	19092.00	2025-12-29 04:02:55.41848+03	2025-12-29 05:28:48.81361+03	manual	\N	AVAILABLE	\N
430	82	2026-01-15	t	15910.00	2025-12-29 04:02:55.41848+03	2025-12-29 05:28:48.81361+03	manual	\N	AVAILABLE	\N
431	82	2026-01-16	t	15910.00	2025-12-29 04:02:55.41848+03	2025-12-29 05:28:48.81361+03	manual	\N	AVAILABLE	\N
432	82	2026-01-17	t	15910.00	2025-12-29 04:02:55.41848+03	2025-12-29 05:28:48.81361+03	manual	\N	AVAILABLE	\N
433	82	2026-01-18	t	15910.00	2025-12-29 04:02:55.41848+03	2025-12-29 05:28:48.81361+03	manual	\N	AVAILABLE	\N
434	82	2026-01-19	t	15910.00	2025-12-29 04:02:55.41848+03	2025-12-29 05:28:48.81361+03	manual	\N	AVAILABLE	\N
435	82	2026-01-20	t	19092.00	2025-12-29 04:02:55.41848+03	2025-12-29 05:28:48.81361+03	manual	\N	AVAILABLE	\N
436	82	2026-01-21	t	19092.00	2025-12-29 04:02:55.41848+03	2025-12-29 05:28:48.81361+03	manual	\N	AVAILABLE	\N
437	82	2026-01-22	t	15910.00	2025-12-29 04:02:55.41848+03	2025-12-29 05:28:48.81361+03	manual	\N	AVAILABLE	\N
438	82	2026-01-23	t	15910.00	2025-12-29 04:02:55.41848+03	2025-12-29 05:28:48.81361+03	manual	\N	AVAILABLE	\N
439	82	2026-01-24	t	15910.00	2025-12-29 04:02:55.41848+03	2025-12-29 05:28:48.81361+03	manual	\N	AVAILABLE	\N
440	82	2026-01-25	t	15910.00	2025-12-29 04:02:55.41848+03	2025-12-29 05:28:48.81361+03	manual	\N	AVAILABLE	\N
441	82	2026-01-26	t	15910.00	2025-12-29 04:02:55.41848+03	2025-12-29 05:28:48.81361+03	manual	\N	AVAILABLE	\N
442	82	2026-01-27	t	19092.00	2025-12-29 04:02:55.41848+03	2025-12-29 05:28:48.81361+03	manual	\N	AVAILABLE	\N
443	82	2026-01-28	t	19092.00	2025-12-29 04:02:55.41848+03	2025-12-29 05:28:48.81361+03	manual	\N	AVAILABLE	\N
1185	125	2026-01-26	t	8500.00	2025-12-31 13:34:09.938703+03	2025-12-31 15:48:27.480106+03	manual	\N	AVAILABLE	\N
1182	125	2026-01-23	f	12000.00	2025-12-31 13:34:09.938703+03	2026-01-01 03:26:03.648928+03	manual	\N	AVAILABLE	\N
1183	125	2026-01-24	f	12000.00	2025-12-31 13:34:09.938703+03	2026-01-01 03:26:03.648928+03	manual	\N	AVAILABLE	\N
1184	125	2026-01-25	f	8500.00	2025-12-31 13:34:09.938703+03	2026-01-01 03:26:03.648928+03	manual	\N	AVAILABLE	\N
1759	125	2026-05-11	f	\N	2026-01-01 03:32:59.693118+03	2026-01-01 03:32:59.693118+03	manual	\N	AVAILABLE	\N
1760	125	2026-05-12	f	\N	2026-01-01 03:32:59.693118+03	2026-01-01 03:32:59.693118+03	manual	\N	AVAILABLE	\N
1761	125	2026-05-13	f	\N	2026-01-01 03:32:59.693118+03	2026-01-01 03:32:59.693118+03	manual	\N	AVAILABLE	\N
1762	125	2026-05-14	f	\N	2026-01-01 03:32:59.693118+03	2026-01-01 03:32:59.693118+03	manual	\N	AVAILABLE	\N
1763	125	2026-05-15	f	\N	2026-01-01 03:32:59.693118+03	2026-01-01 03:32:59.693118+03	manual	\N	AVAILABLE	\N
1764	125	2026-05-16	f	\N	2026-01-01 03:32:59.693118+03	2026-01-01 03:32:59.693118+03	manual	\N	AVAILABLE	\N
1765	125	2026-05-17	f	\N	2026-01-01 03:32:59.693118+03	2026-01-01 03:32:59.693118+03	manual	\N	AVAILABLE	\N
1766	125	2026-05-18	f	\N	2026-01-01 03:32:59.693118+03	2026-01-01 03:32:59.693118+03	manual	\N	AVAILABLE	\N
1767	125	2026-05-19	f	\N	2026-01-01 03:32:59.693118+03	2026-01-01 03:32:59.693118+03	manual	\N	AVAILABLE	\N
1768	125	2026-05-20	f	\N	2026-01-01 03:32:59.693118+03	2026-01-01 03:32:59.693118+03	manual	\N	AVAILABLE	\N
1769	125	2026-05-21	f	\N	2026-01-01 03:32:59.693118+03	2026-01-01 03:32:59.693118+03	manual	\N	AVAILABLE	\N
1148	125	2025-12-20	t	8500.00	2025-12-31 13:34:09.938703+03	2025-12-31 18:26:57.62433+03	manual	\N	AVAILABLE	\N
1149	125	2025-12-21	t	8500.00	2025-12-31 13:34:09.938703+03	2025-12-31 18:26:57.62433+03	manual	\N	AVAILABLE	\N
1150	125	2025-12-22	t	8500.00	2025-12-31 13:34:09.938703+03	2025-12-31 18:26:57.62433+03	manual	\N	AVAILABLE	\N
1173	125	2026-01-14	f	8500.00	2025-12-31 13:34:09.938703+03	2026-01-01 01:52:45.782059+03	manual	\N	AVAILABLE	\N
1174	125	2026-01-15	f	8500.00	2025-12-31 13:34:09.938703+03	2026-01-01 01:52:45.782059+03	manual	\N	AVAILABLE	\N
1726	125	2026-02-10	f	\N	2026-01-01 01:19:01.680872+03	2026-01-01 02:34:34.06903+03	manual	\N	AVAILABLE	\N
1727	125	2026-02-11	f	\N	2026-01-01 01:19:01.680872+03	2026-01-01 02:34:34.06903+03	manual	\N	AVAILABLE	\N
1728	125	2026-02-12	f	\N	2026-01-01 01:19:01.680872+03	2026-01-01 02:34:34.06903+03	manual	\N	AVAILABLE	\N
1729	125	2026-02-13	f	\N	2026-01-01 01:19:01.680872+03	2026-01-01 02:34:34.06903+03	manual	\N	AVAILABLE	\N
1730	125	2026-02-14	f	\N	2026-01-01 01:19:01.680872+03	2026-01-01 02:34:34.06903+03	manual	\N	AVAILABLE	\N
1731	125	2026-02-15	f	\N	2026-01-01 01:19:01.680872+03	2026-01-01 02:34:34.06903+03	manual	\N	AVAILABLE	\N
1732	125	2026-02-16	f	\N	2026-01-01 01:19:01.680872+03	2026-01-01 02:34:34.06903+03	manual	\N	AVAILABLE	\N
1151	125	2025-12-23	t	8500.00	2025-12-31 13:34:09.938703+03	2025-12-31 18:26:57.62433+03	manual	\N	AVAILABLE	\N
1152	125	2025-12-24	t	8500.00	2025-12-31 13:34:09.938703+03	2025-12-31 18:26:57.62433+03	manual	\N	AVAILABLE	\N
1153	125	2025-12-25	t	12000.00	2025-12-31 13:34:09.938703+03	2025-12-31 18:26:57.62433+03	manual	\N	AVAILABLE	\N
1154	125	2025-12-26	t	12000.00	2025-12-31 13:34:09.938703+03	2025-12-31 18:26:57.62433+03	manual	\N	AVAILABLE	\N
1155	125	2025-12-27	t	8500.00	2025-12-31 13:34:09.938703+03	2025-12-31 18:26:57.62433+03	manual	\N	AVAILABLE	\N
1156	125	2025-12-28	t	8500.00	2025-12-31 13:34:09.938703+03	2025-12-31 18:26:57.62433+03	manual	\N	AVAILABLE	\N
1157	125	2025-12-29	t	8500.00	2025-12-31 13:34:09.938703+03	2025-12-31 18:26:57.62433+03	manual	\N	AVAILABLE	\N
1158	125	2025-12-30	t	8500.00	2025-12-31 13:34:09.938703+03	2025-12-31 18:26:57.62433+03	manual	\N	AVAILABLE	\N
1733	125	2026-02-17	f	\N	2026-01-01 01:19:01.680872+03	2026-01-01 02:34:34.06903+03	manual	\N	AVAILABLE	\N
1181	125	2026-01-22	f	8500.00	2025-12-31 13:34:09.938703+03	2026-01-01 03:26:03.648928+03	manual	\N	AVAILABLE	\N
1179	125	2026-01-20	f	8500.00	2025-12-31 13:34:09.938703+03	2026-01-01 00:34:58.091967+03	manual	\N	AVAILABLE	\N
1180	125	2026-01-21	f	8500.00	2025-12-31 13:34:09.938703+03	2026-01-01 00:58:34.117209+03	manual	\N	AVAILABLE	\N
1770	129	2026-01-04	f	\N	2026-01-02 03:46:21.638327+03	2026-01-02 03:46:55.943497+03	manual	\N	AVAILABLE	\N
1771	129	2026-01-03	f	\N	2026-01-02 03:46:22.812722+03	2026-01-02 16:36:38.367334+03	manual	\N	AVAILABLE	\N
1172	125	2026-01-13	t	8500.00	2025-12-31 13:34:09.938703+03	2025-12-31 15:48:27.480106+03	manual	\N	AVAILABLE	\N
1175	125	2026-01-16	t	12000.00	2025-12-31 13:34:09.938703+03	2025-12-31 15:48:27.480106+03	manual	\N	AVAILABLE	\N
1176	125	2026-01-17	t	12000.00	2025-12-31 13:34:09.938703+03	2025-12-31 15:48:27.480106+03	manual	\N	AVAILABLE	\N
1178	125	2026-01-19	t	8500.00	2025-12-31 13:34:09.938703+03	2025-12-31 15:48:27.480106+03	manual	\N	AVAILABLE	\N
1725	125	2026-02-09	f	\N	2026-01-01 01:19:01.680872+03	2026-01-01 01:19:01.680872+03	manual	\N	AVAILABLE	\N
1135	125	2025-12-07	t	8500.00	2025-12-31 13:34:09.938703+03	2025-12-31 18:26:57.62433+03	manual	\N	AVAILABLE	\N
1136	125	2025-12-08	t	8500.00	2025-12-31 13:34:09.938703+03	2025-12-31 18:26:57.62433+03	manual	\N	AVAILABLE	\N
1137	125	2025-12-09	t	8500.00	2025-12-31 13:34:09.938703+03	2025-12-31 18:26:57.62433+03	manual	\N	AVAILABLE	\N
1138	125	2025-12-10	t	8500.00	2025-12-31 13:34:09.938703+03	2025-12-31 18:26:57.62433+03	manual	\N	AVAILABLE	\N
1139	125	2025-12-11	t	12000.00	2025-12-31 13:34:09.938703+03	2025-12-31 18:26:57.62433+03	manual	\N	AVAILABLE	\N
1140	125	2025-12-12	t	12000.00	2025-12-31 13:34:09.938703+03	2025-12-31 18:26:57.62433+03	manual	\N	AVAILABLE	\N
1141	125	2025-12-13	t	8500.00	2025-12-31 13:34:09.938703+03	2025-12-31 18:26:57.62433+03	manual	\N	AVAILABLE	\N
1142	125	2025-12-14	t	8500.00	2025-12-31 13:34:09.938703+03	2025-12-31 18:26:57.62433+03	manual	\N	AVAILABLE	\N
1143	125	2025-12-15	t	8500.00	2025-12-31 13:34:09.938703+03	2025-12-31 18:26:57.62433+03	manual	\N	AVAILABLE	\N
1144	125	2025-12-16	t	8500.00	2025-12-31 13:34:09.938703+03	2025-12-31 18:26:57.62433+03	manual	\N	AVAILABLE	\N
1145	125	2025-12-17	t	8500.00	2025-12-31 13:34:09.938703+03	2025-12-31 18:26:57.62433+03	manual	\N	AVAILABLE	\N
1146	125	2025-12-18	t	12000.00	2025-12-31 13:34:09.938703+03	2025-12-31 18:26:57.62433+03	manual	\N	AVAILABLE	\N
1147	125	2025-12-19	t	12000.00	2025-12-31 13:34:09.938703+03	2025-12-31 18:26:57.62433+03	manual	\N	AVAILABLE	\N
1187	125	2026-01-28	t	8500.00	2025-12-31 13:34:09.938703+03	2025-12-31 15:48:27.480106+03	manual	\N	AVAILABLE	\N
1188	125	2026-01-29	t	8500.00	2025-12-31 13:34:09.938703+03	2025-12-31 15:48:27.480106+03	manual	\N	AVAILABLE	\N
1189	125	2026-01-30	t	12000.00	2025-12-31 13:34:09.938703+03	2025-12-31 15:48:27.480106+03	manual	\N	AVAILABLE	\N
1736	125	2026-02-19	f	\N	2026-01-01 01:22:06.190075+03	2026-01-01 01:22:06.190075+03	manual	\N	AVAILABLE	\N
1737	125	2026-02-20	f	\N	2026-01-01 01:22:06.190075+03	2026-01-01 01:22:06.190075+03	manual	\N	AVAILABLE	\N
1738	125	2026-02-21	f	\N	2026-01-01 01:22:06.190075+03	2026-01-01 01:22:06.190075+03	manual	\N	AVAILABLE	\N
1739	125	2026-02-22	f	\N	2026-01-01 01:22:06.190075+03	2026-01-01 01:22:06.190075+03	manual	\N	AVAILABLE	\N
1735	125	2026-02-18	f	\N	2026-01-01 01:22:06.190075+03	2026-01-01 02:34:34.06903+03	manual	\N	AVAILABLE	\N
1778	129	2026-02-18	f	\N	2026-01-02 21:41:00.366432+03	2026-01-02 21:41:00.366432+03	manual	\N	AVAILABLE	\N
1779	129	2026-02-19	f	\N	2026-01-02 21:41:00.366432+03	2026-01-02 21:41:00.366432+03	manual	\N	AVAILABLE	\N
1780	129	2026-02-20	f	\N	2026-01-02 21:41:00.366432+03	2026-01-02 21:41:00.366432+03	manual	\N	AVAILABLE	\N
1781	129	2026-02-21	f	\N	2026-01-02 21:41:00.366432+03	2026-01-02 21:41:00.366432+03	manual	\N	AVAILABLE	\N
1782	129	2026-02-22	f	\N	2026-01-02 21:41:00.366432+03	2026-01-02 21:41:00.366432+03	manual	\N	AVAILABLE	\N
1783	129	2026-02-23	f	\N	2026-01-02 21:41:00.366432+03	2026-01-02 21:41:00.366432+03	manual	\N	AVAILABLE	\N
\.


--
-- Data for Name: property_availability_rules; Type: TABLE DATA; Schema: public; Owner: postgres
--

COPY public.property_availability_rules (id, property_id, timezone, min_nights, max_nights, cutoff_hours, booking_window_days, checkin_time, checkout_time, instant_booking, cancellation_policy, weekend_days, weekend_pricing_type, weekend_pricing_value, created_at, updated_at, allow_same_day_booking) FROM stdin;
1	16	Asia/Kolkata	\N	\N	0	\N	\N	\N	f	\N	\N	percent	\N	2025-12-31 19:21:50.704568+03	2025-12-31 19:21:50.704568+03	t
2	17	Asia/Kolkata	\N	\N	0	\N	\N	\N	t	\N	\N	percent	\N	2025-12-31 19:21:50.704568+03	2025-12-31 19:21:50.704568+03	t
3	18	Asia/Kolkata	\N	\N	0	\N	\N	\N	f	\N	\N	percent	\N	2025-12-31 19:21:50.704568+03	2025-12-31 19:21:50.704568+03	t
4	21	Asia/Kolkata	\N	\N	0	\N	\N	\N	f	\N	\N	percent	\N	2025-12-31 19:21:50.704568+03	2025-12-31 19:21:50.704568+03	t
5	14	Asia/Kolkata	\N	\N	0	\N	\N	\N	t	\N	\N	percent	\N	2025-12-31 19:21:50.704568+03	2025-12-31 19:21:50.704568+03	t
6	15	Asia/Kolkata	\N	\N	0	\N	\N	\N	f	\N	\N	percent	\N	2025-12-31 19:21:50.704568+03	2025-12-31 19:21:50.704568+03	t
7	23	Asia/Kolkata	\N	\N	0	\N	\N	\N	t	\N	\N	percent	\N	2025-12-31 19:21:50.704568+03	2025-12-31 19:21:50.704568+03	t
8	22	Asia/Kolkata	\N	\N	0	\N	\N	\N	f	\N	\N	percent	\N	2025-12-31 19:21:50.704568+03	2025-12-31 19:21:50.704568+03	t
9	80	Asia/Kolkata	2	14	0	\N	14:00	11:00	t	\N	\N	percent	\N	2025-12-31 19:21:50.704568+03	2025-12-31 19:21:50.704568+03	t
10	83	Asia/Kolkata	2	14	0	\N	14:00	11:00	t	\N	\N	percent	\N	2025-12-31 19:21:50.704568+03	2025-12-31 19:21:50.704568+03	t
11	19	Asia/Kolkata	\N	\N	0	\N	\N	\N	f	\N	\N	percent	\N	2025-12-31 19:21:50.704568+03	2025-12-31 19:21:50.704568+03	t
12	20	Asia/Kolkata	\N	\N	0	\N	\N	\N	t	\N	\N	percent	\N	2025-12-31 19:21:50.704568+03	2025-12-31 19:21:50.704568+03	t
13	74	Asia/Kolkata	2	14	0	\N	14:00	11:00	t	Free cancellation within 48 hours of booking. 50% refund up to 7 days before check-in, non-refundable afterwards.	\N	percent	\N	2025-12-31 19:21:50.704568+03	2025-12-31 19:21:50.704568+03	t
14	75	Asia/Kolkata	2	14	0	\N	14:00	11:00	t	Free cancellation within 48 hours of booking. 50% refund up to 7 days before check-in, non-refundable afterwards.	\N	percent	\N	2025-12-31 19:21:50.704568+03	2025-12-31 19:21:50.704568+03	t
15	76	Asia/Kolkata	2	14	0	\N	14:00	11:00	t	Free cancellation within 48 hours of booking. 50% refund up to 7 days before check-in, non-refundable afterwards.	\N	percent	\N	2025-12-31 19:21:50.704568+03	2025-12-31 19:21:50.704568+03	t
16	77	Asia/Kolkata	2	14	0	\N	14:00	11:00	t	Free cancellation within 48 hours of booking. 50% refund up to 7 days before check-in, non-refundable afterwards.	\N	percent	\N	2025-12-31 19:21:50.704568+03	2025-12-31 19:21:50.704568+03	t
17	84	Asia/Kolkata	2	14	0	\N	14:00	11:00	t	Free cancellation within 48 hours of booking. 50% refund up to 7 days before check-in, non-refundable afterwards.	\N	percent	\N	2025-12-31 19:21:50.704568+03	2025-12-31 19:21:50.704568+03	t
18	85	Asia/Kolkata	2	14	0	\N	14:00	11:00	t	Free cancellation within 48 hours of booking. 50% refund up to 7 days before check-in, non-refundable afterwards.	\N	percent	\N	2025-12-31 19:21:50.704568+03	2025-12-31 19:21:50.704568+03	t
19	82	Asia/Kolkata	\N	\N	0	\N	14:00	11:00	t	\N	\N	percent	\N	2025-12-31 19:21:50.704568+03	2025-12-31 19:21:50.704568+03	t
20	86	Asia/Kolkata	2	14	0	\N	14:00	11:00	t	Free cancellation within 48 hours of booking. 50% refund up to 7 days before check-in, non-refundable afterwards.	\N	percent	\N	2025-12-31 19:21:50.704568+03	2025-12-31 19:21:50.704568+03	t
21	87	Asia/Kolkata	2	14	0	\N	14:00	11:00	t	Free cancellation within 48 hours of booking. 50% refund up to 7 days before check-in, non-refundable afterwards.	\N	percent	\N	2025-12-31 19:21:50.704568+03	2025-12-31 19:21:50.704568+03	t
22	88	Asia/Kolkata	2	14	0	\N	14:00	11:00	t	Free cancellation within 48 hours of booking. 50% refund up to 7 days before check-in, non-refundable afterwards.	\N	percent	\N	2025-12-31 19:21:50.704568+03	2025-12-31 19:21:50.704568+03	t
23	89	Asia/Kolkata	2	14	0	\N	14:00	11:00	t	Free cancellation within 48 hours of booking. 50% refund up to 7 days before check-in, non-refundable afterwards.	\N	percent	\N	2025-12-31 19:21:50.704568+03	2025-12-31 19:21:50.704568+03	t
24	90	Asia/Kolkata	2	14	0	\N	14:00	11:00	t	Free cancellation within 48 hours of booking. 50% refund up to 7 days before check-in, non-refundable afterwards.	\N	percent	\N	2025-12-31 19:21:50.704568+03	2025-12-31 19:21:50.704568+03	t
25	91	Asia/Kolkata	2	14	0	\N	14:00	11:00	t	Free cancellation within 48 hours of booking. 50% refund up to 7 days before check-in, non-refundable afterwards.	\N	percent	\N	2025-12-31 19:21:50.704568+03	2025-12-31 19:21:50.704568+03	t
26	92	Asia/Kolkata	2	14	0	\N	14:00	11:00	t	Free cancellation within 48 hours of booking. 50% refund up to 7 days before check-in, non-refundable afterwards.	\N	percent	\N	2025-12-31 19:21:50.704568+03	2025-12-31 19:21:50.704568+03	t
27	93	Asia/Kolkata	2	14	0	\N	14:00	11:00	t	Free cancellation within 48 hours of booking. 50% refund up to 7 days before check-in, non-refundable afterwards.	\N	percent	\N	2025-12-31 19:21:50.704568+03	2025-12-31 19:21:50.704568+03	t
28	94	Asia/Kolkata	2	14	0	\N	14:00	11:00	t	Free cancellation within 48 hours of booking. 50% refund up to 7 days before check-in, non-refundable afterwards.	\N	percent	\N	2025-12-31 19:21:50.704568+03	2025-12-31 19:21:50.704568+03	t
29	95	Asia/Kolkata	2	14	0	\N	14:00	11:00	t	Free cancellation within 48 hours of booking. 50% refund up to 7 days before check-in, non-refundable afterwards.	\N	percent	\N	2025-12-31 19:21:50.704568+03	2025-12-31 19:21:50.704568+03	t
30	96	Asia/Kolkata	2	14	0	\N	14:00	11:00	t	Free cancellation within 48 hours of booking. 50% refund up to 7 days before check-in, non-refundable afterwards.	\N	percent	\N	2025-12-31 19:21:50.704568+03	2025-12-31 19:21:50.704568+03	t
31	97	Asia/Kolkata	2	14	0	\N	14:00	11:00	t	Free cancellation within 48 hours of booking. 50% refund up to 7 days before check-in, non-refundable afterwards.	\N	percent	\N	2025-12-31 19:21:50.704568+03	2025-12-31 19:21:50.704568+03	t
32	98	Asia/Kolkata	2	14	0	\N	14:00	11:00	t	Free cancellation within 48 hours of booking. 50% refund up to 7 days before check-in, non-refundable afterwards.	\N	percent	\N	2025-12-31 19:21:50.704568+03	2025-12-31 19:21:50.704568+03	t
33	99	Asia/Kolkata	2	14	0	\N	14:00	11:00	t	Free cancellation within 48 hours of booking. 50% refund up to 7 days before check-in, non-refundable afterwards.	\N	percent	\N	2025-12-31 19:21:50.704568+03	2025-12-31 19:21:50.704568+03	t
34	100	Asia/Kolkata	2	14	0	\N	14:00	11:00	t	Free cancellation within 48 hours of booking. 50% refund up to 7 days before check-in, non-refundable afterwards.	\N	percent	\N	2025-12-31 19:21:50.704568+03	2025-12-31 19:21:50.704568+03	t
35	101	Asia/Kolkata	2	14	0	\N	14:00	11:00	t	Free cancellation within 48 hours of booking. 50% refund up to 7 days before check-in, non-refundable afterwards.	\N	percent	\N	2025-12-31 19:21:50.704568+03	2025-12-31 19:21:50.704568+03	t
36	102	Asia/Kolkata	2	14	0	\N	14:00	11:00	t	Free cancellation within 48 hours of booking. 50% refund up to 7 days before check-in, non-refundable afterwards.	\N	percent	\N	2025-12-31 19:21:50.704568+03	2025-12-31 19:21:50.704568+03	t
37	103	Asia/Kolkata	2	14	0	\N	14:00	11:00	t	Free cancellation within 48 hours of booking. 50% refund up to 7 days before check-in, non-refundable afterwards.	\N	percent	\N	2025-12-31 19:21:50.704568+03	2025-12-31 19:21:50.704568+03	t
38	104	Asia/Kolkata	2	14	0	\N	14:00	11:00	t	Free cancellation within 48 hours of booking. 50% refund up to 7 days before check-in, non-refundable afterwards.	\N	percent	\N	2025-12-31 19:21:50.704568+03	2025-12-31 19:21:50.704568+03	t
39	105	Asia/Kolkata	2	14	0	\N	14:00	11:00	t	Free cancellation within 48 hours of booking. 50% refund up to 7 days before check-in, non-refundable afterwards.	\N	percent	\N	2025-12-31 19:21:50.704568+03	2025-12-31 19:21:50.704568+03	t
40	106	Asia/Kolkata	2	14	0	\N	14:00	11:00	t	Free cancellation within 48 hours of booking. 50% refund up to 7 days before check-in, non-refundable afterwards.	\N	percent	\N	2025-12-31 19:21:50.704568+03	2025-12-31 19:21:50.704568+03	t
41	107	Asia/Kolkata	2	14	0	\N	14:00	11:00	t	Free cancellation within 48 hours of booking. 50% refund up to 7 days before check-in, non-refundable afterwards.	\N	percent	\N	2025-12-31 19:21:50.704568+03	2025-12-31 19:21:50.704568+03	t
42	108	Asia/Kolkata	2	14	0	\N	14:00	11:00	t	Free cancellation within 48 hours of booking. 50% refund up to 7 days before check-in, non-refundable afterwards.	\N	percent	\N	2025-12-31 19:21:50.704568+03	2025-12-31 19:21:50.704568+03	t
43	109	Asia/Kolkata	2	14	0	\N	14:00	11:00	t	Free cancellation within 48 hours of booking. 50% refund up to 7 days before check-in, non-refundable afterwards.	\N	percent	\N	2025-12-31 19:21:50.704568+03	2025-12-31 19:21:50.704568+03	t
44	110	Asia/Kolkata	2	14	0	\N	14:00	11:00	t	Free cancellation within 48 hours of booking. 50% refund up to 7 days before check-in, non-refundable afterwards.	\N	percent	\N	2025-12-31 19:21:50.704568+03	2025-12-31 19:21:50.704568+03	t
45	111	Asia/Kolkata	2	14	0	\N	14:00	11:00	t	Free cancellation within 48 hours of booking. 50% refund up to 7 days before check-in, non-refundable afterwards.	\N	percent	\N	2025-12-31 19:21:50.704568+03	2025-12-31 19:21:50.704568+03	t
46	112	Asia/Kolkata	2	14	0	\N	14:00	11:00	t	Free cancellation within 48 hours of booking. 50% refund up to 7 days before check-in, non-refundable afterwards.	\N	percent	\N	2025-12-31 19:21:50.704568+03	2025-12-31 19:21:50.704568+03	t
47	113	Asia/Kolkata	2	14	0	\N	14:00	11:00	t	Free cancellation within 48 hours of booking. 50% refund up to 7 days before check-in, non-refundable afterwards.	\N	percent	\N	2025-12-31 19:21:50.704568+03	2025-12-31 19:21:50.704568+03	t
48	114	Asia/Kolkata	2	14	0	\N	14:00	11:00	t	Free cancellation within 48 hours of booking. 50% refund up to 7 days before check-in, non-refundable afterwards.	\N	percent	\N	2025-12-31 19:21:50.704568+03	2025-12-31 19:21:50.704568+03	t
49	115	Asia/Kolkata	2	14	0	\N	14:00	11:00	t	Free cancellation within 48 hours of booking. 50% refund up to 7 days before check-in, non-refundable afterwards.	\N	percent	\N	2025-12-31 19:21:50.704568+03	2025-12-31 19:21:50.704568+03	t
50	116	Asia/Kolkata	2	14	0	\N	14:00	11:00	t	Free cancellation within 48 hours of booking. 50% refund up to 7 days before check-in, non-refundable afterwards.	\N	percent	\N	2025-12-31 19:21:50.704568+03	2025-12-31 19:21:50.704568+03	t
51	117	Asia/Kolkata	2	14	0	\N	14:00	11:00	t	Free cancellation within 48 hours of booking. 50% refund up to 7 days before check-in, non-refundable afterwards.	\N	percent	\N	2025-12-31 19:21:50.704568+03	2025-12-31 19:21:50.704568+03	t
52	118	Asia/Kolkata	2	14	0	\N	14:00	11:00	t	Free cancellation within 48 hours of booking. 50% refund up to 7 days before check-in, non-refundable afterwards.	\N	percent	\N	2025-12-31 19:21:50.704568+03	2025-12-31 19:21:50.704568+03	t
53	119	Asia/Kolkata	2	14	0	\N	14:00	11:00	t	Free cancellation within 48 hours of booking. 50% refund up to 7 days before check-in, non-refundable afterwards.	\N	percent	\N	2025-12-31 19:21:50.704568+03	2025-12-31 19:21:50.704568+03	t
54	120	Asia/Kolkata	2	14	0	\N	14:00	11:00	t	Free cancellation within 48 hours of booking. 50% refund up to 7 days before check-in, non-refundable afterwards.	\N	percent	\N	2025-12-31 19:21:50.704568+03	2025-12-31 19:21:50.704568+03	t
55	121	Asia/Kolkata	2	14	0	\N	14:00	11:00	t	Free cancellation within 48 hours of booking. 50% refund up to 7 days before check-in, non-refundable afterwards.	\N	percent	\N	2025-12-31 19:21:50.704568+03	2025-12-31 19:21:50.704568+03	t
56	122	Asia/Kolkata	2	14	0	\N	14:00	11:00	t	Free cancellation within 48 hours of booking. 50% refund up to 7 days before check-in, non-refundable afterwards.	\N	percent	\N	2025-12-31 19:21:50.704568+03	2025-12-31 19:21:50.704568+03	t
57	123	Asia/Kolkata	2	14	0	\N	14:00	11:00	t	Free cancellation within 48 hours of booking. 50% refund up to 7 days before check-in, non-refundable afterwards.	\N	percent	\N	2025-12-31 19:21:50.704568+03	2025-12-31 19:21:50.704568+03	t
58	79	Asia/Kolkata	2	14	0	\N	14:00	11:00	t	Free cancellation within 48 hours of booking. 50% refund up to 7 days before check-in, non-refundable afterwards.	\N	percent	\N	2025-12-31 19:21:50.704568+03	2025-12-31 19:21:50.704568+03	t
59	78	Asia/Kolkata	2	14	0	\N	14:00	11:00	t	\N	\N	percent	\N	2025-12-31 19:21:50.704568+03	2025-12-31 19:21:50.704568+03	t
60	81	Asia/Kolkata	2	14	0	\N	14:00	11:00	t	\N	\N	percent	\N	2025-12-31 19:21:50.704568+03	2025-12-31 19:21:50.704568+03	t
61	125	Asia/Kolkata	2	8	0	\N	12:00 PM	10:00 AM	f	\N	\N	percent	\N	2025-12-31 19:21:50.704568+03	2025-12-31 19:21:50.704568+03	t
62	128	Asia/Kolkata	1	30	24	180	14:00	11:00	t	Flexible	{5,6}	percent	10.00	2026-01-01 20:03:29.758906+03	2026-01-01 20:03:29.758906+03	t
63	129	Asia/Kolkata	\N	\N	24	180	12:00 PM	10:00 AM	t	Flexible	\N	percent	0.00	2026-01-02 01:33:49.880169+03	2026-01-02 04:33:21.07953+03	t
\.


--
-- Data for Name: property_base_pricing; Type: TABLE DATA; Schema: public; Owner: postgres
--

COPY public.property_base_pricing (id, property_id, currency, weekday_price, weekend_price, weekly_discount_pct, monthly_discount_pct, cleaning_fee, extra_guest_fee, default_min_nights, updated_by, created_at, updated_at) FROM stdin;
1	16	INR	0.00	0.00	0.000	0.000	20.00	15.00	1	\N	2026-01-02 22:58:04.033748+03	2026-01-02 22:58:04.033748+03
2	17	INR	0.00	0.00	0.000	0.000	20.00	15.00	1	\N	2026-01-02 22:58:04.033748+03	2026-01-02 22:58:04.033748+03
3	18	INR	0.00	0.00	0.000	0.000	20.00	15.00	1	\N	2026-01-02 22:58:04.033748+03	2026-01-02 22:58:04.033748+03
4	21	INR	0.00	0.00	0.000	0.000	20.00	15.00	1	\N	2026-01-02 22:58:04.033748+03	2026-01-02 22:58:04.033748+03
5	14	INR	0.00	0.00	0.000	0.000	20.00	15.00	1	\N	2026-01-02 22:58:04.033748+03	2026-01-02 22:58:04.033748+03
6	15	INR	0.00	0.00	0.000	0.000	20.00	15.00	1	\N	2026-01-02 22:58:04.033748+03	2026-01-02 22:58:04.033748+03
7	23	INR	0.00	0.00	0.000	0.000	20.00	15.00	1	\N	2026-01-02 22:58:04.033748+03	2026-01-02 22:58:04.033748+03
8	22	INR	0.00	0.00	0.000	0.000	20.00	15.00	1	\N	2026-01-02 22:58:04.033748+03	2026-01-02 22:58:04.033748+03
9	80	INR	12949.00	15539.00	0.000	0.000	1046.00	0.00	2	\N	2026-01-02 22:58:04.033748+03	2026-01-02 22:58:04.033748+03
10	83	INR	11078.00	13294.00	0.000	0.000	658.00	0.00	2	\N	2026-01-02 22:58:04.033748+03	2026-01-02 22:58:04.033748+03
11	19	INR	0.00	0.00	0.000	0.000	20.00	15.00	1	\N	2026-01-02 22:58:04.033748+03	2026-01-02 22:58:04.033748+03
12	20	INR	0.00	0.00	0.000	0.000	20.00	15.00	1	\N	2026-01-02 22:58:04.033748+03	2026-01-02 22:58:04.033748+03
13	74	INR	11808.00	14170.00	0.000	0.000	500.00	0.00	2	\N	2026-01-02 22:58:04.033748+03	2026-01-02 22:58:04.033748+03
14	75	INR	10220.00	12264.00	0.000	0.000	592.00	0.00	2	\N	2026-01-02 22:58:04.033748+03	2026-01-02 22:58:04.033748+03
15	76	INR	7555.00	9066.00	0.000	0.000	612.00	0.00	2	\N	2026-01-02 22:58:04.033748+03	2026-01-02 22:58:04.033748+03
16	77	INR	15131.00	18157.00	0.000	0.000	536.00	0.00	2	\N	2026-01-02 22:58:04.033748+03	2026-01-02 22:58:04.033748+03
17	84	INR	11252.00	13502.00	0.000	0.000	1153.00	0.00	2	\N	2026-01-02 22:58:04.033748+03	2026-01-02 22:58:04.033748+03
18	85	INR	12965.00	15558.00	0.000	0.000	1187.00	0.00	2	\N	2026-01-02 22:58:04.033748+03	2026-01-02 22:58:04.033748+03
19	82	INR	15910.00	19092.00	0.000	0.000	1180.00	0.00	1	\N	2026-01-02 22:58:04.033748+03	2026-01-02 22:58:04.033748+03
20	86	INR	12489.00	14987.00	0.000	0.000	893.00	0.00	2	\N	2026-01-02 22:58:04.033748+03	2026-01-02 22:58:04.033748+03
21	87	INR	14678.00	17614.00	0.000	0.000	505.00	0.00	2	\N	2026-01-02 22:58:04.033748+03	2026-01-02 22:58:04.033748+03
22	88	INR	8851.00	10621.00	0.000	0.000	972.00	0.00	2	\N	2026-01-02 22:58:04.033748+03	2026-01-02 22:58:04.033748+03
23	89	INR	10613.00	12736.00	0.000	0.000	1050.00	0.00	2	\N	2026-01-02 22:58:04.033748+03	2026-01-02 22:58:04.033748+03
24	90	INR	10914.00	13097.00	0.000	0.000	646.00	0.00	2	\N	2026-01-02 22:58:04.033748+03	2026-01-02 22:58:04.033748+03
25	91	INR	11707.00	14048.00	0.000	0.000	643.00	0.00	2	\N	2026-01-02 22:58:04.033748+03	2026-01-02 22:58:04.033748+03
26	92	INR	14230.00	17076.00	0.000	0.000	1195.00	0.00	2	\N	2026-01-02 22:58:04.033748+03	2026-01-02 22:58:04.033748+03
27	93	INR	15867.00	19040.00	0.000	0.000	955.00	0.00	2	\N	2026-01-02 22:58:04.033748+03	2026-01-02 22:58:04.033748+03
28	94	INR	6924.00	8309.00	0.000	0.000	548.00	0.00	2	\N	2026-01-02 22:58:04.033748+03	2026-01-02 22:58:04.033748+03
29	95	INR	15723.00	18868.00	0.000	0.000	914.00	0.00	2	\N	2026-01-02 22:58:04.033748+03	2026-01-02 22:58:04.033748+03
30	96	INR	12241.00	14689.00	0.000	0.000	1047.00	0.00	2	\N	2026-01-02 22:58:04.033748+03	2026-01-02 22:58:04.033748+03
31	97	INR	14878.00	17854.00	0.000	0.000	666.00	0.00	2	\N	2026-01-02 22:58:04.033748+03	2026-01-02 22:58:04.033748+03
32	98	INR	14090.00	16908.00	0.000	0.000	771.00	0.00	2	\N	2026-01-02 22:58:04.033748+03	2026-01-02 22:58:04.033748+03
33	99	INR	7804.00	9365.00	0.000	0.000	641.00	0.00	2	\N	2026-01-02 22:58:04.033748+03	2026-01-02 22:58:04.033748+03
34	100	INR	10322.00	12386.00	0.000	0.000	706.00	0.00	2	\N	2026-01-02 22:58:04.033748+03	2026-01-02 22:58:04.033748+03
35	101	INR	13857.00	16628.00	0.000	0.000	850.00	0.00	2	\N	2026-01-02 22:58:04.033748+03	2026-01-02 22:58:04.033748+03
36	102	INR	13168.00	15802.00	0.000	0.000	904.00	0.00	2	\N	2026-01-02 22:58:04.033748+03	2026-01-02 22:58:04.033748+03
37	103	INR	9463.00	11356.00	0.000	0.000	549.00	0.00	2	\N	2026-01-02 22:58:04.033748+03	2026-01-02 22:58:04.033748+03
38	104	INR	14511.00	17413.00	0.000	0.000	1009.00	0.00	2	\N	2026-01-02 22:58:04.033748+03	2026-01-02 22:58:04.033748+03
39	105	INR	7568.00	9082.00	0.000	0.000	839.00	0.00	2	\N	2026-01-02 22:58:04.033748+03	2026-01-02 22:58:04.033748+03
40	106	INR	14203.00	17044.00	0.000	0.000	869.00	0.00	2	\N	2026-01-02 22:58:04.033748+03	2026-01-02 22:58:04.033748+03
41	107	INR	15447.00	18536.00	0.000	0.000	699.00	0.00	2	\N	2026-01-02 22:58:04.033748+03	2026-01-02 22:58:04.033748+03
42	108	INR	10443.00	12532.00	0.000	0.000	851.00	0.00	2	\N	2026-01-02 22:58:04.033748+03	2026-01-02 22:58:04.033748+03
43	109	INR	9998.00	11998.00	0.000	0.000	507.00	0.00	2	\N	2026-01-02 22:58:04.033748+03	2026-01-02 22:58:04.033748+03
44	110	INR	15554.00	18665.00	0.000	0.000	529.00	0.00	2	\N	2026-01-02 22:58:04.033748+03	2026-01-02 22:58:04.033748+03
45	111	INR	11783.00	14140.00	0.000	0.000	1086.00	0.00	2	\N	2026-01-02 22:58:04.033748+03	2026-01-02 22:58:04.033748+03
46	112	INR	14043.00	16852.00	0.000	0.000	635.00	0.00	2	\N	2026-01-02 22:58:04.033748+03	2026-01-02 22:58:04.033748+03
47	113	INR	14218.00	17062.00	0.000	0.000	1169.00	0.00	2	\N	2026-01-02 22:58:04.033748+03	2026-01-02 22:58:04.033748+03
48	114	INR	7899.00	9479.00	0.000	0.000	889.00	0.00	2	\N	2026-01-02 22:58:04.033748+03	2026-01-02 22:58:04.033748+03
49	115	INR	15086.00	18103.00	0.000	0.000	723.00	0.00	2	\N	2026-01-02 22:58:04.033748+03	2026-01-02 22:58:04.033748+03
50	116	INR	15350.00	18420.00	0.000	0.000	1196.00	0.00	2	\N	2026-01-02 22:58:04.033748+03	2026-01-02 22:58:04.033748+03
51	117	INR	6999.00	8399.00	0.000	0.000	971.00	0.00	2	\N	2026-01-02 22:58:04.033748+03	2026-01-02 22:58:04.033748+03
52	118	INR	15541.00	18649.00	0.000	0.000	902.00	0.00	2	\N	2026-01-02 22:58:04.033748+03	2026-01-02 22:58:04.033748+03
53	119	INR	11269.00	13523.00	0.000	0.000	817.00	0.00	2	\N	2026-01-02 22:58:04.033748+03	2026-01-02 22:58:04.033748+03
54	120	INR	12771.00	15325.00	0.000	0.000	1026.00	0.00	2	\N	2026-01-02 22:58:04.033748+03	2026-01-02 22:58:04.033748+03
55	121	INR	11717.00	14060.00	0.000	0.000	536.00	0.00	2	\N	2026-01-02 22:58:04.033748+03	2026-01-02 22:58:04.033748+03
56	122	INR	16350.00	19620.00	0.000	0.000	721.00	0.00	2	\N	2026-01-02 22:58:04.033748+03	2026-01-02 22:58:04.033748+03
57	123	INR	14606.00	17527.00	0.000	0.000	798.00	0.00	2	\N	2026-01-02 22:58:04.033748+03	2026-01-02 22:58:04.033748+03
58	79	INR	12576.00	15091.00	0.000	0.000	1109.00	0.00	2	\N	2026-01-02 22:58:04.033748+03	2026-01-02 22:58:04.033748+03
59	78	INR	14886.00	17863.00	0.000	0.000	562.00	0.00	2	\N	2026-01-02 22:58:04.033748+03	2026-01-02 22:58:04.033748+03
60	81	INR	12406.00	14887.00	0.000	0.000	581.00	0.00	2	\N	2026-01-02 22:58:04.033748+03	2026-01-02 22:58:04.033748+03
62	128	INR	12000.00	14000.00	0.000	0.000	0.00	0.00	1	\N	2026-01-02 22:58:04.033748+03	2026-01-02 22:58:04.033748+03
63	125	INR	8500.00	12000.00	0.000	0.000	0.00	0.00	2	\N	2026-01-02 22:58:04.033748+03	2026-01-02 22:58:04.033748+03
61	129	INR	9000.00	12500.00	10.000	0.000	0.00	0.00	1	308	2026-01-02 22:58:04.033748+03	2026-01-03 00:18:29.031362+03
\.


--
-- Data for Name: property_blackout_dates; Type: TABLE DATA; Schema: public; Owner: postgres
--

COPY public.property_blackout_dates (id, property_id, start_date, end_date, reason, created_at, updated_at) FROM stdin;
5	79	2026-01-02	2026-01-03	full	2025-12-28 23:58:59.045289+03	2025-12-28 23:58:59.045289+03
\.


--
-- Data for Name: property_calendar; Type: TABLE DATA; Schema: public; Owner: postgres
--

COPY public.property_calendar (property_id, date, is_available, booking_id, price_override, min_nights, min_nights_override) FROM stdin;
128	2026-01-14	f	14	\N	3	\N
128	2026-01-15	f	14	\N	3	\N
128	2026-02-05	f	14	\N	3	\N
128	2026-02-10	f	14	\N	3	\N
128	2026-01-12	f	14	\N	3	\N
128	2026-01-18	f	14	\N	3	\N
128	2026-01-13	f	14	\N	3	\N
128	2026-01-10	f	14	\N	3	\N
128	2026-02-07	f	14	\N	3	\N
128	2026-01-30	f	14	\N	3	\N
128	2026-02-03	f	14	\N	3	\N
128	2026-01-27	f	14	\N	3	\N
128	2026-02-11	f	14	\N	3	\N
128	2026-01-31	f	14	\N	3	\N
128	2026-02-01	f	14	\N	3	\N
128	2026-02-02	f	14	\N	3	\N
128	2026-02-06	f	14	\N	3	\N
128	2026-02-08	f	14	\N	3	\N
128	2026-01-19	f	14	\N	3	\N
128	2026-01-11	f	14	\N	3	\N
128	2026-01-17	f	14	\N	3	\N
128	2026-01-28	f	14	\N	3	\N
128	2026-01-16	f	14	\N	3	\N
128	2026-01-29	f	14	\N	3	\N
128	2026-01-20	f	14	\N	3	\N
128	2026-01-21	f	14	\N	3	\N
128	2026-01-22	f	14	\N	3	\N
128	2026-02-12	f	14	\N	3	\N
128	2026-02-13	f	14	\N	3	\N
128	2026-02-14	f	14	\N	3	\N
128	2026-02-04	f	14	\N	3	\N
128	2026-01-26	f	14	\N	3	\N
128	2026-02-09	f	14	\N	3	\N
128	2026-01-25	f	14	\N	3	\N
\.


--
-- Data for Name: property_calendar_days; Type: TABLE DATA; Schema: public; Owner: postgres
--

COPY public.property_calendar_days (id, property_id, date, status, price_override, min_nights_override, note, created_by, created_at, updated_at, max_nights_override, checkin_allowed, checkout_allowed) FROM stdin;
1	16	2026-03-10	blocked	\N	\N	\N	\N	2025-12-18 20:50:17.187597+03	2025-12-18 20:50:17.187597+03	\N	t	t
2	16	2026-03-11	blocked	\N	\N	\N	\N	2025-12-18 20:50:17.187597+03	2025-12-18 20:50:17.187597+03	\N	t	t
3	16	2026-03-12	blocked	\N	\N	\N	\N	2025-12-18 20:50:17.187597+03	2025-12-18 20:50:17.187597+03	\N	t	t
4	16	2026-03-13	blocked	\N	\N	\N	\N	2025-12-18 20:50:17.187597+03	2025-12-18 20:50:17.187597+03	\N	t	t
5	16	2026-03-19	blocked	\N	\N	\N	\N	2025-12-18 20:50:17.187597+03	2025-12-18 20:50:17.187597+03	\N	t	t
6	16	2026-03-18	blocked	\N	\N	\N	\N	2025-12-18 20:50:17.187597+03	2025-12-18 20:50:17.187597+03	\N	t	t
7	83	2025-11-30	available	11078.00	\N	\N	\N	2025-12-29 04:41:14.107392+03	2025-12-29 04:41:14.107392+03	\N	t	t
8	83	2025-12-01	available	11078.00	\N	\N	\N	2025-12-29 04:41:14.107392+03	2025-12-29 04:41:14.107392+03	\N	t	t
9	83	2025-12-02	available	11078.00	\N	\N	\N	2025-12-29 04:41:14.107392+03	2025-12-29 04:41:14.107392+03	\N	t	t
10	83	2025-12-03	available	11078.00	\N	\N	\N	2025-12-29 04:41:14.107392+03	2025-12-29 04:41:14.107392+03	\N	t	t
11	83	2025-12-04	available	11078.00	\N	\N	\N	2025-12-29 04:41:14.107392+03	2025-12-29 04:41:14.107392+03	\N	t	t
12	80	2025-11-30	available	12949.00	\N	\N	\N	2025-12-29 03:28:26.021398+03	2025-12-29 03:28:26.021398+03	\N	t	t
13	80	2025-12-01	available	12949.00	\N	\N	\N	2025-12-29 03:28:26.021398+03	2025-12-29 03:28:26.021398+03	\N	t	t
14	80	2025-12-02	available	12949.00	\N	\N	\N	2025-12-29 03:28:26.021398+03	2025-12-29 03:28:26.021398+03	\N	t	t
15	80	2025-12-03	available	12949.00	\N	\N	\N	2025-12-29 03:28:26.021398+03	2025-12-29 03:28:26.021398+03	\N	t	t
16	80	2025-12-04	available	12949.00	\N	\N	\N	2025-12-29 03:28:26.021398+03	2025-12-29 03:28:26.021398+03	\N	t	t
17	80	2025-12-05	available	15539.00	\N	\N	\N	2025-12-29 03:28:26.021398+03	2025-12-29 03:28:26.021398+03	\N	t	t
18	80	2025-12-06	available	15539.00	\N	\N	\N	2025-12-29 03:28:26.021398+03	2025-12-29 03:28:26.021398+03	\N	t	t
19	80	2025-12-07	available	12949.00	\N	\N	\N	2025-12-29 03:28:26.021398+03	2025-12-29 03:28:26.021398+03	\N	t	t
20	80	2025-12-08	available	12949.00	\N	\N	\N	2025-12-29 03:28:26.021398+03	2025-12-29 03:28:26.021398+03	\N	t	t
21	80	2025-12-09	available	12949.00	\N	\N	\N	2025-12-29 03:28:26.021398+03	2025-12-29 03:28:26.021398+03	\N	t	t
22	80	2025-12-10	available	12949.00	\N	\N	\N	2025-12-29 03:28:26.021398+03	2025-12-29 03:28:26.021398+03	\N	t	t
23	80	2025-12-11	available	12949.00	\N	\N	\N	2025-12-29 03:28:26.021398+03	2025-12-29 03:28:26.021398+03	\N	t	t
24	80	2025-12-12	available	15539.00	\N	\N	\N	2025-12-29 03:28:26.021398+03	2025-12-29 03:28:26.021398+03	\N	t	t
25	80	2025-12-13	available	15539.00	\N	\N	\N	2025-12-29 03:28:26.021398+03	2025-12-29 03:28:26.021398+03	\N	t	t
26	80	2025-12-14	available	12949.00	\N	\N	\N	2025-12-29 03:28:26.021398+03	2025-12-29 03:28:26.021398+03	\N	t	t
27	80	2025-12-15	available	12949.00	\N	\N	\N	2025-12-29 03:28:26.021398+03	2025-12-29 03:28:26.021398+03	\N	t	t
28	80	2025-12-16	available	12949.00	\N	\N	\N	2025-12-29 03:28:26.021398+03	2025-12-29 03:28:26.021398+03	\N	t	t
29	80	2025-12-17	available	12949.00	\N	\N	\N	2025-12-29 03:28:26.021398+03	2025-12-29 03:28:26.021398+03	\N	t	t
30	80	2025-12-18	available	12949.00	\N	\N	\N	2025-12-29 03:28:26.021398+03	2025-12-29 03:28:26.021398+03	\N	t	t
31	80	2025-12-19	available	15539.00	\N	\N	\N	2025-12-29 03:28:26.021398+03	2025-12-29 03:28:26.021398+03	\N	t	t
32	80	2025-12-20	available	15539.00	\N	\N	\N	2025-12-29 03:28:26.021398+03	2025-12-29 03:28:26.021398+03	\N	t	t
33	80	2025-12-21	available	12949.00	\N	\N	\N	2025-12-29 03:28:26.021398+03	2025-12-29 03:28:26.021398+03	\N	t	t
34	80	2025-12-22	available	12949.00	\N	\N	\N	2025-12-29 03:28:26.021398+03	2025-12-29 03:28:26.021398+03	\N	t	t
35	80	2025-12-23	available	12949.00	\N	\N	\N	2025-12-29 03:28:26.021398+03	2025-12-29 03:28:26.021398+03	\N	t	t
36	80	2025-12-24	available	12949.00	\N	\N	\N	2025-12-29 03:28:26.021398+03	2025-12-29 03:28:26.021398+03	\N	t	t
37	80	2025-12-25	available	12949.00	\N	\N	\N	2025-12-29 03:28:26.021398+03	2025-12-29 03:28:26.021398+03	\N	t	t
38	80	2025-12-26	available	15539.00	\N	\N	\N	2025-12-29 03:28:26.021398+03	2025-12-29 03:28:26.021398+03	\N	t	t
39	80	2025-12-27	available	15539.00	\N	\N	\N	2025-12-29 03:28:26.021398+03	2025-12-29 03:28:26.021398+03	\N	t	t
40	80	2025-12-28	available	12949.00	\N	\N	\N	2025-12-29 03:28:26.021398+03	2025-12-29 03:28:26.021398+03	\N	t	t
41	80	2025-12-29	available	12949.00	\N	\N	\N	2025-12-29 03:28:26.021398+03	2025-12-29 03:28:26.021398+03	\N	t	t
42	80	2025-12-30	available	12949.00	\N	\N	\N	2025-12-29 03:28:26.021398+03	2025-12-29 03:28:26.021398+03	\N	t	t
43	80	2025-12-31	available	12949.00	\N	\N	\N	2025-12-29 03:28:26.021398+03	2025-12-29 03:28:26.021398+03	\N	t	t
44	80	2026-01-01	available	12949.00	\N	\N	\N	2025-12-29 03:28:26.021398+03	2025-12-29 03:28:26.021398+03	\N	t	t
45	80	2026-01-02	available	15539.00	\N	\N	\N	2025-12-29 03:28:26.021398+03	2025-12-29 03:28:26.021398+03	\N	t	t
46	80	2026-01-03	available	15539.00	\N	\N	\N	2025-12-29 03:28:26.021398+03	2025-12-29 03:28:26.021398+03	\N	t	t
47	80	2026-01-04	available	12949.00	\N	\N	\N	2025-12-29 03:28:26.021398+03	2025-12-29 03:28:26.021398+03	\N	t	t
48	80	2026-01-05	available	12949.00	\N	\N	\N	2025-12-29 03:28:26.021398+03	2025-12-29 03:28:26.021398+03	\N	t	t
49	80	2026-01-06	available	12949.00	\N	\N	\N	2025-12-29 03:28:26.021398+03	2025-12-29 03:28:26.021398+03	\N	t	t
50	80	2026-01-07	available	12949.00	\N	\N	\N	2025-12-29 03:28:26.021398+03	2025-12-29 03:28:26.021398+03	\N	t	t
51	80	2026-01-08	available	12949.00	\N	\N	\N	2025-12-29 03:28:26.021398+03	2025-12-29 03:28:26.021398+03	\N	t	t
52	80	2026-01-09	available	15539.00	\N	\N	\N	2025-12-29 03:28:26.021398+03	2025-12-29 03:28:26.021398+03	\N	t	t
53	80	2026-01-10	available	15539.00	\N	\N	\N	2025-12-29 03:28:26.021398+03	2025-12-29 03:28:26.021398+03	\N	t	t
54	80	2026-01-11	available	12949.00	\N	\N	\N	2025-12-29 03:28:26.021398+03	2025-12-29 03:28:26.021398+03	\N	t	t
55	80	2026-01-12	available	12949.00	\N	\N	\N	2025-12-29 03:28:26.021398+03	2025-12-29 03:28:26.021398+03	\N	t	t
56	80	2026-01-13	available	12949.00	\N	\N	\N	2025-12-29 03:28:26.021398+03	2025-12-29 03:28:26.021398+03	\N	t	t
57	80	2026-01-14	available	12949.00	\N	\N	\N	2025-12-29 03:28:26.021398+03	2025-12-29 03:28:26.021398+03	\N	t	t
58	80	2026-01-15	available	12949.00	\N	\N	\N	2025-12-29 03:28:26.021398+03	2025-12-29 03:28:26.021398+03	\N	t	t
59	80	2026-01-16	available	15539.00	\N	\N	\N	2025-12-29 03:28:26.021398+03	2025-12-29 03:28:26.021398+03	\N	t	t
60	80	2026-01-17	available	15539.00	\N	\N	\N	2025-12-29 03:28:26.021398+03	2025-12-29 03:28:26.021398+03	\N	t	t
61	80	2026-01-18	available	12949.00	\N	\N	\N	2025-12-29 03:28:26.021398+03	2025-12-29 03:28:26.021398+03	\N	t	t
62	80	2026-01-19	available	12949.00	\N	\N	\N	2025-12-29 03:28:26.021398+03	2025-12-29 03:28:26.021398+03	\N	t	t
63	80	2026-01-20	available	12949.00	\N	\N	\N	2025-12-29 03:28:26.021398+03	2025-12-29 03:28:26.021398+03	\N	t	t
64	80	2026-01-21	available	12949.00	\N	\N	\N	2025-12-29 03:28:26.021398+03	2025-12-29 03:28:26.021398+03	\N	t	t
65	80	2026-01-22	available	12949.00	\N	\N	\N	2025-12-29 03:28:26.021398+03	2025-12-29 03:28:26.021398+03	\N	t	t
66	80	2026-01-23	available	15539.00	\N	\N	\N	2025-12-29 03:28:26.021398+03	2025-12-29 03:28:26.021398+03	\N	t	t
67	80	2026-01-24	available	15539.00	\N	\N	\N	2025-12-29 03:28:26.021398+03	2025-12-29 03:28:26.021398+03	\N	t	t
68	80	2026-01-25	available	12949.00	\N	\N	\N	2025-12-29 03:28:26.021398+03	2025-12-29 03:28:26.021398+03	\N	t	t
69	80	2026-01-26	available	12949.00	\N	\N	\N	2025-12-29 03:28:26.021398+03	2025-12-29 03:28:26.021398+03	\N	t	t
70	80	2026-01-27	available	12949.00	\N	\N	\N	2025-12-29 03:28:26.021398+03	2025-12-29 03:28:26.021398+03	\N	t	t
71	80	2026-01-28	available	12949.00	\N	\N	\N	2025-12-29 03:28:26.021398+03	2025-12-29 03:28:26.021398+03	\N	t	t
72	80	2026-01-29	available	12949.00	\N	\N	\N	2025-12-29 03:28:26.021398+03	2025-12-29 03:28:26.021398+03	\N	t	t
73	80	2026-01-30	available	15539.00	\N	\N	\N	2025-12-29 03:28:26.021398+03	2025-12-29 03:28:26.021398+03	\N	t	t
74	78	2025-11-30	available	14886.00	\N	\N	\N	2025-12-29 03:39:51.852428+03	2025-12-29 03:39:51.852428+03	\N	t	t
75	78	2025-12-01	available	14886.00	\N	\N	\N	2025-12-29 03:39:51.852428+03	2025-12-29 03:39:51.852428+03	\N	t	t
76	78	2025-12-02	available	14886.00	\N	\N	\N	2025-12-29 03:39:51.852428+03	2025-12-29 03:39:51.852428+03	\N	t	t
77	78	2025-12-03	available	14886.00	\N	\N	\N	2025-12-29 03:39:51.852428+03	2025-12-29 03:39:51.852428+03	\N	t	t
78	78	2025-12-04	available	14886.00	\N	\N	\N	2025-12-29 03:39:51.852428+03	2025-12-29 03:39:51.852428+03	\N	t	t
79	78	2025-12-05	available	17863.00	\N	\N	\N	2025-12-29 03:39:51.852428+03	2025-12-29 03:39:51.852428+03	\N	t	t
80	78	2025-12-06	available	17863.00	\N	\N	\N	2025-12-29 03:39:51.852428+03	2025-12-29 03:39:51.852428+03	\N	t	t
81	78	2025-12-07	available	14886.00	\N	\N	\N	2025-12-29 03:39:51.852428+03	2025-12-29 03:39:51.852428+03	\N	t	t
82	78	2025-12-08	available	14886.00	\N	\N	\N	2025-12-29 03:39:51.852428+03	2025-12-29 03:39:51.852428+03	\N	t	t
83	78	2025-12-09	available	14886.00	\N	\N	\N	2025-12-29 03:39:51.852428+03	2025-12-29 03:39:51.852428+03	\N	t	t
84	78	2025-12-10	available	14886.00	\N	\N	\N	2025-12-29 03:39:51.852428+03	2025-12-29 03:39:51.852428+03	\N	t	t
85	78	2025-12-11	available	14886.00	\N	\N	\N	2025-12-29 03:39:51.852428+03	2025-12-29 03:39:51.852428+03	\N	t	t
86	78	2025-12-12	available	17863.00	\N	\N	\N	2025-12-29 03:39:51.852428+03	2025-12-29 03:39:51.852428+03	\N	t	t
87	78	2025-12-13	available	17863.00	\N	\N	\N	2025-12-29 03:39:51.852428+03	2025-12-29 03:39:51.852428+03	\N	t	t
88	78	2025-12-14	available	14886.00	\N	\N	\N	2025-12-29 03:39:51.852428+03	2025-12-29 03:39:51.852428+03	\N	t	t
89	78	2025-12-15	available	14886.00	\N	\N	\N	2025-12-29 03:39:51.852428+03	2025-12-29 03:39:51.852428+03	\N	t	t
90	78	2025-12-16	available	14886.00	\N	\N	\N	2025-12-29 03:39:51.852428+03	2025-12-29 03:39:51.852428+03	\N	t	t
91	78	2025-12-17	available	14886.00	\N	\N	\N	2025-12-29 03:39:51.852428+03	2025-12-29 03:39:51.852428+03	\N	t	t
92	78	2025-12-18	available	14886.00	\N	\N	\N	2025-12-29 03:39:51.852428+03	2025-12-29 03:39:51.852428+03	\N	t	t
93	78	2025-12-19	available	17863.00	\N	\N	\N	2025-12-29 03:39:51.852428+03	2025-12-29 03:39:51.852428+03	\N	t	t
94	78	2025-12-20	available	17863.00	\N	\N	\N	2025-12-29 03:39:51.852428+03	2025-12-29 03:39:51.852428+03	\N	t	t
95	78	2025-12-21	available	14886.00	\N	\N	\N	2025-12-29 03:39:51.852428+03	2025-12-29 03:39:51.852428+03	\N	t	t
96	78	2025-12-22	available	14886.00	\N	\N	\N	2025-12-29 03:39:51.852428+03	2025-12-29 03:39:51.852428+03	\N	t	t
97	78	2025-12-23	available	14886.00	\N	\N	\N	2025-12-29 03:39:51.852428+03	2025-12-29 03:39:51.852428+03	\N	t	t
98	78	2025-12-24	available	14886.00	\N	\N	\N	2025-12-29 03:39:51.852428+03	2025-12-29 03:39:51.852428+03	\N	t	t
99	78	2025-12-25	available	14886.00	\N	\N	\N	2025-12-29 03:39:51.852428+03	2025-12-29 03:39:51.852428+03	\N	t	t
100	78	2025-12-26	available	17863.00	\N	\N	\N	2025-12-29 03:39:51.852428+03	2025-12-29 03:39:51.852428+03	\N	t	t
101	78	2025-12-27	available	17863.00	\N	\N	\N	2025-12-29 03:39:51.852428+03	2025-12-29 03:39:51.852428+03	\N	t	t
102	78	2025-12-28	available	14886.00	\N	\N	\N	2025-12-29 03:39:51.852428+03	2025-12-29 03:39:51.852428+03	\N	t	t
103	78	2025-12-29	available	14886.00	\N	\N	\N	2025-12-29 03:39:51.852428+03	2025-12-29 03:39:51.852428+03	\N	t	t
104	78	2025-12-30	available	14886.00	\N	\N	\N	2025-12-29 03:39:51.852428+03	2025-12-29 03:39:51.852428+03	\N	t	t
105	78	2025-12-31	available	14886.00	\N	\N	\N	2025-12-29 03:39:51.852428+03	2025-12-29 03:39:51.852428+03	\N	t	t
106	78	2026-01-01	available	14886.00	\N	\N	\N	2025-12-29 03:39:51.852428+03	2025-12-29 03:39:51.852428+03	\N	t	t
107	78	2026-01-02	available	17863.00	\N	\N	\N	2025-12-29 03:39:51.852428+03	2025-12-29 03:39:51.852428+03	\N	t	t
108	78	2026-01-03	available	17863.00	\N	\N	\N	2025-12-29 03:39:51.852428+03	2025-12-29 03:39:51.852428+03	\N	t	t
109	78	2026-01-04	available	14886.00	\N	\N	\N	2025-12-29 03:39:51.852428+03	2025-12-29 03:39:51.852428+03	\N	t	t
110	78	2026-01-05	available	14886.00	\N	\N	\N	2025-12-29 03:39:51.852428+03	2025-12-29 03:39:51.852428+03	\N	t	t
111	78	2026-01-06	available	14886.00	\N	\N	\N	2025-12-29 03:39:51.852428+03	2025-12-29 03:39:51.852428+03	\N	t	t
112	78	2026-01-07	available	14886.00	\N	\N	\N	2025-12-29 03:39:51.852428+03	2025-12-29 03:39:51.852428+03	\N	t	t
113	78	2026-01-08	available	14886.00	\N	\N	\N	2025-12-29 03:39:51.852428+03	2025-12-29 03:39:51.852428+03	\N	t	t
114	78	2026-01-09	available	17863.00	\N	\N	\N	2025-12-29 03:39:51.852428+03	2025-12-29 03:39:51.852428+03	\N	t	t
115	78	2026-01-10	available	17863.00	\N	\N	\N	2025-12-29 03:39:51.852428+03	2025-12-29 03:39:51.852428+03	\N	t	t
116	78	2026-01-11	available	14886.00	\N	\N	\N	2025-12-29 03:39:51.852428+03	2025-12-29 03:39:51.852428+03	\N	t	t
117	78	2026-01-12	available	14886.00	\N	\N	\N	2025-12-29 03:39:51.852428+03	2025-12-29 03:39:51.852428+03	\N	t	t
118	78	2026-01-13	available	14886.00	\N	\N	\N	2025-12-29 03:39:51.852428+03	2025-12-29 03:39:51.852428+03	\N	t	t
119	78	2026-01-14	available	14886.00	\N	\N	\N	2025-12-29 03:39:51.852428+03	2025-12-29 03:39:51.852428+03	\N	t	t
120	78	2026-01-15	available	14886.00	\N	\N	\N	2025-12-29 03:39:51.852428+03	2025-12-29 03:39:51.852428+03	\N	t	t
121	78	2026-01-16	available	17863.00	\N	\N	\N	2025-12-29 03:39:51.852428+03	2025-12-29 03:39:51.852428+03	\N	t	t
122	78	2026-01-17	available	17863.00	\N	\N	\N	2025-12-29 03:39:51.852428+03	2025-12-29 03:39:51.852428+03	\N	t	t
123	78	2026-01-18	available	14886.00	\N	\N	\N	2025-12-29 03:39:51.852428+03	2025-12-29 03:39:51.852428+03	\N	t	t
124	78	2026-01-19	available	14886.00	\N	\N	\N	2025-12-29 03:39:51.852428+03	2025-12-29 03:39:51.852428+03	\N	t	t
125	78	2026-01-20	available	14886.00	\N	\N	\N	2025-12-29 03:39:51.852428+03	2025-12-29 03:39:51.852428+03	\N	t	t
126	78	2026-01-21	available	14886.00	\N	\N	\N	2025-12-29 03:39:51.852428+03	2025-12-29 03:39:51.852428+03	\N	t	t
127	78	2026-01-22	available	14886.00	\N	\N	\N	2025-12-29 03:39:51.852428+03	2025-12-29 03:39:51.852428+03	\N	t	t
128	78	2026-01-23	available	17863.00	\N	\N	\N	2025-12-29 03:39:51.852428+03	2025-12-29 03:39:51.852428+03	\N	t	t
129	78	2026-01-24	available	17863.00	\N	\N	\N	2025-12-29 03:39:51.852428+03	2025-12-29 03:39:51.852428+03	\N	t	t
130	78	2026-01-25	available	14886.00	\N	\N	\N	2025-12-29 03:39:51.852428+03	2025-12-29 03:39:51.852428+03	\N	t	t
131	78	2026-01-26	available	14886.00	\N	\N	\N	2025-12-29 03:39:51.852428+03	2025-12-29 03:39:51.852428+03	\N	t	t
132	78	2026-01-27	available	14886.00	\N	\N	\N	2025-12-29 03:39:51.852428+03	2025-12-29 03:39:51.852428+03	\N	t	t
133	78	2026-01-28	available	14886.00	\N	\N	\N	2025-12-29 03:39:51.852428+03	2025-12-29 03:39:51.852428+03	\N	t	t
134	78	2026-01-29	available	14886.00	\N	\N	\N	2025-12-29 03:39:51.852428+03	2025-12-29 03:39:51.852428+03	\N	t	t
135	78	2026-01-30	available	17863.00	\N	\N	\N	2025-12-29 03:39:51.852428+03	2025-12-29 03:39:51.852428+03	\N	t	t
136	83	2025-12-05	available	13294.00	\N	\N	\N	2025-12-29 04:41:14.107392+03	2025-12-29 04:41:14.107392+03	\N	t	t
137	83	2025-12-06	available	13294.00	\N	\N	\N	2025-12-29 04:41:14.107392+03	2025-12-29 04:41:14.107392+03	\N	t	t
138	83	2025-12-07	available	11078.00	\N	\N	\N	2025-12-29 04:41:14.107392+03	2025-12-29 04:41:14.107392+03	\N	t	t
139	83	2025-12-08	available	11078.00	\N	\N	\N	2025-12-29 04:41:14.107392+03	2025-12-29 04:41:14.107392+03	\N	t	t
140	83	2025-12-09	available	11078.00	\N	\N	\N	2025-12-29 04:41:14.107392+03	2025-12-29 04:41:14.107392+03	\N	t	t
141	83	2025-12-10	available	11078.00	\N	\N	\N	2025-12-29 04:41:14.107392+03	2025-12-29 04:41:14.107392+03	\N	t	t
142	83	2025-12-11	available	11078.00	\N	\N	\N	2025-12-29 04:41:14.107392+03	2025-12-29 04:41:14.107392+03	\N	t	t
143	83	2025-12-12	available	13294.00	\N	\N	\N	2025-12-29 04:41:14.107392+03	2025-12-29 04:41:14.107392+03	\N	t	t
144	83	2025-12-13	available	13294.00	\N	\N	\N	2025-12-29 04:41:14.107392+03	2025-12-29 04:41:14.107392+03	\N	t	t
145	83	2025-12-14	available	11078.00	\N	\N	\N	2025-12-29 04:41:14.107392+03	2025-12-29 04:41:14.107392+03	\N	t	t
146	83	2025-12-15	available	11078.00	\N	\N	\N	2025-12-29 04:41:14.107392+03	2025-12-29 04:41:14.107392+03	\N	t	t
147	83	2025-12-16	available	11078.00	\N	\N	\N	2025-12-29 04:41:14.107392+03	2025-12-29 04:41:14.107392+03	\N	t	t
148	83	2025-12-17	available	11078.00	\N	\N	\N	2025-12-29 04:41:14.107392+03	2025-12-29 04:41:14.107392+03	\N	t	t
149	83	2025-12-18	available	11078.00	\N	\N	\N	2025-12-29 04:41:14.107392+03	2025-12-29 04:41:14.107392+03	\N	t	t
150	83	2025-12-19	available	13294.00	\N	\N	\N	2025-12-29 04:41:14.107392+03	2025-12-29 04:41:14.107392+03	\N	t	t
151	83	2025-12-20	available	13294.00	\N	\N	\N	2025-12-29 04:41:14.107392+03	2025-12-29 04:41:14.107392+03	\N	t	t
152	83	2025-12-21	available	11078.00	\N	\N	\N	2025-12-29 04:41:14.107392+03	2025-12-29 04:41:14.107392+03	\N	t	t
153	83	2025-12-22	available	11078.00	\N	\N	\N	2025-12-29 04:41:14.107392+03	2025-12-29 04:41:14.107392+03	\N	t	t
154	83	2025-12-23	available	11078.00	\N	\N	\N	2025-12-29 04:41:14.107392+03	2025-12-29 04:41:14.107392+03	\N	t	t
155	83	2025-12-24	available	11078.00	\N	\N	\N	2025-12-29 04:41:14.107392+03	2025-12-29 04:41:14.107392+03	\N	t	t
156	83	2025-12-25	available	11078.00	\N	\N	\N	2025-12-29 04:41:14.107392+03	2025-12-29 04:41:14.107392+03	\N	t	t
157	83	2025-12-26	available	13294.00	\N	\N	\N	2025-12-29 04:41:14.107392+03	2025-12-29 04:41:14.107392+03	\N	t	t
158	83	2025-12-27	available	13294.00	\N	\N	\N	2025-12-29 04:41:14.107392+03	2025-12-29 04:41:14.107392+03	\N	t	t
159	83	2025-12-28	available	11078.00	\N	\N	\N	2025-12-29 04:41:14.107392+03	2025-12-29 04:41:14.107392+03	\N	t	t
160	83	2025-12-29	available	11078.00	\N	\N	\N	2025-12-29 04:41:14.107392+03	2025-12-29 04:41:14.107392+03	\N	t	t
161	83	2025-12-30	available	11078.00	\N	\N	\N	2025-12-29 04:41:14.107392+03	2025-12-29 04:41:14.107392+03	\N	t	t
162	83	2025-12-31	available	11078.00	\N	\N	\N	2025-12-29 04:41:14.107392+03	2025-12-29 04:41:14.107392+03	\N	t	t
163	83	2026-01-01	available	11078.00	\N	\N	\N	2025-12-29 04:41:14.107392+03	2025-12-29 04:41:14.107392+03	\N	t	t
164	83	2026-01-02	available	13294.00	\N	\N	\N	2025-12-29 04:41:14.107392+03	2025-12-29 04:41:14.107392+03	\N	t	t
165	83	2026-01-03	available	13294.00	\N	\N	\N	2025-12-29 04:41:14.107392+03	2025-12-29 04:41:14.107392+03	\N	t	t
166	83	2026-01-04	available	11078.00	\N	\N	\N	2025-12-29 04:41:14.107392+03	2025-12-29 04:41:14.107392+03	\N	t	t
167	83	2026-01-05	available	11078.00	\N	\N	\N	2025-12-29 04:41:14.107392+03	2025-12-29 04:41:14.107392+03	\N	t	t
168	83	2026-01-06	available	11078.00	\N	\N	\N	2025-12-29 04:41:14.107392+03	2025-12-29 04:41:14.107392+03	\N	t	t
169	83	2026-01-07	available	11078.00	\N	\N	\N	2025-12-29 04:41:14.107392+03	2025-12-29 04:41:14.107392+03	\N	t	t
170	83	2026-01-08	available	11078.00	\N	\N	\N	2025-12-29 04:41:14.107392+03	2025-12-29 04:41:14.107392+03	\N	t	t
171	83	2026-01-09	available	13294.00	\N	\N	\N	2025-12-29 04:41:14.107392+03	2025-12-29 04:41:14.107392+03	\N	t	t
172	83	2026-01-10	available	13294.00	\N	\N	\N	2025-12-29 04:41:14.107392+03	2025-12-29 04:41:14.107392+03	\N	t	t
173	83	2026-01-11	available	11078.00	\N	\N	\N	2025-12-29 04:41:14.107392+03	2025-12-29 04:41:14.107392+03	\N	t	t
174	83	2026-01-12	available	11078.00	\N	\N	\N	2025-12-29 04:41:14.107392+03	2025-12-29 04:41:14.107392+03	\N	t	t
175	83	2026-01-13	available	11078.00	\N	\N	\N	2025-12-29 04:41:14.107392+03	2025-12-29 04:41:14.107392+03	\N	t	t
176	83	2026-01-14	available	11078.00	\N	\N	\N	2025-12-29 04:41:14.107392+03	2025-12-29 04:41:14.107392+03	\N	t	t
177	83	2026-01-15	available	11078.00	\N	\N	\N	2025-12-29 04:41:14.107392+03	2025-12-29 04:41:14.107392+03	\N	t	t
178	83	2026-01-16	available	13294.00	\N	\N	\N	2025-12-29 04:41:14.107392+03	2025-12-29 04:41:14.107392+03	\N	t	t
179	83	2026-01-17	available	13294.00	\N	\N	\N	2025-12-29 04:41:14.107392+03	2025-12-29 04:41:14.107392+03	\N	t	t
180	83	2026-01-18	available	11078.00	\N	\N	\N	2025-12-29 04:41:14.107392+03	2025-12-29 04:41:14.107392+03	\N	t	t
181	83	2026-01-19	available	11078.00	\N	\N	\N	2025-12-29 04:41:14.107392+03	2025-12-29 04:41:14.107392+03	\N	t	t
182	83	2026-01-20	available	11078.00	\N	\N	\N	2025-12-29 04:41:14.107392+03	2025-12-29 04:41:14.107392+03	\N	t	t
183	83	2026-01-21	available	11078.00	\N	\N	\N	2025-12-29 04:41:14.107392+03	2025-12-29 04:41:14.107392+03	\N	t	t
184	83	2026-01-22	available	11078.00	\N	\N	\N	2025-12-29 04:41:14.107392+03	2025-12-29 04:41:14.107392+03	\N	t	t
185	83	2026-01-23	available	13294.00	\N	\N	\N	2025-12-29 04:41:14.107392+03	2025-12-29 04:41:14.107392+03	\N	t	t
186	83	2026-01-24	available	13294.00	\N	\N	\N	2025-12-29 04:41:14.107392+03	2025-12-29 04:41:14.107392+03	\N	t	t
187	82	2025-12-05	available	15910.00	\N	\N	\N	2025-12-29 04:02:55.41848+03	2025-12-29 05:28:48.81361+03	\N	t	t
188	82	2025-12-06	available	15910.00	\N	\N	\N	2025-12-29 04:02:55.41848+03	2025-12-29 05:28:48.81361+03	\N	t	t
189	82	2026-01-29	available	19092.00	\N	\N	\N	2025-12-29 04:02:55.41848+03	2025-12-29 05:28:48.81361+03	\N	t	t
190	82	2026-01-30	available	19092.00	\N	\N	\N	2025-12-29 04:02:55.41848+03	2025-12-29 05:28:48.81361+03	\N	t	t
191	81	2025-11-30	available	12406.00	\N	\N	\N	2025-12-29 03:47:37.105147+03	2025-12-29 03:52:09.623805+03	\N	t	t
192	81	2025-12-01	available	12406.00	\N	\N	\N	2025-12-29 03:47:37.105147+03	2025-12-29 03:52:09.623805+03	\N	t	t
193	81	2025-12-02	available	12406.00	\N	\N	\N	2025-12-29 03:47:37.105147+03	2025-12-29 03:52:09.623805+03	\N	t	t
194	81	2025-12-03	available	12406.00	\N	\N	\N	2025-12-29 03:47:37.105147+03	2025-12-29 03:52:09.623805+03	\N	t	t
195	81	2025-12-04	available	14887.00	\N	\N	\N	2025-12-29 03:47:37.105147+03	2025-12-29 03:52:09.623805+03	\N	t	t
196	81	2025-12-05	available	14887.00	\N	\N	\N	2025-12-29 03:47:37.105147+03	2025-12-29 03:52:09.623805+03	\N	t	t
197	81	2025-12-06	available	12406.00	\N	\N	\N	2025-12-29 03:47:37.105147+03	2025-12-29 03:52:09.623805+03	\N	t	t
198	81	2025-12-07	available	12406.00	\N	\N	\N	2025-12-29 03:47:37.105147+03	2025-12-29 03:52:09.623805+03	\N	t	t
199	81	2025-12-08	available	12406.00	\N	\N	\N	2025-12-29 03:47:37.105147+03	2025-12-29 03:52:09.623805+03	\N	t	t
200	81	2025-12-09	available	12406.00	\N	\N	\N	2025-12-29 03:47:37.105147+03	2025-12-29 03:52:09.623805+03	\N	t	t
201	81	2025-12-10	available	12406.00	\N	\N	\N	2025-12-29 03:47:37.105147+03	2025-12-29 03:52:09.623805+03	\N	t	t
202	81	2025-12-11	available	14887.00	\N	\N	\N	2025-12-29 03:47:37.105147+03	2025-12-29 03:52:09.623805+03	\N	t	t
203	81	2025-12-12	available	14887.00	\N	\N	\N	2025-12-29 03:47:37.105147+03	2025-12-29 03:52:09.623805+03	\N	t	t
204	81	2025-12-13	available	12406.00	\N	\N	\N	2025-12-29 03:47:37.105147+03	2025-12-29 03:52:09.623805+03	\N	t	t
205	81	2025-12-14	available	12406.00	\N	\N	\N	2025-12-29 03:47:37.105147+03	2025-12-29 03:52:09.623805+03	\N	t	t
206	81	2025-12-15	available	12406.00	\N	\N	\N	2025-12-29 03:47:37.105147+03	2025-12-29 03:52:09.623805+03	\N	t	t
207	81	2025-12-16	available	12406.00	\N	\N	\N	2025-12-29 03:47:37.105147+03	2025-12-29 03:52:09.623805+03	\N	t	t
208	81	2025-12-17	available	12406.00	\N	\N	\N	2025-12-29 03:47:37.105147+03	2025-12-29 03:52:09.623805+03	\N	t	t
209	81	2025-12-18	available	14887.00	\N	\N	\N	2025-12-29 03:47:37.105147+03	2025-12-29 03:52:09.623805+03	\N	t	t
210	81	2025-12-19	available	14887.00	\N	\N	\N	2025-12-29 03:47:37.105147+03	2025-12-29 03:52:09.623805+03	\N	t	t
211	81	2025-12-20	available	12406.00	\N	\N	\N	2025-12-29 03:47:37.105147+03	2025-12-29 03:52:09.623805+03	\N	t	t
212	81	2025-12-21	available	12406.00	\N	\N	\N	2025-12-29 03:47:37.105147+03	2025-12-29 03:52:09.623805+03	\N	t	t
213	81	2025-12-22	available	12406.00	\N	\N	\N	2025-12-29 03:47:37.105147+03	2025-12-29 03:52:09.623805+03	\N	t	t
214	81	2025-12-23	available	12406.00	\N	\N	\N	2025-12-29 03:47:37.105147+03	2025-12-29 03:52:09.623805+03	\N	t	t
215	81	2025-12-24	available	12406.00	\N	\N	\N	2025-12-29 03:47:37.105147+03	2025-12-29 03:52:09.623805+03	\N	t	t
216	81	2025-12-25	available	14887.00	\N	\N	\N	2025-12-29 03:47:37.105147+03	2025-12-29 03:52:09.623805+03	\N	t	t
217	81	2025-12-26	available	14887.00	\N	\N	\N	2025-12-29 03:47:37.105147+03	2025-12-29 03:52:09.623805+03	\N	t	t
218	81	2025-12-27	available	12406.00	\N	\N	\N	2025-12-29 03:47:37.105147+03	2025-12-29 03:52:09.623805+03	\N	t	t
219	81	2025-12-28	available	12406.00	\N	\N	\N	2025-12-29 03:47:37.105147+03	2025-12-29 03:52:09.623805+03	\N	t	t
220	81	2025-12-29	available	12406.00	\N	\N	\N	2025-12-29 03:47:37.105147+03	2025-12-29 03:52:09.623805+03	\N	t	t
221	83	2026-01-25	available	11078.00	\N	\N	\N	2025-12-29 04:41:14.107392+03	2025-12-29 04:41:14.107392+03	\N	t	t
222	83	2026-01-26	available	11078.00	\N	\N	\N	2025-12-29 04:41:14.107392+03	2025-12-29 04:41:14.107392+03	\N	t	t
223	83	2026-01-27	available	11078.00	\N	\N	\N	2025-12-29 04:41:14.107392+03	2025-12-29 04:41:14.107392+03	\N	t	t
224	83	2026-01-28	available	11078.00	\N	\N	\N	2025-12-29 04:41:14.107392+03	2025-12-29 04:41:14.107392+03	\N	t	t
225	83	2026-01-29	available	11078.00	\N	\N	\N	2025-12-29 04:41:14.107392+03	2025-12-29 04:41:14.107392+03	\N	t	t
226	83	2026-01-30	available	13294.00	\N	\N	\N	2025-12-29 04:41:14.107392+03	2025-12-29 04:41:14.107392+03	\N	t	t
227	82	2025-11-30	available	15910.00	\N	\N	\N	2025-12-29 04:02:55.41848+03	2025-12-29 05:28:48.81361+03	\N	t	t
228	82	2025-12-01	available	15910.00	\N	\N	\N	2025-12-29 04:02:55.41848+03	2025-12-29 05:28:48.81361+03	\N	t	t
229	82	2025-12-02	available	19092.00	\N	\N	\N	2025-12-29 04:02:55.41848+03	2025-12-29 05:28:48.81361+03	\N	t	t
230	82	2025-12-03	available	19092.00	\N	\N	\N	2025-12-29 04:02:55.41848+03	2025-12-29 05:28:48.81361+03	\N	t	t
231	82	2025-12-04	available	15910.00	\N	\N	\N	2025-12-29 04:02:55.41848+03	2025-12-29 05:28:48.81361+03	\N	t	t
232	82	2025-12-07	available	15910.00	\N	\N	\N	2025-12-29 04:02:55.41848+03	2025-12-29 05:28:48.81361+03	\N	t	t
233	82	2025-12-08	available	15910.00	\N	\N	\N	2025-12-29 04:02:55.41848+03	2025-12-29 05:28:48.81361+03	\N	t	t
234	82	2025-12-09	available	19092.00	\N	\N	\N	2025-12-29 04:02:55.41848+03	2025-12-29 05:28:48.81361+03	\N	t	t
235	82	2025-12-10	available	19092.00	\N	\N	\N	2025-12-29 04:02:55.41848+03	2025-12-29 05:28:48.81361+03	\N	t	t
236	82	2025-12-11	available	15910.00	\N	\N	\N	2025-12-29 04:02:55.41848+03	2025-12-29 05:28:48.81361+03	\N	t	t
237	82	2025-12-12	available	15910.00	\N	\N	\N	2025-12-29 04:02:55.41848+03	2025-12-29 05:28:48.81361+03	\N	t	t
238	82	2025-12-13	available	15910.00	\N	\N	\N	2025-12-29 04:02:55.41848+03	2025-12-29 05:28:48.81361+03	\N	t	t
239	82	2025-12-14	available	15910.00	\N	\N	\N	2025-12-29 04:02:55.41848+03	2025-12-29 05:28:48.81361+03	\N	t	t
240	82	2025-12-15	available	15910.00	\N	\N	\N	2025-12-29 04:02:55.41848+03	2025-12-29 05:28:48.81361+03	\N	t	t
241	82	2025-12-16	available	19092.00	\N	\N	\N	2025-12-29 04:02:55.41848+03	2025-12-29 05:28:48.81361+03	\N	t	t
242	82	2025-12-17	available	19092.00	\N	\N	\N	2025-12-29 04:02:55.41848+03	2025-12-29 05:28:48.81361+03	\N	t	t
243	82	2025-12-18	available	15910.00	\N	\N	\N	2025-12-29 04:02:55.41848+03	2025-12-29 05:28:48.81361+03	\N	t	t
244	82	2025-12-19	available	15910.00	\N	\N	\N	2025-12-29 04:02:55.41848+03	2025-12-29 05:28:48.81361+03	\N	t	t
245	82	2025-12-20	available	15910.00	\N	\N	\N	2025-12-29 04:02:55.41848+03	2025-12-29 05:28:48.81361+03	\N	t	t
246	125	2025-12-03	available	8500.00	\N	\N	\N	2025-12-31 13:34:09.938703+03	2025-12-31 18:26:57.62433+03	\N	t	t
247	125	2025-12-04	available	12000.00	\N	\N	\N	2025-12-31 13:34:09.938703+03	2025-12-31 18:26:57.62433+03	\N	t	t
248	125	2025-12-05	available	12000.00	\N	\N	\N	2025-12-31 13:34:09.938703+03	2025-12-31 18:26:57.62433+03	\N	t	t
249	125	2025-12-06	available	8500.00	\N	\N	\N	2025-12-31 13:34:09.938703+03	2025-12-31 18:26:57.62433+03	\N	t	t
250	81	2025-12-30	available	12406.00	\N	\N	\N	2025-12-29 03:47:37.105147+03	2025-12-29 03:52:09.623805+03	\N	t	t
251	81	2025-12-31	available	12406.00	\N	\N	\N	2025-12-29 03:47:37.105147+03	2025-12-29 03:52:09.623805+03	\N	t	t
252	81	2026-01-01	available	14887.00	\N	\N	\N	2025-12-29 03:47:37.105147+03	2025-12-29 03:52:09.623805+03	\N	t	t
253	81	2026-01-02	available	14887.00	\N	\N	\N	2025-12-29 03:47:37.105147+03	2025-12-29 03:52:09.623805+03	\N	t	t
254	81	2026-01-03	available	12406.00	\N	\N	\N	2025-12-29 03:47:37.105147+03	2025-12-29 03:52:09.623805+03	\N	t	t
255	125	2025-11-30	available	8500.00	\N	\N	\N	2025-12-31 13:34:09.938703+03	2025-12-31 18:26:57.62433+03	\N	t	t
256	125	2025-12-01	available	8500.00	\N	\N	\N	2025-12-31 13:34:09.938703+03	2025-12-31 18:26:57.62433+03	\N	t	t
257	125	2026-01-27	available	8500.00	\N	\N	\N	2025-12-31 13:34:09.938703+03	2025-12-31 15:48:27.480106+03	\N	t	t
258	125	2025-12-02	available	8500.00	\N	\N	\N	2025-12-31 13:34:09.938703+03	2025-12-31 18:26:57.62433+03	\N	t	t
259	82	2025-12-21	available	15910.00	\N	\N	\N	2025-12-29 04:02:55.41848+03	2025-12-29 05:28:48.81361+03	\N	t	t
260	82	2025-12-22	available	15910.00	\N	\N	\N	2025-12-29 04:02:55.41848+03	2025-12-29 05:28:48.81361+03	\N	t	t
261	82	2025-12-23	available	19092.00	\N	\N	\N	2025-12-29 04:02:55.41848+03	2025-12-29 05:28:48.81361+03	\N	t	t
262	82	2025-12-24	available	19092.00	\N	\N	\N	2025-12-29 04:02:55.41848+03	2025-12-29 05:28:48.81361+03	\N	t	t
263	82	2025-12-25	available	15910.00	\N	\N	\N	2025-12-29 04:02:55.41848+03	2025-12-29 05:28:48.81361+03	\N	t	t
264	82	2025-12-26	available	15910.00	\N	\N	\N	2025-12-29 04:02:55.41848+03	2025-12-29 05:28:48.81361+03	\N	t	t
265	81	2026-01-04	available	12406.00	\N	\N	\N	2025-12-29 03:47:37.105147+03	2025-12-29 03:52:09.623805+03	\N	t	t
266	81	2026-01-05	available	12406.00	\N	\N	\N	2025-12-29 03:47:37.105147+03	2025-12-29 03:52:09.623805+03	\N	t	t
267	81	2026-01-06	available	12406.00	\N	\N	\N	2025-12-29 03:47:37.105147+03	2025-12-29 03:52:09.623805+03	\N	t	t
268	81	2026-01-07	available	12406.00	\N	\N	\N	2025-12-29 03:47:37.105147+03	2025-12-29 03:52:09.623805+03	\N	t	t
269	81	2026-01-08	available	14887.00	\N	\N	\N	2025-12-29 03:47:37.105147+03	2025-12-29 03:52:09.623805+03	\N	t	t
270	81	2026-01-09	available	14887.00	\N	\N	\N	2025-12-29 03:47:37.105147+03	2025-12-29 03:52:09.623805+03	\N	t	t
271	81	2026-01-10	available	12406.00	\N	\N	\N	2025-12-29 03:47:37.105147+03	2025-12-29 03:52:09.623805+03	\N	t	t
272	81	2026-01-11	available	12406.00	\N	\N	\N	2025-12-29 03:47:37.105147+03	2025-12-29 03:52:09.623805+03	\N	t	t
273	81	2026-01-12	available	12406.00	\N	\N	\N	2025-12-29 03:47:37.105147+03	2025-12-29 03:52:09.623805+03	\N	t	t
274	81	2026-01-13	available	12406.00	\N	\N	\N	2025-12-29 03:47:37.105147+03	2025-12-29 03:52:09.623805+03	\N	t	t
275	81	2026-01-14	available	12406.00	\N	\N	\N	2025-12-29 03:47:37.105147+03	2025-12-29 03:52:09.623805+03	\N	t	t
276	81	2026-01-15	available	14887.00	\N	\N	\N	2025-12-29 03:47:37.105147+03	2025-12-29 03:52:09.623805+03	\N	t	t
277	81	2026-01-16	available	14887.00	\N	\N	\N	2025-12-29 03:47:37.105147+03	2025-12-29 03:52:09.623805+03	\N	t	t
278	81	2026-01-17	available	12406.00	\N	\N	\N	2025-12-29 03:47:37.105147+03	2025-12-29 03:52:09.623805+03	\N	t	t
279	81	2026-01-18	available	12406.00	\N	\N	\N	2025-12-29 03:47:37.105147+03	2025-12-29 03:52:09.623805+03	\N	t	t
280	81	2026-01-19	available	12406.00	\N	\N	\N	2025-12-29 03:47:37.105147+03	2025-12-29 03:52:09.623805+03	\N	t	t
281	81	2026-01-20	available	12406.00	\N	\N	\N	2025-12-29 03:47:37.105147+03	2025-12-29 03:52:09.623805+03	\N	t	t
282	81	2026-01-21	available	12406.00	\N	\N	\N	2025-12-29 03:47:37.105147+03	2025-12-29 03:52:09.623805+03	\N	t	t
283	81	2026-01-22	available	14887.00	\N	\N	\N	2025-12-29 03:47:37.105147+03	2025-12-29 03:52:09.623805+03	\N	t	t
284	81	2026-01-23	available	14887.00	\N	\N	\N	2025-12-29 03:47:37.105147+03	2025-12-29 03:52:09.623805+03	\N	t	t
285	81	2026-01-24	available	12406.00	\N	\N	\N	2025-12-29 03:47:37.105147+03	2025-12-29 03:52:09.623805+03	\N	t	t
286	81	2026-01-25	available	12406.00	\N	\N	\N	2025-12-29 03:47:37.105147+03	2025-12-29 03:52:09.623805+03	\N	t	t
287	81	2026-01-26	available	12406.00	\N	\N	\N	2025-12-29 03:47:37.105147+03	2025-12-29 03:52:09.623805+03	\N	t	t
288	81	2026-01-27	available	12406.00	\N	\N	\N	2025-12-29 03:47:37.105147+03	2025-12-29 03:52:09.623805+03	\N	t	t
289	81	2026-01-28	available	12406.00	\N	\N	\N	2025-12-29 03:47:37.105147+03	2025-12-29 03:52:09.623805+03	\N	t	t
290	81	2026-01-29	available	14887.00	\N	\N	\N	2025-12-29 03:47:37.105147+03	2025-12-29 03:52:09.623805+03	\N	t	t
291	81	2026-01-30	available	14887.00	\N	\N	\N	2025-12-29 03:47:37.105147+03	2025-12-29 03:52:09.623805+03	\N	t	t
294	82	2025-12-27	available	15910.00	\N	\N	\N	2025-12-29 04:02:55.41848+03	2025-12-29 05:28:48.81361+03	\N	t	t
295	82	2025-12-28	available	15910.00	\N	\N	\N	2025-12-29 04:02:55.41848+03	2025-12-29 05:28:48.81361+03	\N	t	t
296	82	2025-12-29	available	15910.00	\N	\N	\N	2025-12-29 04:02:55.41848+03	2025-12-29 05:28:48.81361+03	\N	t	t
297	82	2025-12-30	available	19092.00	\N	\N	\N	2025-12-29 04:02:55.41848+03	2025-12-29 05:28:48.81361+03	\N	t	t
298	82	2025-12-31	available	19092.00	\N	\N	\N	2025-12-29 04:02:55.41848+03	2025-12-29 05:28:48.81361+03	\N	t	t
299	82	2026-01-01	available	15910.00	\N	\N	\N	2025-12-29 04:02:55.41848+03	2025-12-29 05:28:48.81361+03	\N	t	t
300	82	2026-01-02	available	15910.00	\N	\N	\N	2025-12-29 04:02:55.41848+03	2025-12-29 05:28:48.81361+03	\N	t	t
301	82	2026-01-03	available	15910.00	\N	\N	\N	2025-12-29 04:02:55.41848+03	2025-12-29 05:28:48.81361+03	\N	t	t
302	82	2026-01-04	available	15910.00	\N	\N	\N	2025-12-29 04:02:55.41848+03	2025-12-29 05:28:48.81361+03	\N	t	t
303	82	2026-01-05	available	15910.00	\N	\N	\N	2025-12-29 04:02:55.41848+03	2025-12-29 05:28:48.81361+03	\N	t	t
304	82	2026-01-06	available	19092.00	\N	\N	\N	2025-12-29 04:02:55.41848+03	2025-12-29 05:28:48.81361+03	\N	t	t
305	82	2026-01-07	available	19092.00	\N	\N	\N	2025-12-29 04:02:55.41848+03	2025-12-29 05:28:48.81361+03	\N	t	t
306	82	2026-01-08	available	15910.00	\N	\N	\N	2025-12-29 04:02:55.41848+03	2025-12-29 05:28:48.81361+03	\N	t	t
307	82	2026-01-09	available	15910.00	\N	\N	\N	2025-12-29 04:02:55.41848+03	2025-12-29 05:28:48.81361+03	\N	t	t
308	82	2026-01-10	available	15910.00	\N	\N	\N	2025-12-29 04:02:55.41848+03	2025-12-29 05:28:48.81361+03	\N	t	t
309	82	2026-01-11	available	15910.00	\N	\N	\N	2025-12-29 04:02:55.41848+03	2025-12-29 05:28:48.81361+03	\N	t	t
310	82	2026-01-12	available	15910.00	\N	\N	\N	2025-12-29 04:02:55.41848+03	2025-12-29 05:28:48.81361+03	\N	t	t
311	82	2026-01-13	available	19092.00	\N	\N	\N	2025-12-29 04:02:55.41848+03	2025-12-29 05:28:48.81361+03	\N	t	t
312	82	2026-01-14	available	19092.00	\N	\N	\N	2025-12-29 04:02:55.41848+03	2025-12-29 05:28:48.81361+03	\N	t	t
313	82	2026-01-15	available	15910.00	\N	\N	\N	2025-12-29 04:02:55.41848+03	2025-12-29 05:28:48.81361+03	\N	t	t
314	82	2026-01-16	available	15910.00	\N	\N	\N	2025-12-29 04:02:55.41848+03	2025-12-29 05:28:48.81361+03	\N	t	t
315	82	2026-01-17	available	15910.00	\N	\N	\N	2025-12-29 04:02:55.41848+03	2025-12-29 05:28:48.81361+03	\N	t	t
316	82	2026-01-18	available	15910.00	\N	\N	\N	2025-12-29 04:02:55.41848+03	2025-12-29 05:28:48.81361+03	\N	t	t
317	82	2026-01-19	available	15910.00	\N	\N	\N	2025-12-29 04:02:55.41848+03	2025-12-29 05:28:48.81361+03	\N	t	t
318	82	2026-01-20	available	19092.00	\N	\N	\N	2025-12-29 04:02:55.41848+03	2025-12-29 05:28:48.81361+03	\N	t	t
319	82	2026-01-21	available	19092.00	\N	\N	\N	2025-12-29 04:02:55.41848+03	2025-12-29 05:28:48.81361+03	\N	t	t
320	82	2026-01-22	available	15910.00	\N	\N	\N	2025-12-29 04:02:55.41848+03	2025-12-29 05:28:48.81361+03	\N	t	t
321	82	2026-01-23	available	15910.00	\N	\N	\N	2025-12-29 04:02:55.41848+03	2025-12-29 05:28:48.81361+03	\N	t	t
322	82	2026-01-24	available	15910.00	\N	\N	\N	2025-12-29 04:02:55.41848+03	2025-12-29 05:28:48.81361+03	\N	t	t
323	82	2026-01-25	available	15910.00	\N	\N	\N	2025-12-29 04:02:55.41848+03	2025-12-29 05:28:48.81361+03	\N	t	t
324	82	2026-01-26	available	15910.00	\N	\N	\N	2025-12-29 04:02:55.41848+03	2025-12-29 05:28:48.81361+03	\N	t	t
325	82	2026-01-27	available	19092.00	\N	\N	\N	2025-12-29 04:02:55.41848+03	2025-12-29 05:28:48.81361+03	\N	t	t
326	82	2026-01-28	available	19092.00	\N	\N	\N	2025-12-29 04:02:55.41848+03	2025-12-29 05:28:48.81361+03	\N	t	t
328	125	2026-01-26	available	8500.00	\N	\N	\N	2025-12-31 13:34:09.938703+03	2025-12-31 15:48:27.480106+03	\N	t	t
329	125	2025-12-20	available	8500.00	\N	\N	\N	2025-12-31 13:34:09.938703+03	2025-12-31 18:26:57.62433+03	\N	t	t
330	125	2025-12-21	available	8500.00	\N	\N	\N	2025-12-31 13:34:09.938703+03	2025-12-31 18:26:57.62433+03	\N	t	t
331	125	2025-12-22	available	8500.00	\N	\N	\N	2025-12-31 13:34:09.938703+03	2025-12-31 18:26:57.62433+03	\N	t	t
332	125	2025-12-23	available	8500.00	\N	\N	\N	2025-12-31 13:34:09.938703+03	2025-12-31 18:26:57.62433+03	\N	t	t
333	125	2025-12-24	available	8500.00	\N	\N	\N	2025-12-31 13:34:09.938703+03	2025-12-31 18:26:57.62433+03	\N	t	t
334	125	2025-12-25	available	12000.00	\N	\N	\N	2025-12-31 13:34:09.938703+03	2025-12-31 18:26:57.62433+03	\N	t	t
335	125	2025-12-26	available	12000.00	\N	\N	\N	2025-12-31 13:34:09.938703+03	2025-12-31 18:26:57.62433+03	\N	t	t
336	125	2025-12-27	available	8500.00	\N	\N	\N	2025-12-31 13:34:09.938703+03	2025-12-31 18:26:57.62433+03	\N	t	t
337	125	2025-12-28	available	8500.00	\N	\N	\N	2025-12-31 13:34:09.938703+03	2025-12-31 18:26:57.62433+03	\N	t	t
338	125	2025-12-29	available	8500.00	\N	\N	\N	2025-12-31 13:34:09.938703+03	2025-12-31 18:26:57.62433+03	\N	t	t
339	125	2025-12-30	available	8500.00	\N	\N	\N	2025-12-31 13:34:09.938703+03	2025-12-31 18:26:57.62433+03	\N	t	t
352	125	2026-01-13	available	8500.00	\N	\N	\N	2025-12-31 13:34:09.938703+03	2025-12-31 15:48:27.480106+03	\N	t	t
355	125	2026-01-16	available	12000.00	\N	\N	\N	2025-12-31 13:34:09.938703+03	2025-12-31 15:48:27.480106+03	\N	t	t
356	125	2026-01-17	available	12000.00	\N	\N	\N	2025-12-31 13:34:09.938703+03	2025-12-31 15:48:27.480106+03	\N	t	t
358	125	2026-01-19	available	8500.00	\N	\N	\N	2025-12-31 13:34:09.938703+03	2025-12-31 15:48:27.480106+03	\N	t	t
363	125	2025-12-07	available	8500.00	\N	\N	\N	2025-12-31 13:34:09.938703+03	2025-12-31 18:26:57.62433+03	\N	t	t
364	125	2025-12-08	available	8500.00	\N	\N	\N	2025-12-31 13:34:09.938703+03	2025-12-31 18:26:57.62433+03	\N	t	t
365	125	2025-12-09	available	8500.00	\N	\N	\N	2025-12-31 13:34:09.938703+03	2025-12-31 18:26:57.62433+03	\N	t	t
366	125	2025-12-10	available	8500.00	\N	\N	\N	2025-12-31 13:34:09.938703+03	2025-12-31 18:26:57.62433+03	\N	t	t
367	125	2025-12-11	available	12000.00	\N	\N	\N	2025-12-31 13:34:09.938703+03	2025-12-31 18:26:57.62433+03	\N	t	t
368	125	2025-12-12	available	12000.00	\N	\N	\N	2025-12-31 13:34:09.938703+03	2025-12-31 18:26:57.62433+03	\N	t	t
369	125	2025-12-13	available	8500.00	\N	\N	\N	2025-12-31 13:34:09.938703+03	2025-12-31 18:26:57.62433+03	\N	t	t
370	125	2025-12-14	available	8500.00	\N	\N	\N	2025-12-31 13:34:09.938703+03	2025-12-31 18:26:57.62433+03	\N	t	t
371	125	2025-12-15	available	8500.00	\N	\N	\N	2025-12-31 13:34:09.938703+03	2025-12-31 18:26:57.62433+03	\N	t	t
372	125	2025-12-16	available	8500.00	\N	\N	\N	2025-12-31 13:34:09.938703+03	2025-12-31 18:26:57.62433+03	\N	t	t
373	125	2025-12-17	available	8500.00	\N	\N	\N	2025-12-31 13:34:09.938703+03	2025-12-31 18:26:57.62433+03	\N	t	t
374	125	2025-12-18	available	12000.00	\N	\N	\N	2025-12-31 13:34:09.938703+03	2025-12-31 18:26:57.62433+03	\N	t	t
375	125	2025-12-19	available	12000.00	\N	\N	\N	2025-12-31 13:34:09.938703+03	2025-12-31 18:26:57.62433+03	\N	t	t
376	125	2026-01-28	available	8500.00	\N	\N	\N	2025-12-31 13:34:09.938703+03	2025-12-31 15:48:27.480106+03	\N	t	t
377	125	2026-01-29	available	8500.00	\N	\N	\N	2025-12-31 13:34:09.938703+03	2025-12-31 15:48:27.480106+03	\N	t	t
378	125	2026-01-30	available	12000.00	\N	\N	\N	2025-12-31 13:34:09.938703+03	2025-12-31 15:48:27.480106+03	\N	t	t
360	125	2026-01-21	blocked	\N	\N	\N	1	2025-12-31 13:34:09.938703+03	2026-01-01 00:58:34.117209+03	\N	t	t
357	125	2026-01-18	available	\N	\N	\N	1	2025-12-31 13:34:09.938703+03	2026-01-01 01:25:56.542078+03	\N	t	t
359	125	2026-01-20	blocked	\N	\N	\N	1	2025-12-31 13:34:09.938703+03	2026-01-01 00:34:58.091967+03	\N	t	t
353	125	2026-01-14	blocked	\N	\N	\N	1	2025-12-31 13:34:09.938703+03	2026-01-01 01:52:45.782059+03	\N	t	t
362	125	2025-12-31	available	\N	\N	\N	1	2025-12-31 13:34:09.938703+03	2026-01-01 00:35:56.986116+03	\N	t	t
340	125	2026-01-01	available	\N	\N	\N	1	2025-12-31 13:34:09.938703+03	2026-01-01 00:35:56.986116+03	\N	t	t
341	125	2026-01-02	available	\N	\N	\N	1	2025-12-31 13:34:09.938703+03	2026-01-01 00:35:56.986116+03	\N	t	t
342	125	2026-01-03	available	\N	\N	\N	1	2025-12-31 13:34:09.938703+03	2026-01-01 00:35:56.986116+03	\N	t	t
343	125	2026-01-04	available	\N	\N	\N	1	2025-12-31 13:34:09.938703+03	2026-01-01 00:35:56.986116+03	\N	t	t
344	125	2026-01-05	available	\N	\N	\N	1	2025-12-31 13:34:09.938703+03	2026-01-01 00:35:56.986116+03	\N	t	t
345	125	2026-01-06	available	\N	\N	\N	1	2025-12-31 13:34:09.938703+03	2026-01-01 00:35:56.986116+03	\N	t	t
346	125	2026-01-07	available	\N	\N	\N	1	2025-12-31 13:34:09.938703+03	2026-01-01 00:35:56.986116+03	\N	t	t
347	125	2026-01-08	available	\N	\N	\N	1	2025-12-31 13:34:09.938703+03	2026-01-01 00:35:56.986116+03	\N	t	t
348	125	2026-01-09	available	\N	\N	\N	1	2025-12-31 13:34:09.938703+03	2026-01-01 00:35:56.986116+03	\N	t	t
354	125	2026-01-15	blocked	\N	\N	\N	1	2025-12-31 13:34:09.938703+03	2026-01-01 01:52:45.782059+03	\N	t	t
351	125	2026-01-12	available	\N	\N	\N	1	2025-12-31 13:34:09.938703+03	2026-01-01 03:07:24.964648+03	\N	t	t
361	125	2026-01-22	blocked	\N	\N	\N	1	2025-12-31 13:34:09.938703+03	2026-01-01 03:26:03.648928+03	\N	t	t
292	125	2026-01-23	blocked	\N	\N	\N	1	2025-12-31 13:34:09.938703+03	2026-01-01 03:26:03.648928+03	\N	t	t
293	125	2026-01-24	blocked	\N	\N	\N	1	2025-12-31 13:34:09.938703+03	2026-01-01 03:26:03.648928+03	\N	t	t
327	125	2026-01-25	blocked	\N	\N	\N	1	2025-12-31 13:34:09.938703+03	2026-01-01 03:26:03.648928+03	\N	t	t
349	125	2026-01-10	available	\N	\N	\N	1	2025-12-31 13:34:09.938703+03	2026-01-01 00:35:56.986116+03	\N	t	t
350	125	2026-01-11	available	\N	\N	\N	1	2025-12-31 13:34:09.938703+03	2026-01-01 00:35:56.986116+03	\N	t	t
398	125	2026-02-09	blocked	\N	\N	\N	1	2026-01-01 01:19:01.680872+03	2026-01-01 01:19:01.680872+03	\N	t	t
691	129	2026-02-16	blocked	7000.00	1	\N	308	2026-01-02 23:01:04.695825+03	2026-01-03 00:06:19.315795+03	\N	t	t
409	125	2026-02-19	blocked	\N	\N	\N	1	2026-01-01 01:22:06.190075+03	2026-01-01 01:22:06.190075+03	\N	t	t
410	125	2026-02-20	blocked	\N	\N	\N	1	2026-01-01 01:22:06.190075+03	2026-01-01 01:22:06.190075+03	\N	t	t
411	125	2026-02-21	blocked	\N	\N	\N	1	2026-01-01 01:22:06.190075+03	2026-01-01 01:22:06.190075+03	\N	t	t
412	125	2026-02-22	blocked	\N	\N	\N	1	2026-01-01 01:22:06.190075+03	2026-01-01 01:22:06.190075+03	\N	t	t
399	125	2026-02-10	blocked	\N	\N	\N	1	2026-01-01 01:19:01.680872+03	2026-01-01 02:34:34.06903+03	\N	t	t
400	125	2026-02-11	blocked	\N	\N	\N	1	2026-01-01 01:19:01.680872+03	2026-01-01 02:34:34.06903+03	\N	t	t
401	125	2026-02-12	blocked	\N	\N	\N	1	2026-01-01 01:19:01.680872+03	2026-01-01 02:34:34.06903+03	\N	t	t
402	125	2026-02-13	blocked	\N	\N	\N	1	2026-01-01 01:19:01.680872+03	2026-01-01 02:34:34.06903+03	\N	t	t
403	125	2026-02-14	blocked	\N	\N	\N	1	2026-01-01 01:19:01.680872+03	2026-01-01 02:34:34.06903+03	\N	t	t
404	125	2026-02-15	blocked	\N	\N	\N	1	2026-01-01 01:19:01.680872+03	2026-01-01 02:34:34.06903+03	\N	t	t
405	125	2026-02-16	blocked	\N	\N	\N	1	2026-01-01 01:19:01.680872+03	2026-01-01 02:34:34.06903+03	\N	t	t
406	125	2026-02-17	blocked	\N	\N	\N	1	2026-01-01 01:19:01.680872+03	2026-01-01 02:34:34.06903+03	\N	t	t
408	125	2026-02-18	blocked	\N	\N	\N	1	2026-01-01 01:22:06.190075+03	2026-01-01 02:34:34.06903+03	\N	t	t
426	125	2026-03-03	blocked	\N	\N	\N	1	2026-01-01 03:08:43.792175+03	2026-01-01 03:08:43.792175+03	\N	t	t
427	125	2026-03-04	blocked	\N	\N	\N	1	2026-01-01 03:08:43.792175+03	2026-01-01 03:08:43.792175+03	\N	t	t
428	125	2026-03-05	blocked	\N	\N	\N	1	2026-01-01 03:08:43.792175+03	2026-01-01 03:08:43.792175+03	\N	t	t
429	125	2026-03-06	blocked	\N	\N	\N	1	2026-01-01 03:08:43.792175+03	2026-01-01 03:08:43.792175+03	\N	t	t
434	125	2026-05-11	blocked	\N	\N	\N	1	2026-01-01 03:32:59.693118+03	2026-01-01 03:32:59.693118+03	\N	t	t
435	125	2026-05-12	blocked	\N	\N	\N	1	2026-01-01 03:32:59.693118+03	2026-01-01 03:32:59.693118+03	\N	t	t
436	125	2026-05-13	blocked	\N	\N	\N	1	2026-01-01 03:32:59.693118+03	2026-01-01 03:32:59.693118+03	\N	t	t
437	125	2026-05-14	blocked	\N	\N	\N	1	2026-01-01 03:32:59.693118+03	2026-01-01 03:32:59.693118+03	\N	t	t
438	125	2026-05-15	blocked	\N	\N	\N	1	2026-01-01 03:32:59.693118+03	2026-01-01 03:32:59.693118+03	\N	t	t
439	125	2026-05-16	blocked	\N	\N	\N	1	2026-01-01 03:32:59.693118+03	2026-01-01 03:32:59.693118+03	\N	t	t
440	125	2026-05-17	blocked	\N	\N	\N	1	2026-01-01 03:32:59.693118+03	2026-01-01 03:32:59.693118+03	\N	t	t
441	125	2026-05-18	blocked	\N	\N	\N	1	2026-01-01 03:32:59.693118+03	2026-01-01 03:32:59.693118+03	\N	t	t
442	125	2026-05-19	blocked	\N	\N	\N	1	2026-01-01 03:32:59.693118+03	2026-01-01 03:32:59.693118+03	\N	t	t
443	125	2026-05-20	blocked	\N	\N	\N	1	2026-01-01 03:32:59.693118+03	2026-01-01 03:32:59.693118+03	\N	t	t
444	125	2026-05-21	blocked	\N	\N	\N	1	2026-01-01 03:32:59.693118+03	2026-01-01 03:32:59.693118+03	\N	t	t
612	129	2026-02-18	blocked	0.00	0	\N	308	2026-01-02 21:41:00.366432+03	2026-01-03 00:06:19.315795+03	\N	t	t
613	129	2026-02-19	blocked	7000.00	1	\N	308	2026-01-02 21:41:00.366432+03	2026-01-03 00:06:19.315795+03	\N	t	t
614	129	2026-02-20	blocked	8500.00	1	\N	308	2026-01-02 21:41:00.366432+03	2026-01-03 00:06:19.315795+03	\N	t	t
615	129	2026-02-21	blocked	8500.00	1	\N	308	2026-01-02 21:41:00.366432+03	2026-01-03 00:06:19.315795+03	\N	t	t
616	129	2026-02-22	blocked	\N	\N	\N	308	2026-01-02 21:41:00.366432+03	2026-01-03 00:06:19.315795+03	\N	t	t
617	129	2026-02-23	blocked	7000.00	1	\N	308	2026-01-02 21:41:00.366432+03	2026-01-03 00:06:19.315795+03	\N	t	t
447	128	2026-01-04	available	\N	1	Seeded availability	\N	2026-01-01 20:03:29.858582+03	2026-01-03 11:55:11.795988+03	10	t	t
486	128	2026-01-05	available	\N	1	Seeded availability	\N	2026-01-02 03:22:12.760851+03	2026-01-03 11:55:11.801982+03	10	t	t
769	129	2026-01-12	available	9000.00	1	\N	308	2026-01-03 00:06:19.315795+03	2026-01-04 19:11:48.652961+03	\N	t	t
534	129	2026-01-02	available	0.00	0	\N	308	2026-01-02 03:46:23.726299+03	2026-01-02 23:25:59.227743+03	\N	t	t
765	16	2026-01-02	blocked	\N	\N	\N	1	2026-01-02 23:58:32.239148+03	2026-01-02 23:58:32.239148+03	\N	t	t
445	128	2026-01-02	available	\N	1	Seeded availability	\N	2026-01-01 20:03:29.802836+03	2026-01-02 01:52:51.505992+03	10	t	t
533	129	2026-01-03	available	8500.00	1	\N	308	2026-01-02 03:46:22.812722+03	2026-01-02 23:35:34.312154+03	\N	t	t
532	129	2026-01-04	available	7000.00	1	\N	308	2026-01-02 03:46:21.638327+03	2026-01-02 23:35:43.215417+03	\N	t	t
446	128	2026-01-03	available	\N	1	Seeded availability	\N	2026-01-01 20:03:29.856815+03	2026-01-03 01:56:01.763032+03	10	t	t
544	129	2026-01-01	available	8500.00	1	\N	308	2026-01-02 03:49:02.053816+03	2026-01-02 23:07:37.167149+03	\N	t	t
770	129	2026-01-13	blocked	\N	\N	\N	308	2026-01-03 00:06:19.315795+03	2026-01-03 00:06:19.315795+03	\N	t	t
782	129	2026-01-25	blocked	\N	\N	\N	308	2026-01-03 00:06:19.315795+03	2026-01-03 00:06:19.315795+03	\N	t	t
783	129	2026-01-26	blocked	\N	\N	\N	308	2026-01-03 00:06:19.315795+03	2026-01-03 00:06:19.315795+03	\N	t	t
784	129	2026-01-27	blocked	\N	\N	\N	308	2026-01-03 00:06:19.315795+03	2026-01-03 00:06:19.315795+03	\N	t	t
785	129	2026-01-28	blocked	\N	\N	\N	308	2026-01-03 00:06:19.315795+03	2026-01-03 00:06:19.315795+03	\N	t	t
786	129	2026-01-29	blocked	\N	\N	\N	308	2026-01-03 00:06:19.315795+03	2026-01-03 00:06:19.315795+03	\N	t	t
787	129	2026-01-30	blocked	\N	\N	\N	308	2026-01-03 00:06:19.315795+03	2026-01-03 00:06:19.315795+03	\N	t	t
788	129	2026-01-31	blocked	\N	\N	\N	308	2026-01-03 00:06:19.315795+03	2026-01-03 00:06:19.315795+03	\N	t	t
789	129	2026-02-01	blocked	\N	\N	\N	308	2026-01-03 00:06:19.315795+03	2026-01-03 00:06:19.315795+03	\N	t	t
790	129	2026-02-02	blocked	\N	\N	\N	308	2026-01-03 00:06:19.315795+03	2026-01-03 00:06:19.315795+03	\N	t	t
791	129	2026-02-03	blocked	\N	\N	\N	308	2026-01-03 00:06:19.315795+03	2026-01-03 00:06:19.315795+03	\N	t	t
792	129	2026-02-04	blocked	\N	\N	\N	308	2026-01-03 00:06:19.315795+03	2026-01-03 00:06:19.315795+03	\N	t	t
793	129	2026-02-05	blocked	\N	\N	\N	308	2026-01-03 00:06:19.315795+03	2026-01-03 00:06:19.315795+03	\N	t	t
794	129	2026-02-06	blocked	\N	\N	\N	308	2026-01-03 00:06:19.315795+03	2026-01-03 00:06:19.315795+03	\N	t	t
795	129	2026-02-07	blocked	\N	\N	\N	308	2026-01-03 00:06:19.315795+03	2026-01-03 00:06:19.315795+03	\N	t	t
796	129	2026-02-08	blocked	\N	\N	\N	308	2026-01-03 00:06:19.315795+03	2026-01-03 00:06:19.315795+03	\N	t	t
797	129	2026-02-09	blocked	\N	\N	\N	308	2026-01-03 00:06:19.315795+03	2026-01-03 00:06:19.315795+03	\N	t	t
798	129	2026-02-10	blocked	\N	\N	\N	308	2026-01-03 00:06:19.315795+03	2026-01-03 00:06:19.315795+03	\N	t	t
799	129	2026-02-11	blocked	\N	\N	\N	308	2026-01-03 00:06:19.315795+03	2026-01-03 00:06:19.315795+03	\N	t	t
800	129	2026-02-12	blocked	\N	\N	\N	308	2026-01-03 00:06:19.315795+03	2026-01-03 00:06:19.315795+03	\N	t	t
801	129	2026-02-13	blocked	\N	\N	\N	308	2026-01-03 00:06:19.315795+03	2026-01-03 00:06:19.315795+03	\N	t	t
802	129	2026-02-14	blocked	\N	\N	\N	308	2026-01-03 00:06:19.315795+03	2026-01-03 00:06:19.315795+03	\N	t	t
803	129	2026-02-15	blocked	\N	\N	\N	308	2026-01-03 00:06:19.315795+03	2026-01-03 00:06:19.315795+03	\N	t	t
805	129	2026-02-17	blocked	\N	\N	\N	308	2026-01-03 00:06:19.315795+03	2026-01-03 00:06:19.315795+03	\N	t	t
812	129	2026-02-24	blocked	\N	\N	\N	308	2026-01-03 00:06:19.315795+03	2026-01-03 00:06:19.315795+03	\N	t	t
813	129	2026-02-25	blocked	\N	\N	\N	308	2026-01-03 00:06:19.315795+03	2026-01-03 00:06:19.315795+03	\N	t	t
814	129	2026-02-26	blocked	\N	\N	\N	308	2026-01-03 00:06:19.315795+03	2026-01-03 00:06:19.315795+03	\N	t	t
815	129	2026-02-27	blocked	\N	\N	\N	308	2026-01-03 00:06:19.315795+03	2026-01-03 00:06:19.315795+03	\N	t	t
816	129	2026-02-28	blocked	\N	\N	\N	308	2026-01-03 00:06:19.315795+03	2026-01-03 00:06:19.315795+03	\N	t	t
839	129	2026-04-16	blocked	\N	\N	\N	308	2026-01-03 00:08:05.425935+03	2026-01-03 00:08:05.425935+03	\N	t	t
840	129	2026-04-17	blocked	\N	\N	\N	308	2026-01-03 00:08:05.425935+03	2026-01-03 00:08:05.425935+03	\N	t	t
837	129	2026-04-14	available	9000.00	1	\N	308	2026-01-03 00:08:05.425935+03	2026-01-03 00:09:05.142322+03	\N	t	t
838	129	2026-04-15	available	9000.00	1	\N	308	2026-01-03 00:08:05.425935+03	2026-01-03 00:09:16.458666+03	\N	t	t
841	129	2026-04-18	available	12500.00	1	\N	308	2026-01-03 00:08:05.425935+03	2026-01-03 00:11:30.206523+03	\N	t	t
1300	128	2026-01-23	available	\N	1	Seeded availability	\N	2026-01-20 17:51:06.648103+03	2026-01-22 19:17:59.155006+03	10	t	t
1298	128	2026-01-21	available	\N	1	Seeded availability	\N	2026-01-20 17:51:06.553939+03	2026-01-21 02:27:04.649692+03	10	t	t
1299	128	2026-01-22	available	\N	1	Seeded availability	\N	2026-01-20 17:51:06.643434+03	2026-01-22 01:30:40.591309+03	10	t	t
2040	128	2026-01-31	available	\N	1	Seeded availability	\N	2026-01-28 10:27:02.299925+03	2026-01-31 00:38:32.420644+03	10	t	t
3121	128	2026-02-05	available	\N	1	Seeded availability	\N	2026-02-02 19:37:39.652391+03	2026-02-05 02:11:39.42283+03	10	t	t
2451	128	2026-02-01	available	\N	1	Seeded availability	\N	2026-01-29 13:51:39.510131+03	2026-01-31 17:48:57.936823+03	10	t	t
1900	128	2026-01-28	available	\N	1	Seeded availability	\N	2026-01-27 15:56:26.705241+03	2026-01-28 01:23:38.600545+03	10	t	t
3065	128	2026-02-04	available	\N	1	Seeded availability	\N	2026-02-01 16:52:57.456041+03	2026-02-03 18:00:22.038164+03	10	t	t
3182	128	2026-02-06	available	\N	1	Seeded availability	\N	2026-02-03 15:58:19.244015+03	2026-02-05 20:45:31.921072+03	10	t	t
1615	128	2026-01-24	available	\N	1	Seeded availability	\N	2026-01-21 13:45:45.431459+03	2026-01-24 00:53:28.673495+03	10	t	t
3191	128	2026-02-07	available	\N	1	Seeded availability	\N	2026-02-04 13:18:17.076208+03	2026-02-05 20:45:31.952692+03	10	t	t
1902	128	2026-01-30	available	\N	1	Seeded availability	\N	2026-01-27 15:56:26.84305+03	2026-01-29 23:10:22.467962+03	10	t	t
1147	128	2026-01-06	available	15000.00	1	Seeded availability	\N	2026-01-03 11:12:37.348844+03	2026-01-03 11:55:11.804698+03	10	t	t
1690	128	2026-01-25	available	\N	1	Seeded availability	\N	2026-01-22 03:30:40.879887+03	2026-01-24 13:23:32.532029+03	10	t	t
1807	128	2026-01-26	available	\N	1	Seeded availability	\N	2026-01-23 12:42:57.220093+03	2026-01-24 13:23:32.550341+03	10	t	t
1899	128	2026-01-27	available	15000.00	1	Seeded availability	\N	2026-01-24 13:23:32.551763+03	2026-01-24 13:23:32.551763+03	10	t	t
3506	128	2026-02-08	available	15000.00	1	Seeded availability	\N	2026-02-05 20:45:31.954033+03	2026-02-05 20:45:31.954033+03	10	t	t
2879	128	2026-02-02	available	\N	1	Seeded availability	\N	2026-01-30 16:38:28.011473+03	2026-02-02 02:42:24.759275+03	10	t	t
2539	128	2026-03-18	blocked	\N	\N	\N	310	2026-01-29 21:10:48.178757+03	2026-01-29 21:10:48.178757+03	\N	t	t
2540	128	2026-03-19	blocked	\N	\N	\N	310	2026-01-29 21:10:48.178757+03	2026-01-29 21:10:48.178757+03	\N	t	t
2541	128	2026-03-20	blocked	\N	\N	\N	310	2026-01-29 21:10:48.178757+03	2026-01-29 21:10:48.178757+03	\N	t	t
2542	128	2026-03-21	blocked	\N	\N	\N	310	2026-01-29 21:10:48.178757+03	2026-01-29 21:10:48.178757+03	\N	t	t
1901	128	2026-01-29	available	\N	1	Seeded availability	\N	2026-01-27 15:56:26.841658+03	2026-01-29 02:21:27.574551+03	10	t	t
2543	128	2026-03-22	blocked	\N	\N	\N	310	2026-01-29 21:10:48.178757+03	2026-01-29 21:10:48.178757+03	\N	t	t
2544	128	2026-03-23	blocked	\N	\N	\N	310	2026-01-29 21:10:48.178757+03	2026-01-29 21:10:48.178757+03	\N	t	t
3035	128	2026-02-03	available	\N	1	Seeded availability	\N	2026-01-31 12:44:19.17894+03	2026-02-02 21:09:02.567294+03	10	t	t
2545	128	2026-03-24	blocked	\N	\N	\N	310	2026-01-29 21:10:48.178757+03	2026-01-29 21:10:48.178757+03	\N	t	t
2546	128	2026-03-25	blocked	\N	\N	\N	310	2026-01-29 21:10:48.178757+03	2026-01-29 21:10:48.178757+03	\N	t	t
2547	128	2026-03-26	blocked	\N	\N	\N	310	2026-01-29 21:10:48.178757+03	2026-01-29 21:10:48.178757+03	\N	t	t
2548	128	2026-03-27	blocked	\N	\N	\N	310	2026-01-29 21:10:48.178757+03	2026-01-29 21:10:48.178757+03	\N	t	t
2549	128	2026-03-28	blocked	\N	\N	\N	310	2026-01-29 21:10:48.178757+03	2026-01-29 21:10:48.178757+03	\N	t	t
\.


--
